{"id":3449,"date":"2018-05-14T19:59:09","date_gmt":"2018-05-14T17:59:09","guid":{"rendered":"http:\/\/blogsaverroes.juntadeandalucia.es\/ceipjimena\/?page_id=3449"},"modified":"2019-04-17T11:47:09","modified_gmt":"2019-04-17T09:47:09","slug":"marcha-por-sierra-magina","status":"publish","type":"page","link":"https:\/\/blogsaverroes.juntadeandalucia.es\/ceipjimena\/?page_id=3449","title":{"rendered":"Marcha por Sierra M\u00e1gina"},"content":{"rendered":"<p>El d\u00eda 29 de marzo de 2019 hemos realizado una marcha de 17 Km. por algunos de los preciosos lugares de los que est\u00e1 rodeado nuestro pueblo: Jimena.<\/p>\n<p><a href=\"https:\/\/drive.google.com\/open?id=114x3xl_lqYMkwlgtsVi-Gdpx7k8-aEj9\" target=\"_blank\" rel=\"noopener\">Aqu\u00ed os dejamos unas fotos de esta actividad.<\/a><\/p>\n","protected":false},"excerpt":{"rendered":"<p>El d\u00eda 29 de marzo de 2019 hemos realizado una marcha de 17 Km. por algunos de los preciosos lugares de los que est\u00e1 rodeado&#46;&#46;&#46;<\/p>\n","protected":false},"author":3027,"featured_media":0,"parent":0,"menu_order":0,"comment_status":"closed","ping_status":"closed","template":"","meta":{"ngg_post_thumbnail":0,"footnotes":"","_mc_calendar":[]},"aioseo_notices":[],"_links":{"self":[{"href":"https:\/\/blogsaverroes.juntadeandalucia.es\/ceipjimena\/index.php?rest_route=\/wp\/v2\/pages\/3449"}],"collection":[{"href":"https:\/\/blogsaverroes.juntadeandalucia.es\/ceipjimena\/index.php?rest_route=\/wp\/v2\/pages"}],"about":[{"href":"https:\/\/blogsaverroes.juntadeandalucia.es\/ceipjimena\/index.php?rest_route=\/wp\/v2\/types\/page"}],"author":[{"embeddable":true,"href":"https:\/\/blogsaverroes.juntadeandalucia.es\/ceipjimena\/index.php?rest_route=\/wp\/v2\/users\/3027"}],"replies":[{"embeddable":true,"href":"https:\/\/blogsaverroes.juntadeandalucia.es\/ceipjimena\/index.php?rest_route=%2Fwp%2Fv2%2Fcomments&post=3449"}],"version-history":[{"count":5,"href":"https:\/\/blogsaverroes.juntadeandalucia.es\/ceipjimena\/index.php?rest_route=\/wp\/v2\/pages\/3449\/revisions"}],"predecessor-version":[{"id":3637,"href":"https:\/\/blogsaverroes.juntadeandalucia.es\/ceipjimena\/index.php?rest_route=\/wp\/v2\/pages\/3449\/revisions\/3637"}],"wp:attachment":[{"href":"https:\/\/blogsaverroes.juntadeandalucia.es\/ceipjimena\/index.php?rest_route=%2Fwp%2Fv2%2Fmedia&parent=3449"}],"curies":[{"name":"wp","href":"https:\/\/api.w.org\/{rel}","templated":true}]}}

Marcha por Sierra Mágina

<p>El día 29 de marzo de 2019 hemos realizado una marcha de 17 Km. por algunos de los preciosos lugares de los que está rodeado nuestro pueblo: Jimena.</p>
<p><a href="https://drive.google.com/open?id=114x3xl_lqYMkwlgtsVi-Gdpx7k8-aEj9" target="_blank" rel="noopener">Aquí os dejamos unas fotos de esta actividad.</a></p>

<p>El día 29 de marzo de 2019 hemos realizado una marcha de 17 Km. por algunos de los preciosos lugares de los que está rodeado&#46;&#46;&#46;</p>
