{"id":3456,"date":"2018-05-18T19:23:28","date_gmt":"2018-05-18T17:23:28","guid":{"rendered":"http:\/\/blogsaverroes.juntadeandalucia.es\/ceipjimena\/?page_id=3456"},"modified":"2018-05-18T19:23:28","modified_gmt":"2018-05-18T17:23:28","slug":"excursion-a-canava","status":"publish","type":"page","link":"https:\/\/blogsaverroes.juntadeandalucia.es\/ceipjimena\/?page_id=3456","title":{"rendered":"Excursi\u00f3n a C\u00e1nava"},"content":{"rendered":"<p>18 de mayo de 2018<\/p>\n<p>Nuestros compa\u00f1eros y compa\u00f1eras del primer y segundo ciclo de Educaci\u00f3n Primaria han realizado hoy una divertid\u00edsima excursi\u00f3n hasta el paraje natura de C\u00e1nava.<\/p>\n<p><a href=\"https:\/\/blogsaverroes.juntadeandalucia.es\/ceipjimena\/files\/2018\/05\/can18.mp4\" target=\"_blank\" rel=\"noopener\">Aqu\u00ed pod\u00e9is ver unas fotos y un v\u00eddeo.<\/a><\/p>\n","protected":false},"excerpt":{"rendered":"<p>18 de mayo de 2018 Nuestros compa\u00f1eros y compa\u00f1eras del primer y segundo ciclo de Educaci\u00f3n Primaria han realizado hoy una divertid\u00edsima excursi\u00f3n hasta el&#46;&#46;&#46;<\/p>\n","protected":false},"author":3027,"featured_media":0,"parent":0,"menu_order":0,"comment_status":"closed","ping_status":"closed","template":"","meta":{"ngg_post_thumbnail":0,"footnotes":"","_mc_calendar":[]},"aioseo_notices":[],"_links":{"self":[{"href":"https:\/\/blogsaverroes.juntadeandalucia.es\/ceipjimena\/index.php?rest_route=\/wp\/v2\/pages\/3456"}],"collection":[{"href":"https:\/\/blogsaverroes.juntadeandalucia.es\/ceipjimena\/index.php?rest_route=\/wp\/v2\/pages"}],"about":[{"href":"https:\/\/blogsaverroes.juntadeandalucia.es\/ceipjimena\/index.php?rest_route=\/wp\/v2\/types\/page"}],"author":[{"embeddable":true,"href":"https:\/\/blogsaverroes.juntadeandalucia.es\/ceipjimena\/index.php?rest_route=\/wp\/v2\/users\/3027"}],"replies":[{"embeddable":true,"href":"https:\/\/blogsaverroes.juntadeandalucia.es\/ceipjimena\/index.php?rest_route=%2Fwp%2Fv2%2Fcomments&post=3456"}],"version-history":[{"count":1,"href":"https:\/\/blogsaverroes.juntadeandalucia.es\/ceipjimena\/index.php?rest_route=\/wp\/v2\/pages\/3456\/revisions"}],"predecessor-version":[{"id":3457,"href":"https:\/\/blogsaverroes.juntadeandalucia.es\/ceipjimena\/index.php?rest_route=\/wp\/v2\/pages\/3456\/revisions\/3457"}],"wp:attachment":[{"href":"https:\/\/blogsaverroes.juntadeandalucia.es\/ceipjimena\/index.php?rest_route=%2Fwp%2Fv2%2Fmedia&parent=3456"}],"curies":[{"name":"wp","href":"https:\/\/api.w.org\/{rel}","templated":true}]}}

Excursión a Cánava

<p>18 de mayo de 2018</p>
<p>Nuestros compañeros y compañeras del primer y segundo ciclo de Educación Primaria han realizado hoy una divertidísima excursión hasta el paraje natura de Cánava.</p>
<p><a href="https://blogsaverroes.juntadeandalucia.es/ceipjimena/files/2018/05/can18.mp4" target="_blank" rel="noopener">Aquí podéis ver unas fotos y un vídeo.</a></p>

<p>18 de mayo de 2018 Nuestros compañeros y compañeras del primer y segundo ciclo de Educación Primaria han realizado hoy una divertidísima excursión hasta el&#46;&#46;&#46;</p>
