{"id":3460,"date":"2018-05-21T20:46:20","date_gmt":"2018-05-21T18:46:20","guid":{"rendered":"http:\/\/blogsaverroes.juntadeandalucia.es\/ceipjimena\/?page_id=3460"},"modified":"2018-05-21T20:46:20","modified_gmt":"2018-05-21T18:46:20","slug":"excursion-a-cazorla","status":"publish","type":"page","link":"https:\/\/blogsaverroes.juntadeandalucia.es\/ceipjimena\/?page_id=3460","title":{"rendered":"Excursi\u00f3n a Cazorla"},"content":{"rendered":"<p>21 de mayo de 2018<\/p>\n<p>El alumnado del tercer ciclo de Educaci\u00f3n Primaria y Primer ciclo de la ESO, acompa\u00f1ados por profesorado del Centro, ha realizado una instructiva excursi\u00f3n al pantano del Tranco y charco de La Pringue en el parque natural de Cazorla, Segura y Las Villas.<\/p>\n<p><a href=\"https:\/\/drive.google.com\/open?id=177rbJBHaTbBd0E61wLypMCp4XORDM2M-\" target=\"_blank\" rel=\"noopener\">Aqu\u00ed pod\u00e9is ver unas im\u00e1genes de la visita realizada.<\/a><\/p>\n","protected":false},"excerpt":{"rendered":"<p>21 de mayo de 2018 El alumnado del tercer ciclo de Educaci\u00f3n Primaria y Primer ciclo de la ESO, acompa\u00f1ados por profesorado del Centro, ha&#46;&#46;&#46;<\/p>\n","protected":false},"author":3027,"featured_media":0,"parent":0,"menu_order":0,"comment_status":"closed","ping_status":"closed","template":"","meta":{"ngg_post_thumbnail":0,"footnotes":"","_mc_calendar":[]},"aioseo_notices":[],"_links":{"self":[{"href":"https:\/\/blogsaverroes.juntadeandalucia.es\/ceipjimena\/index.php?rest_route=\/wp\/v2\/pages\/3460"}],"collection":[{"href":"https:\/\/blogsaverroes.juntadeandalucia.es\/ceipjimena\/index.php?rest_route=\/wp\/v2\/pages"}],"about":[{"href":"https:\/\/blogsaverroes.juntadeandalucia.es\/ceipjimena\/index.php?rest_route=\/wp\/v2\/types\/page"}],"author":[{"embeddable":true,"href":"https:\/\/blogsaverroes.juntadeandalucia.es\/ceipjimena\/index.php?rest_route=\/wp\/v2\/users\/3027"}],"replies":[{"embeddable":true,"href":"https:\/\/blogsaverroes.juntadeandalucia.es\/ceipjimena\/index.php?rest_route=%2Fwp%2Fv2%2Fcomments&post=3460"}],"version-history":[{"count":1,"href":"https:\/\/blogsaverroes.juntadeandalucia.es\/ceipjimena\/index.php?rest_route=\/wp\/v2\/pages\/3460\/revisions"}],"predecessor-version":[{"id":3461,"href":"https:\/\/blogsaverroes.juntadeandalucia.es\/ceipjimena\/index.php?rest_route=\/wp\/v2\/pages\/3460\/revisions\/3461"}],"wp:attachment":[{"href":"https:\/\/blogsaverroes.juntadeandalucia.es\/ceipjimena\/index.php?rest_route=%2Fwp%2Fv2%2Fmedia&parent=3460"}],"curies":[{"name":"wp","href":"https:\/\/api.w.org\/{rel}","templated":true}]}}

Excursión a Cazorla

<p>21 de mayo de 2018</p>
<p>El alumnado del tercer ciclo de Educación Primaria y Primer ciclo de la ESO, acompañados por profesorado del Centro, ha realizado una instructiva excursión al pantano del Tranco y charco de La Pringue en el parque natural de Cazorla, Segura y Las Villas.</p>
<p><a href="https://drive.google.com/open?id=177rbJBHaTbBd0E61wLypMCp4XORDM2M-" target="_blank" rel="noopener">Aquí podéis ver unas imágenes de la visita realizada.</a></p>

<p>21 de mayo de 2018 El alumnado del tercer ciclo de Educación Primaria y Primer ciclo de la ESO, acompañados por profesorado del Centro, ha&#46;&#46;&#46;</p>
