{"id":35,"date":"2015-03-13T08:21:43","date_gmt":"2015-03-13T08:21:43","guid":{"rendered":"http:\/\/blogsaverroes.juntadeandalucia.es\/pre\/ceip\/?page_id=35"},"modified":"2023-10-15T14:55:37","modified_gmt":"2023-10-15T13:55:37","slug":"el-centro-2","status":"publish","type":"page","link":"https:\/\/blogsaverroes.juntadeandalucia.es\/ceipjimena\/?page_id=35","title":{"rendered":"Datos del centro"},"content":{"rendered":"<p style=\"text-align: center\"><strong>Localizaci\u00f3n<\/strong><\/p>\n<p>&nbsp; &nbsp;<iframe src=\"https:\/\/www.google.com\/maps\/embed?pb=!1m18!1m12!1m3!1d1470.7639193055995!2d-3.480890232679749!3d37.84255435305547!2m3!1f0!2f0!3f0!3m2!1i1024!2i768!4f13.1!3m3!1m2!1s0xd6e614ab0a641c3%3A0xe8e1da339fee4bc5!2sColegio%20P%C3%BAblico%20Ntra.Sra.de%20los%20Remedios!5e1!3m2!1ses!2ses!4v1697353733774!5m2!1ses!2ses\" width=\"600\" height=\"450\"><\/iframe><\/p>\n<h4 style=\"text-align: center\"><strong>Datos de contacto<\/strong><\/h4>\n<p><strong>Direcci\u00f3n:<\/strong> &nbsp;Calle San Sebasti\u00e1n s\/n.<\/p>\n<p>23530 Jimena (Ja\u00e9n)<\/p>\n<p><strong>Tel\u00e9fonos: <\/strong>953 366800 \/ 953 365538 \/ 2808 00<\/p>\n<p><strong>Email:<\/strong>&nbsp;23002516.edu@juntadeandalucia.es<\/p>\n<p dir=\"ltr\">23002516@g.educaand.es<\/p>\n<h4><strong>Horarios:<\/strong><\/h4>\n<p><strong>INFANTIL Y PRIMARIA:<\/strong> De 9:00 h. a 14:00 h.<\/p>\n<p><strong>SECUNDARIA<\/strong>: De 7:45 h. a 14:15 h.<\/p>\n<p><strong>HORARIO DE TUTOR\u00cdAS:<\/strong> Lunes de 16:30 h. a 17:30 h.<\/p>\n<p style=\"text-align: center\"><strong>Oferta educativa<\/strong><\/p>\n<p>Educaci\u00f3n Infantil.<\/p>\n<p>Educaci\u00f3n Primaria.<\/p>\n<p>Educaci\u00f3n Secundaria: Primer ciclo<\/p>\n<p>&nbsp;<\/p>\n<p>&nbsp;<\/p>\n<p>&nbsp;<\/p>\n","protected":false},"excerpt":{"rendered":"<p>Localizaci\u00f3n &nbsp; &nbsp; Datos de contacto Direcci\u00f3n: &nbsp;Calle San Sebasti\u00e1n s\/n. 23530 Jimena (Ja\u00e9n) Tel\u00e9fonos: 953 366800 \/ 953 365538 \/ 2808 00 Email:&nbsp;23002516.edu@juntadeandalucia.es 23002516@g.educaand.es&#46;&#46;&#46;<\/p>\n","protected":false},"author":1,"featured_media":0,"parent":0,"menu_order":0,"comment_status":"closed","ping_status":"open","template":"","meta":{"ngg_post_thumbnail":0,"footnotes":"","_mc_calendar":[]},"aioseo_notices":[],"_links":{"self":[{"href":"https:\/\/blogsaverroes.juntadeandalucia.es\/ceipjimena\/index.php?rest_route=\/wp\/v2\/pages\/35"}],"collection":[{"href":"https:\/\/blogsaverroes.juntadeandalucia.es\/ceipjimena\/index.php?rest_route=\/wp\/v2\/pages"}],"about":[{"href":"https:\/\/blogsaverroes.juntadeandalucia.es\/ceipjimena\/index.php?rest_route=\/wp\/v2\/types\/page"}],"author":[{"embeddable":true,"href":"https:\/\/blogsaverroes.juntadeandalucia.es\/ceipjimena\/index.php?rest_route=\/wp\/v2\/users\/1"}],"replies":[{"embeddable":true,"href":"https:\/\/blogsaverroes.juntadeandalucia.es\/ceipjimena\/index.php?rest_route=%2Fwp%2Fv2%2Fcomments&post=35"}],"version-history":[{"count":28,"href":"https:\/\/blogsaverroes.juntadeandalucia.es\/ceipjimena\/index.php?rest_route=\/wp\/v2\/pages\/35\/revisions"}],"predecessor-version":[{"id":3809,"href":"https:\/\/blogsaverroes.juntadeandalucia.es\/ceipjimena\/index.php?rest_route=\/wp\/v2\/pages\/35\/revisions\/3809"}],"wp:attachment":[{"href":"https:\/\/blogsaverroes.juntadeandalucia.es\/ceipjimena\/index.php?rest_route=%2Fwp%2Fv2%2Fmedia&parent=35"}],"curies":[{"name":"wp","href":"https:\/\/api.w.org\/{rel}","templated":true}]}}

<p style="text-align: center"><strong>Localización</strong></p>
<p>&nbsp; &nbsp;<iframe src="https://www.google.com/maps/embed?pb=!1m18!1m12!1m3!1d1470.7639193055995!2d-3.480890232679749!3d37.84255435305547!2m3!1f0!2f0!3f0!3m2!1i1024!2i768!4f13.1!3m3!1m2!1s0xd6e614ab0a641c3%3A0xe8e1da339fee4bc5!2sColegio%20P%C3%BAblico%20Ntra.Sra.de%20los%20Remedios!5e1!3m2!1ses!2ses!4v1697353733774!5m2!1ses!2ses" width="600" height="450"></iframe></p>
<h4 style="text-align: center"><strong>Datos de contacto</strong></h4>
<p><strong>Dirección:</strong> &nbsp;Calle San Sebastián s/n.</p>
<p>23530 Jimena (Jaén)</p>
<p><strong>Teléfonos: </strong>953 366800 / 953 365538 / 2808 00</p>
<p><strong>Email:</strong>&nbsp;23002516.edu@juntadeandalucia.es</p>
<p dir="ltr">23002516@g.educaand.es</p>
<h4><strong>Horarios:</strong></h4>
<p><strong>INFANTIL Y PRIMARIA:</strong> De 9:00 h. a 14:00 h.</p>
<p><strong>SECUNDARIA</strong>: De 7:45 h. a 14:15 h.</p>
<p><strong>HORARIO DE TUTORÍAS:</strong> Lunes de 16:30 h. a 17:30 h.</p>
<p style="text-align: center"><strong>Oferta educativa</strong></p>
<p>Educación Infantil.</p>
<p>Educación Primaria.</p>
<p>Educación Secundaria: Primer ciclo</p>
<p>&nbsp;</p>
<p>&nbsp;</p>
<p>&nbsp;</p>

<p>Localización &nbsp; &nbsp; Datos de contacto Dirección: &nbsp;Calle San Sebastián s/n. 23530 Jimena (Jaén) Teléfonos: 953 366800 / 953 365538 / 2808 00 Email:&nbsp;23002516.edu@juntadeandalucia.es 23002516@g.educaand.es&#46;&#46;&#46;</p>
