{"id":3830,"date":"2023-10-15T15:37:17","date_gmt":"2023-10-15T14:37:17","guid":{"rendered":"https:\/\/blogsaverroes.juntadeandalucia.es\/ceipjimena\/?page_id=3830"},"modified":"2023-10-15T15:37:17","modified_gmt":"2023-10-15T14:37:17","slug":"instalaciones","status":"publish","type":"page","link":"https:\/\/blogsaverroes.juntadeandalucia.es\/ceipjimena\/?page_id=3830","title":{"rendered":"Instalaciones"},"content":{"rendered":"<p class=\"zfr3Q CDt4Ke \" dir=\"ltr\"><span class=\"C9DxTc \">El Centro consta de varios n\u00facleos:<\/span><\/p>\n<p class=\"zfr3Q CDt4Ke \" dir=\"ltr\"><span class=\"C9DxTc \">\u2013 Tres ubicados en la calle San Sebasti\u00e1n donde se ubica:<\/span><\/p>\n<ul class=\"n8H08c UVNKR \">\n<li class=\"zfr3Q TYR86d eD0Rn \">\n<p class=\"zfr3Q CDt4Ke \" dir=\"ltr\" role=\"presentation\"><span class=\"C9DxTc \">Educaci\u00f3n Infantil.<\/span><\/p>\n<\/li>\n<li class=\"zfr3Q TYR86d eD0Rn \">\n<p class=\"zfr3Q CDt4Ke \" dir=\"ltr\" role=\"presentation\"><span class=\"C9DxTc \">Educaci\u00f3n Primaria: Primer y Secundo Ciclo.<\/span><\/p>\n<\/li>\n<li class=\"zfr3Q TYR86d eD0Rn \">\n<p class=\"zfr3Q CDt4Ke \" dir=\"ltr\" role=\"presentation\"><span class=\"C9DxTc \">Direcci\u00f3n-Secretar\u00eda-Jefatura de Estudios<\/span><\/p>\n<\/li>\n<\/ul>\n<p class=\"zfr3Q CDt4Ke \" dir=\"ltr\"><span class=\"C9DxTc \">\u2013 Uno localizado en la carretera de Mancha Real-Cazorla donde se encuentra:<\/span><\/p>\n<ul class=\"n8H08c UVNKR \">\n<li class=\"zfr3Q TYR86d eD0Rn \">\n<p class=\"zfr3Q CDt4Ke \" dir=\"ltr\" role=\"presentation\"><span class=\"C9DxTc \">Tercer ciclo de Educaci\u00f3n Primaria.<\/span><\/p>\n<\/li>\n<li class=\"zfr3Q TYR86d eD0Rn \">\n<p class=\"zfr3Q CDt4Ke \" dir=\"ltr\" role=\"presentation\"><span class=\"C9DxTc \">Primer Ciclo de ESO.<\/span><\/p>\n<\/li>\n<\/ul>\n","protected":false},"excerpt":{"rendered":"<p>El Centro consta de varios n\u00facleos: \u2013 Tres ubicados en la calle San Sebasti\u00e1n donde se ubica: Educaci\u00f3n Infantil. Educaci\u00f3n Primaria: Primer y Secundo Ciclo.&#46;&#46;&#46;<\/p>\n","protected":false},"author":3027,"featured_media":0,"parent":0,"menu_order":0,"comment_status":"closed","ping_status":"closed","template":"","meta":{"ngg_post_thumbnail":0,"footnotes":"","_mc_calendar":[]},"aioseo_notices":[],"_links":{"self":[{"href":"https:\/\/blogsaverroes.juntadeandalucia.es\/ceipjimena\/index.php?rest_route=\/wp\/v2\/pages\/3830"}],"collection":[{"href":"https:\/\/blogsaverroes.juntadeandalucia.es\/ceipjimena\/index.php?rest_route=\/wp\/v2\/pages"}],"about":[{"href":"https:\/\/blogsaverroes.juntadeandalucia.es\/ceipjimena\/index.php?rest_route=\/wp\/v2\/types\/page"}],"author":[{"embeddable":true,"href":"https:\/\/blogsaverroes.juntadeandalucia.es\/ceipjimena\/index.php?rest_route=\/wp\/v2\/users\/3027"}],"replies":[{"embeddable":true,"href":"https:\/\/blogsaverroes.juntadeandalucia.es\/ceipjimena\/index.php?rest_route=%2Fwp%2Fv2%2Fcomments&post=3830"}],"version-history":[{"count":1,"href":"https:\/\/blogsaverroes.juntadeandalucia.es\/ceipjimena\/index.php?rest_route=\/wp\/v2\/pages\/3830\/revisions"}],"predecessor-version":[{"id":3831,"href":"https:\/\/blogsaverroes.juntadeandalucia.es\/ceipjimena\/index.php?rest_route=\/wp\/v2\/pages\/3830\/revisions\/3831"}],"wp:attachment":[{"href":"https:\/\/blogsaverroes.juntadeandalucia.es\/ceipjimena\/index.php?rest_route=%2Fwp%2Fv2%2Fmedia&parent=3830"}],"curies":[{"name":"wp","href":"https:\/\/api.w.org\/{rel}","templated":true}]}}

<p class="zfr3Q CDt4Ke " dir="ltr"><span class="C9DxTc ">El Centro consta de varios núcleos:</span></p>
<p class="zfr3Q CDt4Ke " dir="ltr"><span class="C9DxTc ">– Tres ubicados en la calle San Sebastián donde se ubica:</span></p>
<ul class="n8H08c UVNKR ">
<li class="zfr3Q TYR86d eD0Rn ">
<p class="zfr3Q CDt4Ke " dir="ltr" role="presentation"><span class="C9DxTc ">Educación Infantil.</span></p>
</li>
<li class="zfr3Q TYR86d eD0Rn ">
<p class="zfr3Q CDt4Ke " dir="ltr" role="presentation"><span class="C9DxTc ">Educación Primaria: Primer y Secundo Ciclo.</span></p>
</li>
<li class="zfr3Q TYR86d eD0Rn ">
<p class="zfr3Q CDt4Ke " dir="ltr" role="presentation"><span class="C9DxTc ">Dirección-Secretaría-Jefatura de Estudios</span></p>
</li>
</ul>
<p class="zfr3Q CDt4Ke " dir="ltr"><span class="C9DxTc ">– Uno localizado en la carretera de Mancha Real-Cazorla donde se encuentra:</span></p>
<ul class="n8H08c UVNKR ">
<li class="zfr3Q TYR86d eD0Rn ">
<p class="zfr3Q CDt4Ke " dir="ltr" role="presentation"><span class="C9DxTc ">Tercer ciclo de Educación Primaria.</span></p>
</li>
<li class="zfr3Q TYR86d eD0Rn ">
<p class="zfr3Q CDt4Ke " dir="ltr" role="presentation"><span class="C9DxTc ">Primer Ciclo de ESO.</span></p>
</li>
</ul>

<p>El Centro consta de varios núcleos: – Tres ubicados en la calle San Sebastián donde se ubica: Educación Infantil. Educación Primaria: Primer y Secundo Ciclo.&#46;&#46;&#46;</p>
