{"id":42,"date":"2015-03-13T08:40:47","date_gmt":"2015-03-13T08:40:47","guid":{"rendered":"http:\/\/blogsaverroes.juntadeandalucia.es\/pre\/ceip\/?page_id=42"},"modified":"2023-10-15T14:48:53","modified_gmt":"2023-10-15T13:48:53","slug":"equipo-directivo","status":"publish","type":"page","link":"https:\/\/blogsaverroes.juntadeandalucia.es\/ceipjimena\/?page_id=42","title":{"rendered":"Equipo directivo"},"content":{"rendered":"<p>&nbsp;<\/p>\n<p><a href=\"https:\/\/blogsaverroes.juntadeandalucia.es\/ceipjimena\/files\/2023\/10\/a06de6b0a3c8e8ad92e59ecbfed50c93-scaled.jpg\"><img fetchpriority=\"high\" decoding=\"async\" class=\" wp-image-3805 aligncenter\" src=\"https:\/\/blogsaverroes.juntadeandalucia.es\/ceipjimena\/files\/2023\/10\/a06de6b0a3c8e8ad92e59ecbfed50c93-300x169.jpg\" alt=\"\" width=\"466\" height=\"263\" srcset=\"https:\/\/blogsaverroes.juntadeandalucia.es\/ceipjimena\/files\/2023\/10\/a06de6b0a3c8e8ad92e59ecbfed50c93-300x169.jpg 300w, https:\/\/blogsaverroes.juntadeandalucia.es\/ceipjimena\/files\/2023\/10\/a06de6b0a3c8e8ad92e59ecbfed50c93-1024x576.jpg 1024w, https:\/\/blogsaverroes.juntadeandalucia.es\/ceipjimena\/files\/2023\/10\/a06de6b0a3c8e8ad92e59ecbfed50c93-768x432.jpg 768w, https:\/\/blogsaverroes.juntadeandalucia.es\/ceipjimena\/files\/2023\/10\/a06de6b0a3c8e8ad92e59ecbfed50c93-1536x864.jpg 1536w, https:\/\/blogsaverroes.juntadeandalucia.es\/ceipjimena\/files\/2023\/10\/a06de6b0a3c8e8ad92e59ecbfed50c93-2048x1152.jpg 2048w\" sizes=\"(max-width: 466px) 100vw, 466px\" \/><\/a><\/p>\n<p><strong>EQUIPO DIRECTIVO<\/strong><\/p>\n<ul>\n<li><strong>Direcci\u00f3n:<\/strong> Francisco Ballesteros \u00dabeda.<\/li>\n<li><strong>Jefatura de estudios:&nbsp;<\/strong>Antonia Garc\u00eda Herrera.<\/li>\n<li><strong>Secretar\u00eda:<\/strong> Jos\u00e9 Luis Garc\u00eda Mar\u00edn.<\/li>\n<\/ul>\n<p>&nbsp;<\/p>\n<p>&nbsp;<\/p>\n","protected":false},"excerpt":{"rendered":"<p>&nbsp; EQUIPO DIRECTIVO Direcci\u00f3n: Francisco Ballesteros \u00dabeda. Jefatura de estudios:&nbsp;Antonia Garc\u00eda Herrera. Secretar\u00eda: Jos\u00e9 Luis Garc\u00eda Mar\u00edn. &nbsp; &nbsp;<\/p>\n","protected":false},"author":1,"featured_media":0,"parent":0,"menu_order":1,"comment_status":"closed","ping_status":"open","template":"","meta":{"ngg_post_thumbnail":0,"footnotes":"","_mc_calendar":[]},"aioseo_notices":[],"_links":{"self":[{"href":"https:\/\/blogsaverroes.juntadeandalucia.es\/ceipjimena\/index.php?rest_route=\/wp\/v2\/pages\/42"}],"collection":[{"href":"https:\/\/blogsaverroes.juntadeandalucia.es\/ceipjimena\/index.php?rest_route=\/wp\/v2\/pages"}],"about":[{"href":"https:\/\/blogsaverroes.juntadeandalucia.es\/ceipjimena\/index.php?rest_route=\/wp\/v2\/types\/page"}],"author":[{"embeddable":true,"href":"https:\/\/blogsaverroes.juntadeandalucia.es\/ceipjimena\/index.php?rest_route=\/wp\/v2\/users\/1"}],"replies":[{"embeddable":true,"href":"https:\/\/blogsaverroes.juntadeandalucia.es\/ceipjimena\/index.php?rest_route=%2Fwp%2Fv2%2Fcomments&post=42"}],"version-history":[{"count":16,"href":"https:\/\/blogsaverroes.juntadeandalucia.es\/ceipjimena\/index.php?rest_route=\/wp\/v2\/pages\/42\/revisions"}],"predecessor-version":[{"id":3807,"href":"https:\/\/blogsaverroes.juntadeandalucia.es\/ceipjimena\/index.php?rest_route=\/wp\/v2\/pages\/42\/revisions\/3807"}],"wp:attachment":[{"href":"https:\/\/blogsaverroes.juntadeandalucia.es\/ceipjimena\/index.php?rest_route=%2Fwp%2Fv2%2Fmedia&parent=42"}],"curies":[{"name":"wp","href":"https:\/\/api.w.org\/{rel}","templated":true}]}}

<p>&nbsp;</p>
<p><a href="https://blogsaverroes.juntadeandalucia.es/ceipjimena/files/2023/10/a06de6b0a3c8e8ad92e59ecbfed50c93-scaled.jpg"><img fetchpriority="high" decoding="async" class=" wp-image-3805 aligncenter" src="https://blogsaverroes.juntadeandalucia.es/ceipjimena/files/2023/10/a06de6b0a3c8e8ad92e59ecbfed50c93-300x169.jpg" alt="" width="466" height="263" srcset="https://blogsaverroes.juntadeandalucia.es/ceipjimena/files/2023/10/a06de6b0a3c8e8ad92e59ecbfed50c93-300x169.jpg 300w, https://blogsaverroes.juntadeandalucia.es/ceipjimena/files/2023/10/a06de6b0a3c8e8ad92e59ecbfed50c93-1024x576.jpg 1024w, https://blogsaverroes.juntadeandalucia.es/ceipjimena/files/2023/10/a06de6b0a3c8e8ad92e59ecbfed50c93-768x432.jpg 768w, https://blogsaverroes.juntadeandalucia.es/ceipjimena/files/2023/10/a06de6b0a3c8e8ad92e59ecbfed50c93-1536x864.jpg 1536w, https://blogsaverroes.juntadeandalucia.es/ceipjimena/files/2023/10/a06de6b0a3c8e8ad92e59ecbfed50c93-2048x1152.jpg 2048w" sizes="(max-width: 466px) 100vw, 466px" /></a></p>
<p><strong>EQUIPO DIRECTIVO</strong></p>
<ul>
<li><strong>Dirección:</strong> Francisco Ballesteros Úbeda.</li>
<li><strong>Jefatura de estudios:&nbsp;</strong>Antonia García Herrera.</li>
<li><strong>Secretaría:</strong> José Luis García Marín.</li>
</ul>
<p>&nbsp;</p>
<p>&nbsp;</p>

<p>&nbsp; EQUIPO DIRECTIVO Dirección: Francisco Ballesteros Úbeda. Jefatura de estudios:&nbsp;Antonia García Herrera. Secretaría: José Luis García Marín. &nbsp; &nbsp;</p>
