{"id":42,"date":"2015-03-13T08:40:47","date_gmt":"2015-03-13T08:40:47","guid":{"rendered":"http:\/\/blogsaverroes.juntadeandalucia.es\/pre\/ceip\/?page_id=42"},"modified":"2020-03-03T17:15:40","modified_gmt":"2020-03-03T17:15:40","slug":"equipo-directivo","status":"publish","type":"page","link":"https:\/\/blogsaverroes.juntadeandalucia.es\/ceipjoaquinpeinado\/equipo-directivo\/","title":{"rendered":"Equipo directivo"},"content":{"rendered":"<p>&nbsp;<\/p>\n\n\t\t<style>\n\t\t\t#gallery-1 {\n\t\t\t\tmargin: auto;\n\t\t\t}\n\t\t\t#gallery-1 .gallery-item {\n\t\t\t\tfloat: left;\n\t\t\t\tmargin-top: 10px;\n\t\t\t\ttext-align: center;\n\t\t\t\twidth: 100%;\n\t\t\t}\n\t\t\t#gallery-1 img {\n\t\t\t\tborder: 2px solid #cfcfcf;\n\t\t\t}\n\t\t\t#gallery-1 .gallery-caption {\n\t\t\t\tmargin-left: 0;\n\t\t\t}\n\t\t\t\/* see gallery_shortcode() in wp-includes\/media.php *\/\n\t\t<\/style>\n\t\t<div id='gallery-1' class='gallery galleryid-42 gallery-columns-1 gallery-size-thumbnail'><dl class='gallery-item'>\n\t\t\t<dt class='gallery-icon portrait'>\n\t\t\t\t<a href='https:\/\/blogsaverroes.juntadeandalucia.es\/ceipjoaquinpeinado\/equipo-directivo\/img_36531043\/'><img loading=\"lazy\" decoding=\"async\" width=\"150\" height=\"150\" src=\"https:\/\/blogsaverroes.juntadeandalucia.es\/ceipjoaquinpeinado\/files\/2020\/01\/IMG_36531043-150x150.jpg\" class=\"attachment-thumbnail size-thumbnail\" alt=\"\" srcset=\"https:\/\/blogsaverroes.juntadeandalucia.es\/ceipjoaquinpeinado\/files\/2020\/01\/IMG_36531043-150x150.jpg 150w, https:\/\/blogsaverroes.juntadeandalucia.es\/ceipjoaquinpeinado\/files\/2020\/01\/IMG_36531043-100x100.jpg 100w\" sizes=\"(max-width: 150px) 100vw, 150px\" \/><\/a>\n\t\t\t<\/dt><\/dl><br style=\"clear: both\" \/>\n\t\t<\/div>\n\n<p style=\"text-align: justify\">Debido al n\u00famero de l\u00edneas existentes en el Centro Educativo, el Equipo Directivo recae en una \u00fanica persona, ejerciendo las funciones de Direcci\u00f3n, Jefatura de Estudios y Secretar\u00eda.<\/p>\n<p style=\"text-align: justify\"><strong>D. Alberto Pe\u00f1alver Ayora<\/strong> es el director del Centro y maestro de Ciencias de la Naturaleza del 2\u00ba Ciclo y Refuerzo Educativo. Es Licenciado en Filolog\u00eda Inglesa y Diplomado en Magisterio en la especialidad de lengua extranjera: ingl\u00e9s y Educaci\u00f3n Primaria por la Universidad de Granada. Adem\u00e1s es M\u00e1ster en Literatura y Ling\u00fc\u00edstica Inglesa por la Universidad de Granada y M\u00e1ster en Educaci\u00f3n Familiar y Acci\u00f3n Tutorial por la Universidad Internacional de Catalu\u00f1a. Actualmente contin\u00faa su formaci\u00f3n acad\u00e9mica con la elaboraci\u00f3n de su tesis doctoral en la Universidad de Murcia.<\/p>\n<p style=\"text-align: justify\">Su carrera profesional como docente se remonta al a\u00f1o 2006, la cual ha consistido principalmente en la ense\u00f1anza del ingl\u00e9s como lengua extranjera en Educaci\u00f3n Infantil, Educaci\u00f3n Primaria, Secundaria y Ense\u00f1anza Universitaria, donde imparti\u00f3 docencia como parte de sus pr\u00e1cticas en el programa de M\u00e1ster de Filolog\u00eda Inglesa. Durante estos a\u00f1os, ha compaginado sus funciones docentes con las de coordinaci\u00f3n de Ciclo y diferentes Planes y Proyectos Educativos, entre otros, Proyecto Biling\u00fce, Plan Igualdad y Responsable de Bibliotecas Escolares.<\/p>\n<p>&nbsp;<\/p>\n<p><iframe loading=\"lazy\" title=\"Enya - Caribbean Blue (Official 4K Music Video)\" width=\"500\" height=\"281\" src=\"https:\/\/www.youtube.com\/embed\/Jl8iYAo90pE?feature=oembed&#038;wmode=opaque\" frameborder=\"0\" allow=\"accelerometer; autoplay; clipboard-write; encrypted-media; gyroscope; picture-in-picture; web-share\" referrerpolicy=\"strict-origin-when-cross-origin\" allowfullscreen><\/iframe><\/p>\n","protected":false},"excerpt":{"rendered":"<p>&nbsp; Debido al n\u00famero de l\u00edneas existentes en el Centro Educativo, el Equipo Directivo recae en una \u00fanica persona, ejerciendo las funciones de Direcci\u00f3n, Jefatura de Estudios y Secretar\u00eda. D. Alberto Pe\u00f1alver Ayora es&#46;&#46;&#46;<\/p>\n","protected":false},"author":1,"featured_media":0,"parent":0,"menu_order":0,"comment_status":"closed","ping_status":"open","template":"","meta":{"ngg_post_thumbnail":0,"footnotes":"","_mc_calendar":[]},"aioseo_notices":[],"_links":{"self":[{"href":"https:\/\/blogsaverroes.juntadeandalucia.es\/ceipjoaquinpeinado\/wp-json\/wp\/v2\/pages\/42"}],"collection":[{"href":"https:\/\/blogsaverroes.juntadeandalucia.es\/ceipjoaquinpeinado\/wp-json\/wp\/v2\/pages"}],"about":[{"href":"https:\/\/blogsaverroes.juntadeandalucia.es\/ceipjoaquinpeinado\/wp-json\/wp\/v2\/types\/page"}],"author":[{"embeddable":true,"href":"https:\/\/blogsaverroes.juntadeandalucia.es\/ceipjoaquinpeinado\/wp-json\/wp\/v2\/users\/1"}],"replies":[{"embeddable":true,"href":"https:\/\/blogsaverroes.juntadeandalucia.es\/ceipjoaquinpeinado\/wp-json\/wp\/v2\/comments?post=42"}],"version-history":[{"count":10,"href":"https:\/\/blogsaverroes.juntadeandalucia.es\/ceipjoaquinpeinado\/wp-json\/wp\/v2\/pages\/42\/revisions"}],"predecessor-version":[{"id":2291,"href":"https:\/\/blogsaverroes.juntadeandalucia.es\/ceipjoaquinpeinado\/wp-json\/wp\/v2\/pages\/42\/revisions\/2291"}],"wp:attachment":[{"href":"https:\/\/blogsaverroes.juntadeandalucia.es\/ceipjoaquinpeinado\/wp-json\/wp\/v2\/media?parent=42"}],"curies":[{"name":"wp","href":"https:\/\/api.w.org\/{rel}","templated":true}]}}