{"id":35,"date":"2015-03-13T08:21:43","date_gmt":"2015-03-13T07:21:43","guid":{"rendered":"http:\/\/blogsaverroes.juntadeandalucia.es\/pre\/ceip\/?page_id=35"},"modified":"2025-10-08T12:10:14","modified_gmt":"2025-10-08T11:10:14","slug":"el-centro-2","status":"publish","type":"page","link":"https:\/\/blogsaverroes.juntadeandalucia.es\/ceipjoaquinvisiedo\/el-centro-2\/","title":{"rendered":"DATOS DEL CENTRO."},"content":{"rendered":"<h4><strong><a href=\"https:\/\/www.google.es\/maps\/place\/Calle+Antonio+Machado,+11,+04240+Viator,+Almer%C3%ADa\/@36.888256,-2.4296924,17z\/data=!3m1!4b1!4m2!3m1!1s0xd7a9facee55632d:0x2d2a88b8889a1d86\" target=\"_blank\" rel=\"noopener noreferrer\"><img loading=\"lazy\" decoding=\"async\" class=\"wp-image-2222 aligncenter\" src=\"http:\/\/blogsaverroes.juntadeandalucia.es\/ceipjoaquinvisiedo\/files\/2015\/03\/colegio-300x215.jpg\" alt=\"colegio\" width=\"339\" height=\"243\" srcset=\"https:\/\/blogsaverroes.juntadeandalucia.es\/ceipjoaquinvisiedo\/files\/2015\/03\/colegio-300x215.jpg 300w, https:\/\/blogsaverroes.juntadeandalucia.es\/ceipjoaquinvisiedo\/files\/2015\/03\/colegio-1024x735.jpg 1024w, https:\/\/blogsaverroes.juntadeandalucia.es\/ceipjoaquinvisiedo\/files\/2015\/03\/colegio-700x503.jpg 700w, https:\/\/blogsaverroes.juntadeandalucia.es\/ceipjoaquinvisiedo\/files\/2015\/03\/colegio.jpg 1426w\" sizes=\"(max-width: 339px) 100vw, 339px\" \/><\/a><\/strong><\/h4>\n<h4 style=\"text-align: left\">&nbsp;<\/h4>\n<h1 style=\"text-align: center\"><strong>&nbsp; &nbsp; &nbsp; &nbsp; C.E.I.P.&nbsp;&nbsp;Joaqu\u00edn Visiedo.&nbsp; &nbsp; &nbsp; &nbsp; &nbsp;&nbsp;<\/strong><\/h1>\n<p style=\"text-align: left\"><strong>EDIFICIO EDUCACI\u00d3N PRIMARIA.&nbsp; &nbsp; <\/strong><strong>Direcci\u00f3n:<\/strong> &nbsp;Calle Antonio Machado, 11. Viator &nbsp;04240.&nbsp; Almer\u00eda.&nbsp; &nbsp;Tel\u00e9fono: 950156912.<\/p>\n<p style=\"text-align: left\"><strong>EDIFICIO EDUCACI\u00d3N INFANTIL.&nbsp; Direcci\u00f3n: <\/strong>Calle Tierno Galv\u00e1n, S\/N. Viator &nbsp;04240. Almer\u00eda.&nbsp;<\/p>\n<p style=\"text-align: left\"><strong>Tel\u00e9fono Primaria: &nbsp;<\/strong>950 15 69 12.&nbsp; &nbsp; &nbsp; &nbsp; &nbsp; &nbsp; <strong>Tel\u00e9fono Infantil:&nbsp; &nbsp; <\/strong>950 15 34 32. &nbsp; &nbsp; &nbsp; &nbsp; &nbsp; &nbsp; &nbsp; &nbsp; &nbsp;<\/p>\n<p style=\"text-align: left\"><strong>FAX:<\/strong>&nbsp; &nbsp; 950 15 69 13.&nbsp; &nbsp; &nbsp; &nbsp;<br \/>\n<strong>Emails:<\/strong>&nbsp; 04004449.edu@juntadeandalucia.es, 04004449@g.educaand.es.<\/p>\n<h3 style=\"text-align: center\">&nbsp;&nbsp;<strong>Horarios<\/strong><\/h3>\n<ul style=\"text-align: left\">\n<li style=\"text-align: left\"><strong>Lectivo &nbsp;<\/strong><span style=\"text-decoration: underline\">Ma\u00f1anas :<\/span> de lunes a viernes de 9:00 h a 14:00 h.&nbsp;&nbsp;<\/li>\n<\/ul>\n<p style=\"text-align: left\">&nbsp; &nbsp; &nbsp; &nbsp; &nbsp; &nbsp; &nbsp; &nbsp; &nbsp; &nbsp; Tardes: lunes de 16:00 h a 19:30 h. Tutor\u00edas de 16:00 a 17:00 h.<\/p>\n<h3 style=\"text-align: center\"><strong>&nbsp; &nbsp; &nbsp; &nbsp; &nbsp; &nbsp; &nbsp; &nbsp; &nbsp; &nbsp; &nbsp; &nbsp; &nbsp; &nbsp; &nbsp; &nbsp; &nbsp; &nbsp; &nbsp; &nbsp; &nbsp;Servicios Ofertados&nbsp; &nbsp; &nbsp; &nbsp; &nbsp; &nbsp; &nbsp; &nbsp; &nbsp; &nbsp; &nbsp; &nbsp; &nbsp; &nbsp; &nbsp; &nbsp; &nbsp; &nbsp; &nbsp; &nbsp; &nbsp; &nbsp; &nbsp; &nbsp; &nbsp; &nbsp; &nbsp; &nbsp; &nbsp; &nbsp; &nbsp; &nbsp; &nbsp; &nbsp; &nbsp; &nbsp; &nbsp; &nbsp; &nbsp; &nbsp; &nbsp; &nbsp; &nbsp; &nbsp; &nbsp; &nbsp; &nbsp; &nbsp; &nbsp; &nbsp; &nbsp; &nbsp; &nbsp; &nbsp; &nbsp; &nbsp; &nbsp; &nbsp; &nbsp; &nbsp; &nbsp; &nbsp; &nbsp; &nbsp; &nbsp; &nbsp;&nbsp;<\/strong><\/h3>\n<ul style=\"text-align: left\">\n<li>&nbsp;<strong>Comedor :<\/strong> De lunes a viernes &nbsp;de 14:00&nbsp;h a 16:00 h<\/li>\n<li><strong>&nbsp;Aula matinal :<\/strong>&nbsp;De lunes a viernes &nbsp;de 7:30&nbsp;h a 9:00 h<\/li>\n<li>&nbsp;<strong>Actividades Extraescolares:<\/strong> Ver apartado de actividades extraescolares.<\/li>\n<\/ul>\n<h3 style=\"text-align: center\"><strong>Oferta educativa<\/strong><\/h3>\n<ol style=\"text-align: left\">\n<li><b>Segundo ciclo de Educaci\u00f3n Infantil<\/b><\/li>\n<li><b>Educaci\u00f3n Primaria<\/b><\/li>\n<li><b>Educaci\u00f3n B\u00e1sica Especial<\/b>\n<ul>\n<li><img decoding=\"async\" src=\"http:\/\/www.juntadeandalucia.es\/educacion\/vscripts\/centros\/datoscuract\/archivos\/bullet03.gif\" alt=\"\">&nbsp;Educaci\u00f3n especial apoyo a la integraci\u00f3n<\/li>\n<li><img decoding=\"async\" src=\"http:\/\/www.juntadeandalucia.es\/educacion\/vscripts\/centros\/datoscuract\/archivos\/bullet03.gif\" alt=\"\">&nbsp;Audici\u00f3n y lenguaje apoyo a la integraci\u00f3n<\/li>\n<li><img decoding=\"async\" src=\"http:\/\/www.juntadeandalucia.es\/educacion\/vscripts\/centros\/datoscuract\/archivos\/bullet03.gif\" alt=\"\">&nbsp;Educaci\u00f3n especial unidad espec\u00edfica<\/li>\n<\/ul>\n<\/li>\n<\/ol>\n<p style=\"text-align: left\">&nbsp;<\/p>\n<h4 style=\"text-align: left\">&nbsp;<\/h4>\n","protected":false},"excerpt":{"rendered":"<p>&nbsp; &nbsp; &nbsp; &nbsp; &nbsp; C.E.I.P.&nbsp;&nbsp;Joaqu\u00edn Visiedo.&nbsp; &nbsp; &nbsp; &nbsp; &nbsp;&nbsp; EDIFICIO EDUCACI\u00d3N PRIMARIA.&nbsp; &nbsp; Direcci\u00f3n: &nbsp;Calle Antonio Machado, 11. Viator &nbsp;04240.&nbsp; Almer\u00eda.&nbsp; &nbsp;Tel\u00e9fono: 950156912. EDIFICIO EDUCACI\u00d3N INFANTIL.&nbsp; Direcci\u00f3n: Calle Tierno Galv\u00e1n, S\/N. Viator&#46;&#46;&#46;<\/p>\n","protected":false},"author":1,"featured_media":0,"parent":0,"menu_order":0,"comment_status":"closed","ping_status":"closed","template":"","meta":{"ngg_post_thumbnail":0,"footnotes":"","_mc_calendar":[]},"aioseo_notices":[],"_links":{"self":[{"href":"https:\/\/blogsaverroes.juntadeandalucia.es\/ceipjoaquinvisiedo\/wp-json\/wp\/v2\/pages\/35"}],"collection":[{"href":"https:\/\/blogsaverroes.juntadeandalucia.es\/ceipjoaquinvisiedo\/wp-json\/wp\/v2\/pages"}],"about":[{"href":"https:\/\/blogsaverroes.juntadeandalucia.es\/ceipjoaquinvisiedo\/wp-json\/wp\/v2\/types\/page"}],"author":[{"embeddable":true,"href":"https:\/\/blogsaverroes.juntadeandalucia.es\/ceipjoaquinvisiedo\/wp-json\/wp\/v2\/users\/1"}],"replies":[{"embeddable":true,"href":"https:\/\/blogsaverroes.juntadeandalucia.es\/ceipjoaquinvisiedo\/wp-json\/wp\/v2\/comments?post=35"}],"version-history":[{"count":60,"href":"https:\/\/blogsaverroes.juntadeandalucia.es\/ceipjoaquinvisiedo\/wp-json\/wp\/v2\/pages\/35\/revisions"}],"predecessor-version":[{"id":3859,"href":"https:\/\/blogsaverroes.juntadeandalucia.es\/ceipjoaquinvisiedo\/wp-json\/wp\/v2\/pages\/35\/revisions\/3859"}],"wp:attachment":[{"href":"https:\/\/blogsaverroes.juntadeandalucia.es\/ceipjoaquinvisiedo\/wp-json\/wp\/v2\/media?parent=35"}],"curies":[{"name":"wp","href":"https:\/\/api.w.org\/{rel}","templated":true}]}}