{"id":82,"date":"2015-03-16T06:59:55","date_gmt":"2015-03-16T06:59:55","guid":{"rendered":"http:\/\/blogsaverroes.juntadeandalucia.es\/pre\/ceip\/?page_id=82"},"modified":"2023-02-09T12:04:29","modified_gmt":"2023-02-09T12:04:29","slug":"horarios","status":"publish","type":"page","link":"https:\/\/blogsaverroes.juntadeandalucia.es\/ceipjosebanus\/horarios\/","title":{"rendered":"Horarios"},"content":{"rendered":"<p><img loading=\"lazy\" decoding=\"async\" class=\"alignleft size-full wp-image-565\" src=\"https:\/\/blogsaverroes.juntadeandalucia.es\/ceipjosebanus\/files\/2015\/03\/colegio.png\" alt=\"\" width=\"1280\" height=\"656\" srcset=\"https:\/\/blogsaverroes.juntadeandalucia.es\/ceipjosebanus\/files\/2015\/03\/colegio.png 1280w, https:\/\/blogsaverroes.juntadeandalucia.es\/ceipjosebanus\/files\/2015\/03\/colegio-300x153.png 300w, https:\/\/blogsaverroes.juntadeandalucia.es\/ceipjosebanus\/files\/2015\/03\/colegio-1024x524.png 1024w\" sizes=\"(max-width: 1280px) 100vw, 1280px\" \/><\/p>\n<h1 style=\"text-align: center\">HORARIOS CEIP JOS\u00c9 BAN\u00daS<\/h1>\n<p>&nbsp;<\/p>\n<h2><strong><u>Adecuaci\u00f3n del horario lectivo: <\/u><\/strong><\/h2>\n<p><strong>&nbsp;<\/strong><strong>El horario lectivo del CEIP JOS\u00c9 BAN\u00daS ser\u00e1 el siguiente: <\/strong><\/p>\n<p><strong>Infantil y primaria <\/strong><\/p>\n<p><strong>09:00 a 10:00h: 1\u00ba sesi\u00f3n<\/strong><\/p>\n<p><strong>10:00 a 10:30: 2\u00ba sesi\u00f3n<\/strong><\/p>\n<p><strong>10:30 a 11:00: 3\u00ba sesi\u00f3n<\/strong><\/p>\n<p><strong>11.00 a 12:00: 4\u00ba sesi\u00f3n<\/strong><\/p>\n<p><strong>12:00 a 12:30 recreo<\/strong><\/p>\n<p><strong>12:30 a 13:00: 5\u00ba sesi\u00f3n<\/strong><\/p>\n<p><strong>13:00 a 14:00: 6\u00ba sesi\u00f3n<\/strong><\/p>\n<p>&nbsp;<\/p>\n<h2><strong><u>Adecuaci\u00f3n al horario individual: <\/u><\/strong><\/h2>\n<p><strong>&nbsp;<\/strong><strong>El horario individual del profesorado es el siguiente:<\/strong><\/p>\n<p><strong>08:50 a 9:00h: Recepci\u00f3n del alumnado (no regular) <\/strong><\/p>\n<p><strong>09:00 a 14:00h: Horario lectivo<\/strong><\/p>\n<p><strong>14.00 a 14:05h: Entrega del alumnado (no regular)<\/strong><\/p>\n<p><strong>Atenci\u00f3n a padres: 16:00 a 17:00 (exclusiva 1) Presencial&nbsp;<\/strong><\/p>\n<p><strong>Reuniones varias, etcp, ciclo, orientaci\u00f3n, equipos docentes, fijados seg\u00fan nuestro calendario de reuniones: 17:00 a 18:47h<\/strong><\/p>\n<p><strong>&nbsp;<\/strong><\/p>\n<p><strong>Como dictamina normativa, claustros y consejos escolares, fuera del horario no regular.<\/strong><\/p>\n<p><strong>&nbsp;<\/strong><strong>&nbsp;<\/strong><\/p>\n<h2><strong><u>Adecuaci\u00f3n del horario del centro: <\/u><\/strong><\/h2>\n<p><strong>&nbsp;<\/strong><strong>El horario del centro es el siguiente:<\/strong><\/p>\n<p><strong>07:30 a 09.00h: aula matinal<\/strong><\/p>\n<p><strong>09.00 a 14:00h: Clases lectivas <\/strong><\/p>\n<p><strong>14:00 a 16.00h: Comedor Escolar<\/strong><\/p>\n<p>&nbsp;<\/p>\n<p>&nbsp;<\/p>\n","protected":false},"excerpt":{"rendered":"<p>HORARIOS CEIP JOS\u00c9 BAN\u00daS &nbsp; Adecuaci\u00f3n del horario lectivo: &nbsp;El horario lectivo del CEIP JOS\u00c9 BAN\u00daS ser\u00e1 el siguiente: Infantil y primaria 09:00 a 10:00h: 1\u00ba sesi\u00f3n 10:00 a 10:30: 2\u00ba sesi\u00f3n 10:30 a&#46;&#46;&#46;<\/p>\n","protected":false},"author":1,"featured_media":0,"parent":0,"menu_order":0,"comment_status":"closed","ping_status":"open","template":"page-cs.php","meta":{"ngg_post_thumbnail":0,"footnotes":"","_mc_calendar":[]},"aioseo_notices":[],"_links":{"self":[{"href":"https:\/\/blogsaverroes.juntadeandalucia.es\/ceipjosebanus\/wp-json\/wp\/v2\/pages\/82"}],"collection":[{"href":"https:\/\/blogsaverroes.juntadeandalucia.es\/ceipjosebanus\/wp-json\/wp\/v2\/pages"}],"about":[{"href":"https:\/\/blogsaverroes.juntadeandalucia.es\/ceipjosebanus\/wp-json\/wp\/v2\/types\/page"}],"author":[{"embeddable":true,"href":"https:\/\/blogsaverroes.juntadeandalucia.es\/ceipjosebanus\/wp-json\/wp\/v2\/users\/1"}],"replies":[{"embeddable":true,"href":"https:\/\/blogsaverroes.juntadeandalucia.es\/ceipjosebanus\/wp-json\/wp\/v2\/comments?post=82"}],"version-history":[{"count":7,"href":"https:\/\/blogsaverroes.juntadeandalucia.es\/ceipjosebanus\/wp-json\/wp\/v2\/pages\/82\/revisions"}],"predecessor-version":[{"id":4653,"href":"https:\/\/blogsaverroes.juntadeandalucia.es\/ceipjosebanus\/wp-json\/wp\/v2\/pages\/82\/revisions\/4653"}],"wp:attachment":[{"href":"https:\/\/blogsaverroes.juntadeandalucia.es\/ceipjosebanus\/wp-json\/wp\/v2\/media?parent=82"}],"curies":[{"name":"wp","href":"https:\/\/api.w.org\/{rel}","templated":true}]}}