{"id":836,"date":"2020-12-18T08:37:22","date_gmt":"2020-12-18T07:37:22","guid":{"rendered":"https:\/\/blogsaverroes.juntadeandalucia.es\/pre\/plantilla-pencil\/?page_id=836"},"modified":"2023-01-12T10:06:22","modified_gmt":"2023-01-12T09:06:22","slug":"actividades-extraescolares","status":"publish","type":"page","link":"https:\/\/blogsaverroes.juntadeandalucia.es\/ceipjosefafrias\/actividades-extraescolares\/","title":{"rendered":"Actividades extraescolares"},"content":{"rendered":"<p style=\"font-weight: 400;text-align: center\"><strong>ACTIVIDADES COMPLEMENTARIAS\/EXTRAESCOLARES CURSO 22-23<\/strong><\/p>\n<p style=\"font-weight: 400\"><strong>Infantil: <\/strong><\/p>\n<ul>\n<li>Salidas por la localidad.<\/li>\n<li>Granja-escuela.<\/li>\n<li>La casa del t\u00edtere.<\/li>\n<li>La f\u00e1brica de chocolate<\/li>\n<li>Visita a Emasesa<\/li>\n<li>Salidas a teatros, museos y cine<\/li>\n<\/ul>\n<p style=\"font-weight: 400\"><strong>Primer ciclo:<\/strong><\/p>\n<ul>\n<li>Visita a lugares de inter\u00e9s de la localidad (Ayuntamiento, parque, v\u00eda verde,&nbsp;Cotidiana Vitae, Casa de la Cultura, biblioteca&#8230;)<\/li>\n<li>Visita al cole de personas expertas en alg\u00fan tema que estemos trabajando.<\/li>\n<li>Visita a Lipasan: Talleres de reciclaje<\/li>\n<li>Visita a Aljarafesa<\/li>\n<li>Visita granja-escuela.<\/li>\n<li>El Bosque suspendido<\/li>\n<li>Museo de Bellas Artes<\/li>\n<li>Casa del t\u00edtere<\/li>\n<li>Conciertos did\u00e1cticos<\/li>\n<li>Teatro en Sevilla<\/li>\n<li>Festival de cine europeo<\/li>\n<\/ul>\n<p style=\"font-weight: 400\"><strong>Segundo ciclo:<\/strong><\/p>\n<ul>\n<li>Visitas varias a Sevilla capital: Catedral, Museo de Bellas Artes,<\/li>\n<li>Acuario, Casa de las Ciencia, Reales Alc\u00e1zares, actividades con rutas teatralizadas, &#8230;<\/li>\n<\/ul>\n<ul>\n<li>Salidas a la localidad: Casa de la Cultura, Ayuntamiento, Parque de bomberos, Monasterio,<\/li>\n<\/ul>\n<ul>\n<li>It\u00e1lica, belenes, &#8230;<\/li>\n<li>Actividades Caixa Forum.<\/li>\n<li>Visitas relacionadas con el cuidado y concienciaci\u00f3n del medio ambiente:<\/li>\n<li>Rutas de senderismo, visita a pantanos, crucero por el&nbsp;Guadalquivir, parque de M\u00aa Luisa (pulm\u00f3n verde ciudad) &#8230;.<\/li>\n<li>Y animales: Castillo de las Guardas, Mundopark (Guillena), &#8230;<\/li>\n<\/ul>\n<ul>\n<li>Otras de inter\u00e9s que surjan.<\/li>\n<\/ul>\n<p style=\"font-weight: 400\"><strong>Tercer ciclo:<\/strong><\/p>\n<ul>\n<li>Visitas culturales por Sevilla (Sevilla m\u00edtica), Monasterio de la Cartuja y Centro de arte contempor\u00e1neo.<\/li>\n<li>Salidas relacionadas con el desarrollo sostenible (Emasesa, Lipasam, el Carambolo&#8230;),<\/li>\n<\/ul>\n<ul>\n<li>Visita a alguna industria o f\u00e1brica,<\/li>\n<li>Pabell\u00f3n de la Navegaci\u00f3n<\/li>\n<li>Talleres y exposiciones de la fundaci\u00f3n Tres culturas y Caixaforum<\/li>\n<li>Salidas a la. Naturaleza (Dehesa de Abajo&#8230;).<\/li>\n<\/ul>\n<p style=\"font-weight: 400\">Desde el <strong>aula de E.E<\/strong>., se valorar\u00e1 la posibilidad de participaci\u00f3n en las distintas actividades con el alumnado seg\u00fan su grupo de referencia para la integraci\u00f3n.<\/p>\n<p style=\"font-weight: 400\"><strong>En cuanto a la propuesta de actividades para las efem\u00e9rides del trimestre:<\/strong><\/p>\n<ul>\n<li style=\"font-weight: 400\">Halloween: disfraces, desayuno terror\u00edfico, relatos y cuadernillos donde se&nbsp;trabajen atenci\u00f3n, memoria, percepci\u00f3n visual, comprensi\u00f3n y expresi\u00f3n oral-escrita, decoraci\u00f3n de pasillos y puertas, gymkana de juegos.<\/li>\n<li style=\"font-weight: 400\">D\u00eda del Flamenco: se trabajar\u00e1n audiciones y vocabulario de este g\u00e9nero&nbsp;(orientaci\u00f3n); infantil ( decorar la entrada al pasillo de infantil y la clase.<\/li>\n<\/ul>\n<p style=\"font-weight: 400\">Cuento sobre el flamenco y realizar una medalla)<\/p>\n<p style=\"font-weight: 400\">Desde el \u00e1rea de m\u00fasica se contactar\u00e1 con el director de la escuela de&nbsp;m\u00fasica Juan Carlos y realizar\u00e1 esa semana un taller de flamenco para todo el&nbsp;alumnado del centro<\/p>\n<ul>\n<li style=\"font-weight: 400\">Constituci\u00f3n\/D\u00eda de la Discapacidad: el EO facilitar\u00e1 material (cortos)&nbsp;adaptados para cada ciclo; adem\u00e1s de trabajar fichas y cuentos donde se&nbsp;relacione la discapacidad y el Articulo 27 de la Constituci\u00f3n (referente al&nbsp;derecho a la Educaci\u00f3n).<\/li>\n<\/ul>\n<p style=\"font-weight: 400\">Tambi\u00e9n proponemos juegos desde el \u00c1rea de Educaci\u00f3n F\u00edsica, para sensibilizar al alumnado sobre la discapacidad f\u00edsica y sensorial.<\/p>\n<p style=\"font-weight: 400\">En infantil, se llevar\u00e1 una tarta o bizcocho para colocar las velas y celebrar aniversario.<\/p>\n<p style=\"font-weight: 400\">Power point, corto de \u201cCuerda\u201d. Canci\u00f3n de la&nbsp;Constituci\u00f3n, bandera y pintacara.<\/p>\n<p style=\"font-weight: 400\">El tercer ciclo propone realizar la letra de un rap y grabarlo en video.<\/p>\n<ul>\n<li style=\"font-weight: 400\">Navidad: desde el equipo de orientaci\u00f3n propone un desayuno navide\u00f1o&nbsp;(desde el aula de E.E. se propone la participaci\u00f3n de la familia), un villancico&nbsp;en Lengua de Signos y otros villancicos populares signados ( con&nbsp;pictogramas). En infantil desayuno navide\u00f1o a compartir (21 diciembre), grabar&nbsp;un villancico navide\u00f1o y mandarlo a las familias (21 diciembre). Tambi\u00e9n&nbsp;decorar pasillos. El resto de ciclos, propone churros con chocolate, certamen&nbsp;de villancicos, visita de belenes, tarjetas navide\u00f1as para la tercera edad, \u00e1rbol&nbsp;de los deseos ( ingl\u00e9s y franc\u00e9s), amigo invisible (maestros\/as) .<\/li>\n<\/ul>\n","protected":false},"excerpt":{"rendered":"<p>ACTIVIDADES COMPLEMENTARIAS\/EXTRAESCOLARES CURSO 22-23 Infantil: Salidas por la localidad. Granja-escuela. La casa del t\u00edtere. La f\u00e1brica de chocolate Visita a Emasesa Salidas a teatros, museos y cine Primer ciclo: Visita a lugares de inter\u00e9s de la localidad (Ayuntamiento, parque, v\u00eda verde,&nbsp;Cotidiana Vitae, Casa de la Cultura, biblioteca&#8230;) Visita al cole de personas expertas en alg\u00fan [&hellip;]<\/p>\n","protected":false},"author":7051,"featured_media":0,"parent":0,"menu_order":0,"comment_status":"closed","ping_status":"closed","template":"","meta":{"_et_pb_use_builder":"off","_et_pb_old_content":"","_et_gb_content_width":"","ngg_post_thumbnail":0,"footnotes":""},"aioseo_notices":[],"_links":{"self":[{"href":"https:\/\/blogsaverroes.juntadeandalucia.es\/ceipjosefafrias\/wp-json\/wp\/v2\/pages\/836"}],"collection":[{"href":"https:\/\/blogsaverroes.juntadeandalucia.es\/ceipjosefafrias\/wp-json\/wp\/v2\/pages"}],"about":[{"href":"https:\/\/blogsaverroes.juntadeandalucia.es\/ceipjosefafrias\/wp-json\/wp\/v2\/types\/page"}],"author":[{"embeddable":true,"href":"https:\/\/blogsaverroes.juntadeandalucia.es\/ceipjosefafrias\/wp-json\/wp\/v2\/users\/7051"}],"replies":[{"embeddable":true,"href":"https:\/\/blogsaverroes.juntadeandalucia.es\/ceipjosefafrias\/wp-json\/wp\/v2\/comments?post=836"}],"version-history":[{"count":5,"href":"https:\/\/blogsaverroes.juntadeandalucia.es\/ceipjosefafrias\/wp-json\/wp\/v2\/pages\/836\/revisions"}],"predecessor-version":[{"id":1201,"href":"https:\/\/blogsaverroes.juntadeandalucia.es\/ceipjosefafrias\/wp-json\/wp\/v2\/pages\/836\/revisions\/1201"}],"wp:attachment":[{"href":"https:\/\/blogsaverroes.juntadeandalucia.es\/ceipjosefafrias\/wp-json\/wp\/v2\/media?parent=836"}],"curies":[{"name":"wp","href":"https:\/\/api.w.org\/{rel}","templated":true}]}}

<p style="font-weight: 400;text-align: center"><strong>ACTIVIDADES COMPLEMENTARIAS/EXTRAESCOLARES CURSO 22-23</strong></p>
<p style="font-weight: 400"><strong>Infantil: </strong></p>
<ul>
<li>Salidas por la localidad.</li>
<li>Granja-escuela.</li>
<li>La casa del títere.</li>
<li>La fábrica de chocolate</li>
<li>Visita a Emasesa</li>
<li>Salidas a teatros, museos y cine</li>
</ul>
<p style="font-weight: 400"><strong>Primer ciclo:</strong></p>
<ul>
<li>Visita a lugares de interés de la localidad (Ayuntamiento, parque, vía verde,&nbsp;Cotidiana Vitae, Casa de la Cultura, biblioteca&#8230;)</li>
<li>Visita al cole de personas expertas en algún tema que estemos trabajando.</li>
<li>Visita a Lipasan: Talleres de reciclaje</li>
<li>Visita a Aljarafesa</li>
<li>Visita granja-escuela.</li>
<li>El Bosque suspendido</li>
<li>Museo de Bellas Artes</li>
<li>Casa del títere</li>
<li>Conciertos didácticos</li>
<li>Teatro en Sevilla</li>
<li>Festival de cine europeo</li>
</ul>
<p style="font-weight: 400"><strong>Segundo ciclo:</strong></p>
<ul>
<li>Visitas varias a Sevilla capital: Catedral, Museo de Bellas Artes,</li>
<li>Acuario, Casa de las Ciencia, Reales Alcázares, actividades con rutas teatralizadas, &#8230;</li>
</ul>
<ul>
<li>Salidas a la localidad: Casa de la Cultura, Ayuntamiento, Parque de bomberos, Monasterio,</li>
</ul>
<ul>
<li>Itálica, belenes, &#8230;</li>
<li>Actividades Caixa Forum.</li>
<li>Visitas relacionadas con el cuidado y concienciación del medio ambiente:</li>
<li>Rutas de senderismo, visita a pantanos, crucero por el&nbsp;Guadalquivir, parque de Mª Luisa (pulmón verde ciudad) &#8230;.</li>
<li>Y animales: Castillo de las Guardas, Mundopark (Guillena), &#8230;</li>
</ul>
<ul>
<li>Otras de interés que surjan.</li>
</ul>
<p style="font-weight: 400"><strong>Tercer ciclo:</strong></p>
<ul>
<li>Visitas culturales por Sevilla (Sevilla mítica), Monasterio de la Cartuja y Centro de arte contemporáneo.</li>
<li>Salidas relacionadas con el desarrollo sostenible (Emasesa, Lipasam, el Carambolo&#8230;),</li>
</ul>
<ul>
<li>Visita a alguna industria o fábrica,</li>
<li>Pabellón de la Navegación</li>
<li>Talleres y exposiciones de la fundación Tres culturas y Caixaforum</li>
<li>Salidas a la. Naturaleza (Dehesa de Abajo&#8230;).</li>
</ul>
<p style="font-weight: 400">Desde el <strong>aula de E.E</strong>., se valorará la posibilidad de participación en las distintas actividades con el alumnado según su grupo de referencia para la integración.</p>
<p style="font-weight: 400"><strong>En cuanto a la propuesta de actividades para las efemérides del trimestre:</strong></p>
<ul>
<li style="font-weight: 400">Halloween: disfraces, desayuno terrorífico, relatos y cuadernillos donde se&nbsp;trabajen atención, memoria, percepción visual, comprensión y expresión oral-escrita, decoración de pasillos y puertas, gymkana de juegos.</li>
<li style="font-weight: 400">Día del Flamenco: se trabajarán audiciones y vocabulario de este género&nbsp;(orientación); infantil ( decorar la entrada al pasillo de infantil y la clase.</li>
</ul>
<p style="font-weight: 400">Cuento sobre el flamenco y realizar una medalla)</p>
<p style="font-weight: 400">Desde el área de música se contactará con el director de la escuela de&nbsp;música Juan Carlos y realizará esa semana un taller de flamenco para todo el&nbsp;alumnado del centro</p>
<ul>
<li style="font-weight: 400">Constitución/Día de la Discapacidad: el EO facilitará material (cortos)&nbsp;adaptados para cada ciclo; además de trabajar fichas y cuentos donde se&nbsp;relacione la discapacidad y el Articulo 27 de la Constitución (referente al&nbsp;derecho a la Educación).</li>
</ul>
<p style="font-weight: 400">También proponemos juegos desde el Área de Educación Física, para sensibilizar al alumnado sobre la discapacidad física y sensorial.</p>
<p style="font-weight: 400">En infantil, se llevará una tarta o bizcocho para colocar las velas y celebrar aniversario.</p>
<p style="font-weight: 400">Power point, corto de “Cuerda”. Canción de la&nbsp;Constitución, bandera y pintacara.</p>
<p style="font-weight: 400">El tercer ciclo propone realizar la letra de un rap y grabarlo en video.</p>
<ul>
<li style="font-weight: 400">Navidad: desde el equipo de orientación propone un desayuno navideño&nbsp;(desde el aula de E.E. se propone la participación de la familia), un villancico&nbsp;en Lengua de Signos y otros villancicos populares signados ( con&nbsp;pictogramas). En infantil desayuno navideño a compartir (21 diciembre), grabar&nbsp;un villancico navideño y mandarlo a las familias (21 diciembre). También&nbsp;decorar pasillos. El resto de ciclos, propone churros con chocolate, certamen&nbsp;de villancicos, visita de belenes, tarjetas navideñas para la tercera edad, árbol&nbsp;de los deseos ( inglés y francés), amigo invisible (maestros/as) .</li>
</ul>

<p>ACTIVIDADES COMPLEMENTARIAS/EXTRAESCOLARES CURSO 22-23 Infantil: Salidas por la localidad. Granja-escuela. La casa del títere. La fábrica de chocolate Visita a Emasesa Salidas a teatros, museos y cine Primer ciclo: Visita a lugares de interés de la localidad (Ayuntamiento, parque, vía verde,&nbsp;Cotidiana Vitae, Casa de la Cultura, biblioteca&#8230;) Visita al cole de personas expertas en algún [&hellip;]</p>
