{"id":10540,"date":"2018-08-28T00:36:49","date_gmt":"2018-08-28T00:36:49","guid":{"rendered":"https:\/\/blogsaverroes.juntadeandalucia.es\/ceipjosefinaaldecoa\/?page_id=10540"},"modified":"2020-12-19T19:52:47","modified_gmt":"2020-12-19T19:52:47","slug":"calendario-escolar","status":"publish","type":"page","link":"https:\/\/blogsaverroes.juntadeandalucia.es\/ceipjosefinaaldecoa\/calendario-escolar\/","title":{"rendered":"Calendario Escolar 20\/21"},"content":{"rendered":"<p><span style=\"color: #000000\">EL CALENDARIO ESCOLAR DE M\u00c1LAGA HA SIDO MODIFICADO PARA EL CURSO 20\/21 Y SE HA CAMBIADO EL D\u00cdA 7 DE ENERO POR EL<\/span><strong><span style=\"color: #000000\"> 5 DE ABRIL de 2021<\/span><span style=\"color: #ff0000\"> ( rectificaci\u00f3n a\u00f1adida en Diciembre de 2020)<\/span><\/strong><\/p>\n<p><img loading=\"lazy\" decoding=\"async\" class=\"aligncenter size-large wp-image-14241\" src=\"https:\/\/blogsaverroes.juntadeandalucia.es\/ceipjosefinaaldecoa\/files\/2020\/12\/2calendario-20-21-731x1024.png\" alt=\"\" width=\"731\" height=\"1024\" srcset=\"https:\/\/blogsaverroes.juntadeandalucia.es\/ceipjosefinaaldecoa\/files\/2020\/12\/2calendario-20-21-731x1024.png 731w, https:\/\/blogsaverroes.juntadeandalucia.es\/ceipjosefinaaldecoa\/files\/2020\/12\/2calendario-20-21-214x300.png 214w, https:\/\/blogsaverroes.juntadeandalucia.es\/ceipjosefinaaldecoa\/files\/2020\/12\/2calendario-20-21-768x1075.png 768w, https:\/\/blogsaverroes.juntadeandalucia.es\/ceipjosefinaaldecoa\/files\/2020\/12\/2calendario-20-21-1097x1536.png 1097w, https:\/\/blogsaverroes.juntadeandalucia.es\/ceipjosefinaaldecoa\/files\/2020\/12\/2calendario-20-21-1463x2048.png 1463w, https:\/\/blogsaverroes.juntadeandalucia.es\/ceipjosefinaaldecoa\/files\/2020\/12\/2calendario-20-21-17x24.png 17w, https:\/\/blogsaverroes.juntadeandalucia.es\/ceipjosefinaaldecoa\/files\/2020\/12\/2calendario-20-21-26x36.png 26w, https:\/\/blogsaverroes.juntadeandalucia.es\/ceipjosefinaaldecoa\/files\/2020\/12\/2calendario-20-21-34x48.png 34w, https:\/\/blogsaverroes.juntadeandalucia.es\/ceipjosefinaaldecoa\/files\/2020\/12\/2calendario-20-21.png 1143w\" sizes=\"(max-width: 731px) 100vw, 731px\" \/><\/p>\n<p>&nbsp;<\/p>\n<p><strong>ANTERIOR CALENDARIO CURSO 20\/21:<\/strong><\/p>\n<p><img loading=\"lazy\" decoding=\"async\" class=\"aligncenter  wp-image-14077\" src=\"https:\/\/blogsaverroes.juntadeandalucia.es\/ceipjosefinaaldecoa\/files\/2020\/09\/calendario-20-21-731x1024.png\" alt=\"\" width=\"269\" height=\"377\" srcset=\"https:\/\/blogsaverroes.juntadeandalucia.es\/ceipjosefinaaldecoa\/files\/2020\/09\/calendario-20-21-731x1024.png 731w, https:\/\/blogsaverroes.juntadeandalucia.es\/ceipjosefinaaldecoa\/files\/2020\/09\/calendario-20-21-214x300.png 214w, https:\/\/blogsaverroes.juntadeandalucia.es\/ceipjosefinaaldecoa\/files\/2020\/09\/calendario-20-21-768x1075.png 768w, https:\/\/blogsaverroes.juntadeandalucia.es\/ceipjosefinaaldecoa\/files\/2020\/09\/calendario-20-21-1097x1536.png 1097w, https:\/\/blogsaverroes.juntadeandalucia.es\/ceipjosefinaaldecoa\/files\/2020\/09\/calendario-20-21-1463x2048.png 1463w, https:\/\/blogsaverroes.juntadeandalucia.es\/ceipjosefinaaldecoa\/files\/2020\/09\/calendario-20-21-17x24.png 17w, https:\/\/blogsaverroes.juntadeandalucia.es\/ceipjosefinaaldecoa\/files\/2020\/09\/calendario-20-21-26x36.png 26w, https:\/\/blogsaverroes.juntadeandalucia.es\/ceipjosefinaaldecoa\/files\/2020\/09\/calendario-20-21-34x48.png 34w, https:\/\/blogsaverroes.juntadeandalucia.es\/ceipjosefinaaldecoa\/files\/2020\/09\/calendario-20-21.png 1143w\" sizes=\"(max-width: 269px) 100vw, 269px\" \/><\/p>\n","protected":false},"excerpt":{"rendered":"<p>EL CALENDARIO ESCOLAR DE M\u00c1LAGA HA SIDO MODIFICADO PARA EL CURSO 20\/21 Y SE HA CAMBIADO EL D\u00cdA 7 DE ENERO POR EL 5 DE ABRIL de 2021 ( rectificaci\u00f3n a\u00f1adida en Diciembre de 2020) &nbsp; ANTERIOR CALENDARIO CURSO 20\/21:<\/p>\n","protected":false},"author":2825,"featured_media":0,"parent":0,"menu_order":0,"comment_status":"closed","ping_status":"closed","template":"","meta":{"ngg_post_thumbnail":0,"footnotes":"","_mc_calendar":[]},"aioseo_notices":[],"_links":{"self":[{"href":"https:\/\/blogsaverroes.juntadeandalucia.es\/ceipjosefinaaldecoa\/wp-json\/wp\/v2\/pages\/10540"}],"collection":[{"href":"https:\/\/blogsaverroes.juntadeandalucia.es\/ceipjosefinaaldecoa\/wp-json\/wp\/v2\/pages"}],"about":[{"href":"https:\/\/blogsaverroes.juntadeandalucia.es\/ceipjosefinaaldecoa\/wp-json\/wp\/v2\/types\/page"}],"author":[{"embeddable":true,"href":"https:\/\/blogsaverroes.juntadeandalucia.es\/ceipjosefinaaldecoa\/wp-json\/wp\/v2\/users\/2825"}],"replies":[{"embeddable":true,"href":"https:\/\/blogsaverroes.juntadeandalucia.es\/ceipjosefinaaldecoa\/wp-json\/wp\/v2\/comments?post=10540"}],"version-history":[{"count":6,"href":"https:\/\/blogsaverroes.juntadeandalucia.es\/ceipjosefinaaldecoa\/wp-json\/wp\/v2\/pages\/10540\/revisions"}],"predecessor-version":[{"id":14242,"href":"https:\/\/blogsaverroes.juntadeandalucia.es\/ceipjosefinaaldecoa\/wp-json\/wp\/v2\/pages\/10540\/revisions\/14242"}],"wp:attachment":[{"href":"https:\/\/blogsaverroes.juntadeandalucia.es\/ceipjosefinaaldecoa\/wp-json\/wp\/v2\/media?parent=10540"}],"curies":[{"name":"wp","href":"https:\/\/api.w.org\/{rel}","templated":true}]}}