{"id":11798,"date":"2018-09-02T00:02:55","date_gmt":"2018-09-02T00:02:55","guid":{"rendered":"https:\/\/blogsaverroes.juntadeandalucia.es\/ceipjosefinaaldecoa\/?page_id=11798"},"modified":"2021-10-26T01:44:28","modified_gmt":"2021-10-26T01:44:28","slug":"proyecto-leeduca","status":"publish","type":"page","link":"https:\/\/blogsaverroes.juntadeandalucia.es\/ceipjosefinaaldecoa\/proyecto-leeduca\/","title":{"rendered":"Proyecto LEEDUCA"},"content":{"rendered":"<p style=\"text-align: center\"><img decoding=\"async\" src=\"https:\/\/www.nebrija.com\/medios\/actualidadnebrija\/wp-content\/uploads\/sites\/2\/2018\/09\/Proyecto_LEEDUCA.jpg\"><\/p>\n<p style=\"text-align: right\"><strong>Coordinadora: Lorena G\u00e1mez Co\u00edn<\/strong><\/p>\n<p style=\"text-align: center\"><span style=\"font-size: 18pt\"><strong><span style=\"color: #008000\">LEEDUCA<\/span><\/strong><\/span><br \/>\n<span style=\"font-size: 14pt;color: #000000\"> (<a href=\"http:\/\/www.leeduca.uma.es\" target=\"_blank\" rel=\"noopener noreferrer\">http:\/\/www.leeduca.uma.es<\/a>)<\/span><\/p>\n<p><span style=\"font-size: 18pt\"><strong>\u00cdNDICE<\/strong><\/span><\/p>\n<p><span style=\"font-size: 18pt\">1.- Introducci\u00f3n<\/span><\/p>\n<p><span style=\"font-size: 18pt\">2.- Objetivos del programa<\/span><\/p>\n<p><span style=\"font-size: 18pt\">3.- \u00c1mbitos y l\u00edneas de actuaci\u00f3n<\/span><\/p>\n<p>&nbsp;<\/p>\n<p><span style=\"font-size: 18pt\"><strong><u>1.- Introducci\u00f3n <\/u><\/strong><\/span><\/p>\n<p style=\"text-align: justify\"><span style=\"font-size: 14pt;color: #000000\">El proyecto LEEDUCA es trabajo coral realizado entre la Universidad de M\u00e1laga y el&nbsp;<\/span><span style=\"font-size: 14pt;color: #000000\">colectivo de Maestros y Maestras de Audici\u00f3n y Lenguaje&nbsp;<\/span><span style=\"font-size: 14pt;color: #000000\">de los EOE de M\u00e1laga&nbsp; y profesorado de AL, infantil y primaria de colegios de toda la provincia de M\u00e1laga, que lleva 6 a\u00f1os trabajando en centros educativos de nuestra provincia con la intenci\u00f3n de unir definitivamente teor\u00eda y pr\u00e1ctica, por un lado; y persiguiendo la idea de implantar modelos eficaces de prevenci\u00f3n, detecci\u00f3n y tratamiento en trastornos lectores basados en la evidencia cient\u00edfica, por otro.<\/span><\/p>\n<p style=\"text-align: justify\"><span style=\"font-size: 14pt;color: #000000\">El alumnado que, pese a haber recibido una instrucci\u00f3n lectora basada en evidencias cient\u00edficas y&nbsp;<\/span><span style=\"font-size: 14pt;color: #000000\">aun as\u00ed muestre indicadores de presentar dificultades de aprendizaje, necesita que se realice una&nbsp;<\/span><span style=\"font-size: 14pt;color: #000000\">intervenci\u00f3n temprana con ellos.<\/span><\/p>\n<p style=\"text-align: justify\"><span style=\"font-size: 14pt;color: #000000\"><strong>JUSTIFICACI\u00d3N<\/strong><\/span><br \/>\n<span style=\"font-size: 14pt;color: #000000\"> La lectura es el principal aprendizaje instrumental que se realiza durante la etapa&nbsp;escolar. Es la herramienta principal de adquisici\u00f3n de conocimientos durante todo el ciclo&nbsp;vital y condiciona de forma directa el \u00e9xito o el fracaso escolar de cada individuo. Adem\u00e1s,&nbsp;la lectura facilita el ajuste personal y la adaptaci\u00f3n de los individuos al sistema escolar y,&nbsp;de esta forma, su inclusi\u00f3n social.<\/span><br \/>\n<span style=\"font-size: 14pt;color: #000000\"> En conclusi\u00f3n, desde el punto de vista de los aprendizajes instrumentales, el principal&nbsp;objetivo de la escuela es ense\u00f1ar a leer, comprender y aprender a partir de textos.<\/span><br \/>\n<span style=\"font-size: 14pt;color: #000000\"> El objetivo del proyecto LEEDUCA es desarrollar un programa permanente de&nbsp;investigaci\u00f3n cient\u00edfica sobre el aprendizaje de la lectura y de transferencia de resultados&nbsp;a la sociedad.<\/span><\/p>\n<p style=\"text-align: justify\"><span style=\"font-size: 18pt\"><strong><span style=\"color: #000000\">Objetivos de la intervenci\u00f3n:<\/span><\/strong><\/span><br \/>\n<span style=\"font-size: 14pt;color: #000000\">Por tanto, el trabajo de nuestro colegio con el Proyecto LEEDUCA de la Universidad de&nbsp;<\/span><span style=\"font-size: 14pt;color: #000000\">M\u00e1laga tiene tres objetivos fundamentales basados en el modelo RTI que queremos implantar en&nbsp;<\/span><span style=\"font-size: 14pt;color: #000000\">nuestra provincia, que ninguna alumna ni alumno se quede atr\u00e1s:<\/span><\/p>\n<p style=\"text-align: justify\"><span style=\"font-size: 14pt;color: #000000\">&#8211; Establecer un programa preventivo de dificultades lectoras a trav\u00e9s de un trabajo de&nbsp;<\/span><span style=\"font-size: 14pt;color: #000000\">estimulaci\u00f3n del lenguaje oral, basado en evidencias cient\u00edficas, llevado a cabo por las&nbsp;<\/span><span style=\"font-size: 14pt;color: #000000\">tutoras de Educ. Infantil de 3 a 5 a\u00f1os. En \u00e9l se abordar\u00e1 de manera expl\u00edcita y&nbsp;<\/span><span style=\"font-size: 14pt;color: #000000\">sistem\u00e1tica los llamados \u201ccinco grandes\u201d en la ense\u00f1anza de la lectura y, a su vez, en la&nbsp;<\/span><span style=\"font-size: 14pt;color: #000000\">prevenci\u00f3n de alteraciones lectoras: conciencia fon\u00e9mica, principio alfab\u00e9tico,&nbsp;<\/span><span style=\"font-size: 14pt;color: #000000\">vocabulario, comprensi\u00f3n y fluidez. El programa preventivo de LEEDUCA (MACOFON y&nbsp;<\/span><span style=\"font-size: 14pt;color: #000000\">PALABREANDO), entendido como programa universal dirigido a toda la clase, ha sido&nbsp;<\/span><span style=\"color: #000000\"><span style=\"font-size: 14pt\">validado por la AGAEVE en noviembre de 2015.&nbsp;<\/span><span style=\"font-size: 14pt\">En el curso 2019\/2020 se ampli\u00f3 la Plataforma LEEDUCA con el programa&nbsp;PRELEO&nbsp;para la estimulaci\u00f3n del lenguaje oral en la etapa infantil, recogiendo todo el material anteriormente mencionado. En el a\u00f1o acad\u00e9mico 2020\/2021 se a\u00f1adi\u00f3 la PALETA, un material para trabajar con el alumnado de PT y AL.<\/span><\/span><\/p>\n<p style=\"text-align: justify\"><span style=\"font-size: 14pt\">&#8211; Con respecto a la evaluaci\u00f3n LEEDUCA de este curso, dadas las circunstancias provocadas por la pandemia del COVID, la evaluaci\u00f3n ser\u00e1 en grupo burbuja, de manera que no tendr\u00e1n que salir el alumnado del aula. La aplicaci\u00f3n ser\u00e1 colectiva mediante dispositivos electr\u00f3nicos, tanto la lectura como otros aspectos com\u00f3rbidos. Se aplicar\u00e1 al alumnado de 5\u00ba y 6\u00ba para baremar una prueba de eficacia lectora.<\/span><\/p>\n<p style=\"text-align: justify\"><span style=\"font-size: 14pt;color: #000000\">&#8211; Realizar una intervenci\u00f3n temprana con el alumnado detectado a trav\u00e9s de una&nbsp;<\/span><span style=\"font-size: 14pt;color: #000000\">plataforma de internet donde se prever\u00e1n una serie de actividades online encaminadas a&nbsp;<\/span><span style=\"font-size: 14pt;color: #000000\">intensificar el tratamiento antes de que los trastornos lectores se agraven o se hagan&nbsp;<\/span><span style=\"font-size: 14pt;color: #000000\">evidentes.<\/span><\/p>\n<p><span style=\"font-size: 18pt\"><strong>3<em>&#8211;<\/em><u>\u00c1mbitos y l\u00edneas de actuaci\u00f3n<\/u><\/strong><\/span><\/p>\n<p style=\"text-align: justify\"><span style=\"font-size: 14pt;color: #000000\">Para una correcta implementaci\u00f3n de este modelo RTI que propone el Proyecto LEEDUCA, se&nbsp;<\/span><span style=\"font-size: 14pt;color: #000000\">requiere (Jim\u00e9nez,2011):<\/span><\/p>\n<p style=\"text-align: justify\"><span style=\"font-size: 14pt;color: #000000\">&#8211; La totalidad de la intervenci\u00f3n ha de estar basada en la investigaci\u00f3n y la evidencia&nbsp;<\/span><span style=\"font-size: 14pt;color: #000000\">cient\u00edfica. Por tanto, el programa preventivo que aborda los cinco grandes aspectos&nbsp;<\/span><span style=\"font-size: 14pt;color: #000000\">mencionados en el punto anterior, debe de ser proporcionado de manera expl\u00edcita y&nbsp;<\/span><span style=\"font-size: 14pt;color: #000000\">sistem\u00e1tica a la totalidad del alumnado de cada aula, controlando su aplicaci\u00f3n, de forma&nbsp;<\/span><span style=\"font-size: 14pt;color: #000000\">progresiva. De este modo, si los ni\u00f1os muestran resistencia a dicha intervenci\u00f3n, es posible&nbsp;<\/span><span style=\"font-size: 14pt;color: #000000\">asegurar que sus dificultades no se derivan de una instrucci\u00f3n inadecuada (Jim\u00e9nez et al.,&nbsp;<\/span><span style=\"font-size: 14pt;color: #000000\">2011). Se basa en una intervenci\u00f3n instruccional, preventiva y proactiva, destinada a la&nbsp;<\/span><span style=\"font-size: 14pt;color: #000000\">totalidad de los estudiantes.<\/span><\/p>\n<p style=\"text-align: justify\"><span style=\"font-size: 14pt;color: #000000\">&#8211; Todas las ni\u00f1as y ni\u00f1os han de ser evaluados tempranamente, tratando de distinguir a un&nbsp;<\/span><span style=\"font-size: 14pt;color: #000000\">grupo de riesgo, es decir, a aquellos que puedan tener mayores dificultades que su grupo de&nbsp;<\/span><span style=\"font-size: 14pt;color: #000000\">referencia.<\/span><\/p>\n<p style=\"text-align: justify\"><span style=\"font-size: 14pt;color: #000000\">&#8211; Comenzar una intensificaci\u00f3n del tratamiento con el alumnado que ha resultado identificado&nbsp;<\/span><span style=\"font-size: 14pt;color: #000000\">como riesgo de padecer Dificultades de Aprendizaje. Recoge una intervenci\u00f3n diaria (10-20&nbsp;<\/span><span style=\"font-size: 14pt;color: #000000\">minutos) en peque\u00f1os grupos destinada a los estudiantes se\u00f1alados como que est\u00e1n en&nbsp;<\/span><span style=\"font-size: 14pt;color: #000000\">riesgo. Este nivel es el m\u00e1s estudiado emp\u00edricamente, y ha demostrado poseer gran eficacia&nbsp;<\/span><span style=\"font-size: 14pt;color: #000000\">y generar una respuesta r\u00e1pida a la intervenci\u00f3n (Jim\u00e9nez, 2011) e incluye actividades de&nbsp;<\/span><span style=\"font-size: 14pt;color: #000000\">instrucci\u00f3n seleccionados los estudiantes que no han alcanzado al nivel esperado durante su&nbsp;<\/span><span style=\"font-size: 14pt;color: #000000\">participaci\u00f3n en el programa preventivo.<\/span><\/p>\n<p style=\"text-align: right\"><span style=\"color: #000000\"><strong>Coordinadora: Lorena G\u00e1mez Co\u00edn<\/strong><\/span><\/p>\n<p style=\"text-align: center\"><img decoding=\"async\" src=\"http:\/\/colegiovicentealeixandremarbella.com\/imagenes\/leeduca\/leeduca.jpg\" alt=\"Resultado de imagen de leeduca\"><\/p>\n","protected":false},"excerpt":{"rendered":"<p>Coordinadora: Lorena G\u00e1mez Co\u00edn LEEDUCA (http:\/\/www.leeduca.uma.es) \u00cdNDICE 1.- Introducci\u00f3n 2.- Objetivos del programa 3.- \u00c1mbitos y l\u00edneas de actuaci\u00f3n &nbsp; 1.- Introducci\u00f3n El proyecto LEEDUCA es trabajo coral realizado entre la Universidad de M\u00e1laga y el&nbsp;colectivo de Maestros y Maestras de Audici\u00f3n&#46;&#46;&#46;<\/p>\n","protected":false},"author":2825,"featured_media":0,"parent":0,"menu_order":0,"comment_status":"closed","ping_status":"closed","template":"","meta":{"ngg_post_thumbnail":0,"footnotes":"","_mc_calendar":[]},"aioseo_notices":[],"_links":{"self":[{"href":"https:\/\/blogsaverroes.juntadeandalucia.es\/ceipjosefinaaldecoa\/wp-json\/wp\/v2\/pages\/11798"}],"collection":[{"href":"https:\/\/blogsaverroes.juntadeandalucia.es\/ceipjosefinaaldecoa\/wp-json\/wp\/v2\/pages"}],"about":[{"href":"https:\/\/blogsaverroes.juntadeandalucia.es\/ceipjosefinaaldecoa\/wp-json\/wp\/v2\/types\/page"}],"author":[{"embeddable":true,"href":"https:\/\/blogsaverroes.juntadeandalucia.es\/ceipjosefinaaldecoa\/wp-json\/wp\/v2\/users\/2825"}],"replies":[{"embeddable":true,"href":"https:\/\/blogsaverroes.juntadeandalucia.es\/ceipjosefinaaldecoa\/wp-json\/wp\/v2\/comments?post=11798"}],"version-history":[{"count":7,"href":"https:\/\/blogsaverroes.juntadeandalucia.es\/ceipjosefinaaldecoa\/wp-json\/wp\/v2\/pages\/11798\/revisions"}],"predecessor-version":[{"id":14836,"href":"https:\/\/blogsaverroes.juntadeandalucia.es\/ceipjosefinaaldecoa\/wp-json\/wp\/v2\/pages\/11798\/revisions\/14836"}],"wp:attachment":[{"href":"https:\/\/blogsaverroes.juntadeandalucia.es\/ceipjosefinaaldecoa\/wp-json\/wp\/v2\/media?parent=11798"}],"curies":[{"name":"wp","href":"https:\/\/api.w.org\/{rel}","templated":true}]}}

<p style="text-align: center"><img decoding="async" src="https://www.nebrija.com/medios/actualidadnebrija/wp-content/uploads/sites/2/2018/09/Proyecto_LEEDUCA.jpg"></p>
<p style="text-align: right"><strong>Coordinadora: Lorena Gámez Coín</strong></p>
<p style="text-align: center"><span style="font-size: 18pt"><strong><span style="color: #008000">LEEDUCA</span></strong></span><br />
<span style="font-size: 14pt;color: #000000"> (<a href="http://www.leeduca.uma.es" target="_blank" rel="noopener noreferrer">http://www.leeduca.uma.es</a>)</span></p>
<p><span style="font-size: 18pt"><strong>ÍNDICE</strong></span></p>
<p><span style="font-size: 18pt">1.- Introducción</span></p>
<p><span style="font-size: 18pt">2.- Objetivos del programa</span></p>
<p><span style="font-size: 18pt">3.- Ámbitos y líneas de actuación</span></p>
<p>&nbsp;</p>
<p><span style="font-size: 18pt"><strong><u>1.- Introducción </u></strong></span></p>
<p style="text-align: justify"><span style="font-size: 14pt;color: #000000">El proyecto LEEDUCA es trabajo coral realizado entre la Universidad de Málaga y el&nbsp;</span><span style="font-size: 14pt;color: #000000">colectivo de Maestros y Maestras de Audición y Lenguaje&nbsp;</span><span style="font-size: 14pt;color: #000000">de los EOE de Málaga&nbsp; y profesorado de AL, infantil y primaria de colegios de toda la provincia de Málaga, que lleva 6 años trabajando en centros educativos de nuestra provincia con la intención de unir definitivamente teoría y práctica, por un lado; y persiguiendo la idea de implantar modelos eficaces de prevención, detección y tratamiento en trastornos lectores basados en la evidencia científica, por otro.</span></p>
<p style="text-align: justify"><span style="font-size: 14pt;color: #000000">El alumnado que, pese a haber recibido una instrucción lectora basada en evidencias científicas y&nbsp;</span><span style="font-size: 14pt;color: #000000">aun así muestre indicadores de presentar dificultades de aprendizaje, necesita que se realice una&nbsp;</span><span style="font-size: 14pt;color: #000000">intervención temprana con ellos.</span></p>
<p style="text-align: justify"><span style="font-size: 14pt;color: #000000"><strong>JUSTIFICACIÓN</strong></span><br />
<span style="font-size: 14pt;color: #000000"> La lectura es el principal aprendizaje instrumental que se realiza durante la etapa&nbsp;escolar. Es la herramienta principal de adquisición de conocimientos durante todo el ciclo&nbsp;vital y condiciona de forma directa el éxito o el fracaso escolar de cada individuo. Además,&nbsp;la lectura facilita el ajuste personal y la adaptación de los individuos al sistema escolar y,&nbsp;de esta forma, su inclusión social.</span><br />
<span style="font-size: 14pt;color: #000000"> En conclusión, desde el punto de vista de los aprendizajes instrumentales, el principal&nbsp;objetivo de la escuela es enseñar a leer, comprender y aprender a partir de textos.</span><br />
<span style="font-size: 14pt;color: #000000"> El objetivo del proyecto LEEDUCA es desarrollar un programa permanente de&nbsp;investigación científica sobre el aprendizaje de la lectura y de transferencia de resultados&nbsp;a la sociedad.</span></p>
<p style="text-align: justify"><span style="font-size: 18pt"><strong><span style="color: #000000">Objetivos de la intervención:</span></strong></span><br />
<span style="font-size: 14pt;color: #000000">Por tanto, el trabajo de nuestro colegio con el Proyecto LEEDUCA de la Universidad de&nbsp;</span><span style="font-size: 14pt;color: #000000">Málaga tiene tres objetivos fundamentales basados en el modelo RTI que queremos implantar en&nbsp;</span><span style="font-size: 14pt;color: #000000">nuestra provincia, que ninguna alumna ni alumno se quede atrás:</span></p>
<p style="text-align: justify"><span style="font-size: 14pt;color: #000000">&#8211; Establecer un programa preventivo de dificultades lectoras a través de un trabajo de&nbsp;</span><span style="font-size: 14pt;color: #000000">estimulación del lenguaje oral, basado en evidencias científicas, llevado a cabo por las&nbsp;</span><span style="font-size: 14pt;color: #000000">tutoras de Educ. Infantil de 3 a 5 años. En él se abordará de manera explícita y&nbsp;</span><span style="font-size: 14pt;color: #000000">sistemática los llamados “cinco grandes” en la enseñanza de la lectura y, a su vez, en la&nbsp;</span><span style="font-size: 14pt;color: #000000">prevención de alteraciones lectoras: conciencia fonémica, principio alfabético,&nbsp;</span><span style="font-size: 14pt;color: #000000">vocabulario, comprensión y fluidez. El programa preventivo de LEEDUCA (MACOFON y&nbsp;</span><span style="font-size: 14pt;color: #000000">PALABREANDO), entendido como programa universal dirigido a toda la clase, ha sido&nbsp;</span><span style="color: #000000"><span style="font-size: 14pt">validado por la AGAEVE en noviembre de 2015.&nbsp;</span><span style="font-size: 14pt">En el curso 2019/2020 se amplió la Plataforma LEEDUCA con el programa&nbsp;PRELEO&nbsp;para la estimulación del lenguaje oral en la etapa infantil, recogiendo todo el material anteriormente mencionado. En el año académico 2020/2021 se añadió la PALETA, un material para trabajar con el alumnado de PT y AL.</span></span></p>
<p style="text-align: justify"><span style="font-size: 14pt">&#8211; Con respecto a la evaluación LEEDUCA de este curso, dadas las circunstancias provocadas por la pandemia del COVID, la evaluación será en grupo burbuja, de manera que no tendrán que salir el alumnado del aula. La aplicación será colectiva mediante dispositivos electrónicos, tanto la lectura como otros aspectos comórbidos. Se aplicará al alumnado de 5º y 6º para baremar una prueba de eficacia lectora.</span></p>
<p style="text-align: justify"><span style="font-size: 14pt;color: #000000">&#8211; Realizar una intervención temprana con el alumnado detectado a través de una&nbsp;</span><span style="font-size: 14pt;color: #000000">plataforma de internet donde se preverán una serie de actividades online encaminadas a&nbsp;</span><span style="font-size: 14pt;color: #000000">intensificar el tratamiento antes de que los trastornos lectores se agraven o se hagan&nbsp;</span><span style="font-size: 14pt;color: #000000">evidentes.</span></p>
<p><span style="font-size: 18pt"><strong>3<em>&#8211;</em><u>Ámbitos y líneas de actuación</u></strong></span></p>
<p style="text-align: justify"><span style="font-size: 14pt;color: #000000">Para una correcta implementación de este modelo RTI que propone el Proyecto LEEDUCA, se&nbsp;</span><span style="font-size: 14pt;color: #000000">requiere (Jiménez,2011):</span></p>
<p style="text-align: justify"><span style="font-size: 14pt;color: #000000">&#8211; La totalidad de la intervención ha de estar basada en la investigación y la evidencia&nbsp;</span><span style="font-size: 14pt;color: #000000">científica. Por tanto, el programa preventivo que aborda los cinco grandes aspectos&nbsp;</span><span style="font-size: 14pt;color: #000000">mencionados en el punto anterior, debe de ser proporcionado de manera explícita y&nbsp;</span><span style="font-size: 14pt;color: #000000">sistemática a la totalidad del alumnado de cada aula, controlando su aplicación, de forma&nbsp;</span><span style="font-size: 14pt;color: #000000">progresiva. De este modo, si los niños muestran resistencia a dicha intervención, es posible&nbsp;</span><span style="font-size: 14pt;color: #000000">asegurar que sus dificultades no se derivan de una instrucción inadecuada (Jiménez et al.,&nbsp;</span><span style="font-size: 14pt;color: #000000">2011). Se basa en una intervención instruccional, preventiva y proactiva, destinada a la&nbsp;</span><span style="font-size: 14pt;color: #000000">totalidad de los estudiantes.</span></p>
<p style="text-align: justify"><span style="font-size: 14pt;color: #000000">&#8211; Todas las niñas y niños han de ser evaluados tempranamente, tratando de distinguir a un&nbsp;</span><span style="font-size: 14pt;color: #000000">grupo de riesgo, es decir, a aquellos que puedan tener mayores dificultades que su grupo de&nbsp;</span><span style="font-size: 14pt;color: #000000">referencia.</span></p>
<p style="text-align: justify"><span style="font-size: 14pt;color: #000000">&#8211; Comenzar una intensificación del tratamiento con el alumnado que ha resultado identificado&nbsp;</span><span style="font-size: 14pt;color: #000000">como riesgo de padecer Dificultades de Aprendizaje. Recoge una intervención diaria (10-20&nbsp;</span><span style="font-size: 14pt;color: #000000">minutos) en pequeños grupos destinada a los estudiantes señalados como que están en&nbsp;</span><span style="font-size: 14pt;color: #000000">riesgo. Este nivel es el más estudiado empíricamente, y ha demostrado poseer gran eficacia&nbsp;</span><span style="font-size: 14pt;color: #000000">y generar una respuesta rápida a la intervención (Jiménez, 2011) e incluye actividades de&nbsp;</span><span style="font-size: 14pt;color: #000000">instrucción seleccionados los estudiantes que no han alcanzado al nivel esperado durante su&nbsp;</span><span style="font-size: 14pt;color: #000000">participación en el programa preventivo.</span></p>
<p style="text-align: right"><span style="color: #000000"><strong>Coordinadora: Lorena Gámez Coín</strong></span></p>
<p style="text-align: center"><img decoding="async" src="http://colegiovicentealeixandremarbella.com/imagenes/leeduca/leeduca.jpg" alt="Resultado de imagen de leeduca"></p>

<p>Coordinadora: Lorena Gámez Coín LEEDUCA (http://www.leeduca.uma.es) ÍNDICE 1.- Introducción 2.- Objetivos del programa 3.- Ámbitos y líneas de actuación &nbsp; 1.- Introducción El proyecto LEEDUCA es trabajo coral realizado entre la Universidad de Málaga y el&nbsp;colectivo de Maestros y Maestras de Audición&#46;&#46;&#46;</p>
