{"id":13420,"date":"2020-03-16T08:01:26","date_gmt":"2020-03-16T08:01:26","guid":{"rendered":"https:\/\/blogsaverroes.juntadeandalucia.es\/ceipjosefinaaldecoa\/?page_id=13420"},"modified":"2020-04-19T19:27:20","modified_gmt":"2020-04-19T19:27:20","slug":"tareas-para-casa-4o-ed-primaria","status":"publish","type":"page","link":"https:\/\/blogsaverroes.juntadeandalucia.es\/ceipjosefinaaldecoa\/ed-primaria-2o-ciclo\/tareas-para-casa-4o-ed-primaria\/","title":{"rendered":"Tareas para casa-4\u00ba Ed. Primaria-"},"content":{"rendered":"<p><img loading=\"lazy\" decoding=\"async\" class=\"aligncenter wp-image-13410\" src=\"https:\/\/blogsaverroes.juntadeandalucia.es\/ceipjosefinaaldecoa\/files\/2020\/03\/4-primaria.jpg\" alt=\"\" width=\"394\" height=\"394\" srcset=\"https:\/\/blogsaverroes.juntadeandalucia.es\/ceipjosefinaaldecoa\/files\/2020\/03\/4-primaria.jpg 600w, https:\/\/blogsaverroes.juntadeandalucia.es\/ceipjosefinaaldecoa\/files\/2020\/03\/4-primaria-150x150.jpg 150w, https:\/\/blogsaverroes.juntadeandalucia.es\/ceipjosefinaaldecoa\/files\/2020\/03\/4-primaria-300x300.jpg 300w, https:\/\/blogsaverroes.juntadeandalucia.es\/ceipjosefinaaldecoa\/files\/2020\/03\/4-primaria-100x100.jpg 100w, https:\/\/blogsaverroes.juntadeandalucia.es\/ceipjosefinaaldecoa\/files\/2020\/03\/4-primaria-160x160.jpg 160w, https:\/\/blogsaverroes.juntadeandalucia.es\/ceipjosefinaaldecoa\/files\/2020\/03\/4-primaria-320x320.jpg 320w, https:\/\/blogsaverroes.juntadeandalucia.es\/ceipjosefinaaldecoa\/files\/2020\/03\/4-primaria-24x24.jpg 24w, https:\/\/blogsaverroes.juntadeandalucia.es\/ceipjosefinaaldecoa\/files\/2020\/03\/4-primaria-36x36.jpg 36w, https:\/\/blogsaverroes.juntadeandalucia.es\/ceipjosefinaaldecoa\/files\/2020\/03\/4-primaria-48x48.jpg 48w\" sizes=\"(max-width: 394px) 100vw, 394px\" \/><\/p>\n<p style=\"text-align: justify\"><span style=\"font-size: 14pt;color: #000000\">Estimadas familias, y aunque estamos en contacto v\u00eda familias delegadas de clase\u2026<\/span><br \/>\n<span style=\"font-size: 14pt;color: #000000\">Como ya sab\u00e9is desde el lunes 16\/03\/20 se han suspendido las clases, os dejamos la forma de contactar y seguir las clases de 4\u00ba Ed. Primaria en este confinamiento o cuarentena.<\/span><\/p>\n<p><b style=\"font-size: 18.6667px\">A partir de 3er. Trimestre <\/b>el <span style=\"font-size: 18.6667px\">seguimiento<\/span> de las \u00e1reas impartidas&nbsp; por las tutoras se realizar\u00e1 v\u00eda Aula de 4\u00ba en<b style=\"font-size: 18.6667px\"> Moodle centros: <\/b><span style=\"font-size: 14pt\"><a href=\"https:\/\/educacionadistancia.juntadeandalucia.es\/centros\/\" target=\"_blank\" rel=\"noopener noreferrer\"><span style=\"color: #0000ff\">https:\/\/educacionadistancia.juntadeandalucia.es\/centros\/<\/span><\/a><\/span><\/p>\n<p style=\"text-align: right\"><strong><span style=\"color: #000000\">Raquel y Adela<\/span><\/strong><\/p>\n<h3><span style=\"color: #000000\">Otros blogs y p\u00e1ginas de la web para <span style=\"color: #008000\">especialidades<\/span>:<\/span><\/h3>\n<table class=\" alignright\" style=\"height: 71px\" width=\"980\">\n<tbody>\n<tr>\n<td style=\"width: 971.2px;text-align: center\" colspan=\"2\"><span style=\"color: #008000;font-size: 16pt\"><strong>ESPECIALIDADES SEGUNDO CICLO<\/strong><\/span><\/td>\n<\/tr>\n<tr class=\"alt\">\n<td style=\"width: 428.8px;text-align: center\"><span style=\"font-size: 16pt\"><strong>Clic\u2014\u2013&gt;&nbsp;<a href=\"https:\/\/educacionadistancia.juntadeandalucia.es\/centros\" target=\"_blank\" rel=\"noopener noreferrer\">INGL\u00c9S<\/a><\/strong><\/span><\/td>\n<td style=\"width: 536.8px;text-align: center\"><span style=\"font-size: 16pt\"><strong>FRANC\u00c9S&lt;\u2014- Clic&nbsp;<\/strong><\/span><\/td>\n<\/tr>\n<tr>\n<td style=\"width: 428.8px;text-align: center\"><span style=\"font-size: 16pt\"><strong>Clic\u2014\u2013&gt;&nbsp;<a href=\"http:\/\/www.musinma.blogspot.com\/\" target=\"_blank\" rel=\"noopener noreferrer\">M\u00daSICA<\/a><\/strong><\/span><\/td>\n<td style=\"width: 536.8px;text-align: center\"><span style=\"font-size: 16pt\"><strong>VALORES 4\u00ba &lt;&#8212;&nbsp; Clic<\/strong><\/span><\/td>\n<\/tr>\n<tr>\n<td style=\"width: 428.8px;text-align: center\"><strong><span style=\"font-size: 16pt\">Clic\u2014\u2013&gt;&nbsp;<a href=\"https:\/\/blogsaverroes.juntadeandalucia.es\/ceipjosefinaaldecoa\/ed-fisica-seguimiento-para-4o-5o-y-6o-de-ed-primaria\/\" target=\"_blank\" rel=\"noopener noreferrer\">Ed. F\u00edsica<\/a><\/span><\/strong><\/td>\n<td style=\"width: 536.8px;text-align: center\"><span style=\"font-size: 16pt\"><strong><a href=\"http:\/\/aulavirtual.maestropedro.com\/\" target=\"_blank\" rel=\"noopener noreferrer\">&nbsp;RELIGI\u00d3N<\/a>&nbsp;&lt;\u2014- Clic<\/strong><\/span><\/td>\n<\/tr>\n<\/tbody>\n<\/table>\n","protected":false},"excerpt":{"rendered":"<p>Estimadas familias, y aunque estamos en contacto v\u00eda familias delegadas de clase\u2026 Como ya sab\u00e9is desde el lunes 16\/03\/20 se han suspendido las clases, os dejamos la forma de contactar y seguir las clases de 4\u00ba Ed. Primaria en este confinamiento o&#46;&#46;&#46;<\/p>\n","protected":false},"author":2825,"featured_media":13410,"parent":432,"menu_order":0,"comment_status":"closed","ping_status":"closed","template":"","meta":{"ngg_post_thumbnail":0,"footnotes":"","_mc_calendar":[]},"aioseo_notices":[],"_links":{"self":[{"href":"https:\/\/blogsaverroes.juntadeandalucia.es\/ceipjosefinaaldecoa\/wp-json\/wp\/v2\/pages\/13420"}],"collection":[{"href":"https:\/\/blogsaverroes.juntadeandalucia.es\/ceipjosefinaaldecoa\/wp-json\/wp\/v2\/pages"}],"about":[{"href":"https:\/\/blogsaverroes.juntadeandalucia.es\/ceipjosefinaaldecoa\/wp-json\/wp\/v2\/types\/page"}],"author":[{"embeddable":true,"href":"https:\/\/blogsaverroes.juntadeandalucia.es\/ceipjosefinaaldecoa\/wp-json\/wp\/v2\/users\/2825"}],"replies":[{"embeddable":true,"href":"https:\/\/blogsaverroes.juntadeandalucia.es\/ceipjosefinaaldecoa\/wp-json\/wp\/v2\/comments?post=13420"}],"version-history":[{"count":9,"href":"https:\/\/blogsaverroes.juntadeandalucia.es\/ceipjosefinaaldecoa\/wp-json\/wp\/v2\/pages\/13420\/revisions"}],"predecessor-version":[{"id":13738,"href":"https:\/\/blogsaverroes.juntadeandalucia.es\/ceipjosefinaaldecoa\/wp-json\/wp\/v2\/pages\/13420\/revisions\/13738"}],"up":[{"embeddable":true,"href":"https:\/\/blogsaverroes.juntadeandalucia.es\/ceipjosefinaaldecoa\/wp-json\/wp\/v2\/pages\/432"}],"wp:featuredmedia":[{"embeddable":true,"href":"https:\/\/blogsaverroes.juntadeandalucia.es\/ceipjosefinaaldecoa\/wp-json\/wp\/v2\/media\/13410"}],"wp:attachment":[{"href":"https:\/\/blogsaverroes.juntadeandalucia.es\/ceipjosefinaaldecoa\/wp-json\/wp\/v2\/media?parent=13420"}],"curies":[{"name":"wp","href":"https:\/\/api.w.org\/{rel}","templated":true}]}}