{"id":13671,"date":"2020-03-20T09:30:10","date_gmt":"2020-03-20T09:30:10","guid":{"rendered":"https:\/\/blogsaverroes.juntadeandalucia.es\/ceipjosefinaaldecoa\/?page_id=13671"},"modified":"2020-04-09T05:38:52","modified_gmt":"2020-04-09T05:38:52","slug":"ingles-recomendaciones-para-2o-ed-primaria","status":"publish","type":"page","link":"https:\/\/blogsaverroes.juntadeandalucia.es\/ceipjosefinaaldecoa\/ingles-recomendaciones-para-2o-ed-primaria\/","title":{"rendered":"-INGL\u00c9S -Recomendaciones para 2\u00ba Ed. Primaria"},"content":{"rendered":"<p style=\"text-align: center\"><a href=\"https:\/\/blogsaverroes.juntadeandalucia.es\/ceipjosefinaaldecoa\/ingles-recomendaciones-para-1o-y-2o-de-ed-primaria\/actividades-de-ingles-primaria-primer-ciclo\/\" rel=\"attachment wp-att-13660\"><img loading=\"lazy\" decoding=\"async\" width=\"705\" height=\"376\" class=\"aligncenter wp-image-13660\" alt=\"\" src=\"https:\/\/blogsaverroes.juntadeandalucia.es\/ceipjosefinaaldecoa\/files\/2020\/04\/Actividades-de-Ingle\u0301s-PRIMARIA-PRIMER-CICLO.png\" srcset=\"https:\/\/blogsaverroes.juntadeandalucia.es\/ceipjosefinaaldecoa\/files\/2020\/04\/Actividades-de-Ingle\u0301s-PRIMARIA-PRIMER-CICLO.png 982w, https:\/\/blogsaverroes.juntadeandalucia.es\/ceipjosefinaaldecoa\/files\/2020\/04\/Actividades-de-Ingle\u0301s-PRIMARIA-PRIMER-CICLO-300x160.png 300w, https:\/\/blogsaverroes.juntadeandalucia.es\/ceipjosefinaaldecoa\/files\/2020\/04\/Actividades-de-Ingle\u0301s-PRIMARIA-PRIMER-CICLO-768x410.png 768w, https:\/\/blogsaverroes.juntadeandalucia.es\/ceipjosefinaaldecoa\/files\/2020\/04\/Actividades-de-Ingle\u0301s-PRIMARIA-PRIMER-CICLO-24x13.png 24w, https:\/\/blogsaverroes.juntadeandalucia.es\/ceipjosefinaaldecoa\/files\/2020\/04\/Actividades-de-Ingle\u0301s-PRIMARIA-PRIMER-CICLO-36x19.png 36w, https:\/\/blogsaverroes.juntadeandalucia.es\/ceipjosefinaaldecoa\/files\/2020\/04\/Actividades-de-Ingle\u0301s-PRIMARIA-PRIMER-CICLO-48x26.png 48w\" sizes=\"(max-width: 705px) 100vw, 705px\" \/><\/a><\/p>\n<div class=\"container\">\n<div class=\"img-view\">&nbsp;<\/div>\n<\/div>\n<div><img decoding=\"async\" class=\"nofocus aligncenter\" aria-label=\"Ver las im\u00e1genes de origen\" alt=\"Ver las im\u00e1genes de origen\" src=\"http:\/\/i.ebayimg.com\/00\/s\/MTYwMFgxMTMy\/$(KGrHqV,!iME7Etvwjy)BPl(OW(bFg~~60_35.JPG\" data-bm=\"21\"><\/div>\n<div><span style=\"text-decoration: underline\"><span style=\"color: #000000;font-size: 20pt\"><strong>INGL\u00c9S 2\u00ba de Ed. Primaria<\/strong><\/span><\/span><\/div>\n<div>&nbsp;<\/div>\n<div><strong><span style=\"color: #ff0000\"> (Mensaje publicado 31\/03\/2020)<\/span><\/strong><\/div>\n<div style=\"text-align: justify\"><span style=\"font-size: 14pt\">Queridas familias: &nbsp; &nbsp; &nbsp;&nbsp;<br \/>\nEspero que sig\u00e1is muy bien y con mucho \u00e1nimo.<br \/>\nCon anterioridad, os facilit\u00e9 materiales para trabajar y repasar todo lo trabajado durante el&nbsp; Segundo Trimestre en clase. <span style=\"color: #ff0000\">(publicado m\u00e1s abajo)<\/span><br \/>\n<\/span><\/div>\n<div style=\"text-align: justify\"><span style=\"font-size: 14pt\">Ante la continuidad de la situaci\u00f3n, mis propuestas ser\u00edan seguir repasando.&nbsp; Si algo les divierte y les agrada, desean hacerlo de nuevo.<br \/>\nAdem\u00e1s, os hago llegar m\u00e1s material. <\/span><\/div>\n<div style=\"text-align: justify\"><span style=\"font-size: 14pt\">Seguimos con las mismas pautas:<\/span><\/div>\n<div style=\"text-align: justify\"><span style=\"font-size: 14pt\"><br \/>\n<strong>1.Libro digital<\/strong>, ahora trabajaremos <strong>tema 12<\/strong>. \u00c9ste tambi\u00e9n formaba parte del 2 Trimestre. <\/span><\/div>\n<div style=\"text-align: justify\"><span style=\"font-size: 14pt\"><br \/>\n<strong>2.Enlace canciones e historias. <a href=\"https:\/\/www.kidsboxapps.es\/\" target=\"_blank\" rel=\"noopener noreferrer\">https:\/\/www.kidsboxapps.es\/<\/a><\/strong><br \/>\nEsta&nbsp; es la parte que m\u00e1s les gusta y con la que m\u00e1s aprenden.<br \/>\nCon la m\u00fasica y el juego, el aprendizaje est\u00e1 asegurado.<br \/>\nLa canci\u00f3n, tiene una opci\u00f3n en forma de bocadillo. Si se pincha, aparece la letra. En clase, siempre lo hacemos as\u00ed. Cuando ya se saben la letra, opci\u00f3n &#8211; Karaoke&#8230;<\/span><\/div>\n<div style=\"text-align: justify\"><span style=\"font-size: 14pt\"><b><br \/>\n3.Fichas extras del tema 12<\/b>: <a href=\"https:\/\/drive.google.com\/drive\/folders\/1AE8G0nMcQxxtkX5ZCKiIKmMwk2xrSJPg?usp=sharing\" target=\"_blank\" rel=\"noopener noreferrer\"><b>Carpeta con fichas extras 2\u00ba E.P<\/b><\/a><\/span><\/div>\n<div style=\"text-align: justify\"><span style=\"font-size: 14pt\">Siempre, sin agobiarse y respetando su ritmo.<br \/>\n<\/span><\/div>\n<div>&nbsp;<\/div>\n<div style=\"text-align: right\"><span style=\"font-size: 14pt\">Mis mejores deseos y muchos besos para ellos y ellas.<br \/>\nUn fuerte abrazo,<br \/>\n<strong>Pilar.<\/strong><\/span><\/div>\n<div>&nbsp;<\/div>\n<div>\n<div><span style=\"text-decoration: underline\"><strong><span style=\"color: #000000;font-size: 16pt;text-decoration: underline\">Sugerencias rutinas:<\/span><\/strong><\/span><\/div>\n<div><span style=\"color: #000000;font-size: 14pt\">Cada d\u00eda, al comienzo de clase, seguimos la misma rutina.<br \/>\n1. D\u00edas de la semana. Identificar el d\u00eda en el que estamos.<br \/>\n2. Meses del a\u00f1o. Identificar mes en el que estamos<br \/>\n3. Estaciones del a\u00f1o. Identificar estaci\u00f3n en la que estamos.<br \/>\n4. El tiempo.<br \/>\n5. Colores.<br \/>\n6. N\u00fameros ( 1 &#8211; 100)<br \/>\n7. Abecedario.<br \/>\n8. Entre ellos se preguntan: \u00bfC\u00f3mo te llamas? \u00bfC\u00f3mo est\u00e1s? \u00bfCu\u00e1ntos a\u00f1os tienes?<\/span><\/div>\n<div>&nbsp;<\/div>\n<\/div>\n<div>&nbsp;<\/div>\n<div><b><span style=\"font-size: x-large\"><span style=\"color: #b00000\">Cuenta cuentos con fichas<\/span><\/span><\/b><\/div>\n<p><iframe loading=\"lazy\" width=\"760\" height=\"515\" src=\"https:\/\/www.youtube.com\/embed\/ET8_OSlmW68\" frameborder=\"0\">&amp;lt;span class=\u00bbmce_SELRES_start\u00bb style=\u00bbwidth: 0px; line-height: 0; overflow: hidden; display: inline-block;\u00bb data-mce-type=\u00bbbookmark\u00bb&amp;gt;\ufeff&amp;lt;\/span&amp;gt;<\/iframe><\/p>\n<p><span style=\"font-size: 18pt\"><a href=\"https:\/\/blogsaverroes.juntadeandalucia.es\/ceipjosefinaaldecoa\/files\/2020\/04\/The_Gruffalo_Worksheet.pdf\" target=\"_blank\" rel=\"attachment noopener wp-att-13678 noreferrer\">The_Gruffalo_Worksheet<\/a> <\/span><\/p>\n<p><span style=\"font-size: 18pt\"><a href=\"https:\/\/blogsaverroes.juntadeandalucia.es\/ceipjosefinaaldecoa\/files\/2020\/04\/The_Gruffalo_Answer_key.pdf\" target=\"_blank\" rel=\"attachment noopener wp-att-13679 noreferrer\">The_Gruffalo_Answer_key<\/a><\/span><\/p>\n<div>&nbsp;<\/div>\n<div><span style=\"color: #ff6600;font-size: 16pt\">OTROS CUENTA CUENTOS<\/span><\/div>\n<div><a href=\"https:\/\/www.youtube.com\/playlist?list=PLLNIcibuuhvwOPXWrX28Hd0Hjo-RGzHQu\" target=\"_blank\" rel=\"noopener noreferrer\">https:\/\/www.youtube.com\/playlist?list=PLLNIcibuuhvwOPXWrX28Hd0Hjo-RGzHQu<\/a><\/div>\n<div>&nbsp;<\/div>\n<div>&#8212;&#8212;&#8212;&#8212;&#8212;&#8212;&#8212;&#8212;&#8212;&#8212;&#8212;&#8212;&#8212;&#8212;&#8212;&#8212;&#8212;&#8212;&#8212;&#8212;&#8212;&#8212;&#8212;&#8212;&#8212;&#8212;&#8212;&#8212;&#8212;&#8212;&#8212;&#8212;&#8212;&#8212;&#8212;&#8212;&#8212;&#8212;&#8212;&#8212;&#8212;&#8212;&#8212;&#8212;&#8212;&#8212;&#8212;&#8212;&#8212;&#8211;<\/div>\n<div>&#8212;&#8212;&#8212;&#8212;&#8212;&#8212;&#8212;&#8212;&#8212;&#8212;&#8212;&#8212;&#8212;&#8212;&#8212;&#8212;&#8212;&#8212;&#8212;&#8212;&#8212;&#8212;&#8212;&#8212;&#8212;&#8212;&#8212;&#8212;&#8212;&#8212;&#8212;&#8212;&#8212;&#8212;&#8212;&#8212;&#8212;&#8212;&#8212;&#8212;&#8212;&#8212;&#8212;&#8212;&#8212;&#8212;&#8212;&#8212;&#8212;&#8212;<\/div>\n<div><span style=\"text-decoration: underline\"><span style=\"color: #ff0000\"><strong>Primer mensaje<\/strong><\/span><\/span><\/div>\n<div style=\"text-align: justify\"><span style=\"color: #000000;font-size: 14pt\">Estimadas familias<br \/>\nMis recomendaciones desde el \u00e1rea de ingl\u00e9s ser\u00edan:<br \/>\n1 Acceder al libro digital para, repasar los temas que se indicaron por agenda:<strong>5, 7 y 9.<\/strong><\/span><\/div>\n<div style=\"text-align: justify\"><span style=\"color: #000000;font-size: 14pt\"><br \/>\n2 Acceder a las historias y canciones a trav\u00e9s de este enlace: <span style=\"color: #0000ff\"><a style=\"color: #0000ff\" href=\"https:\/\/www.kidsboxapps.es\/\" target=\"_blank\" rel=\"noopener noreferrer\">https:\/\/www.kidsboxapps.es\/<\/a><\/span><br \/>\n<\/span><\/div>\n<div style=\"text-align: justify\">&nbsp;<\/div>\n<div style=\"text-align: justify\"><span style=\"color: #000000;font-size: 14pt\">3.Actividades extras<\/span>:&nbsp;<strong><span style=\"color: #0000ff;font-size: 14pt\"><a style=\"color: #0000ff\" href=\"https:\/\/drive.google.com\/drive\/folders\/1AE8G0nMcQxxtkX5ZCKiIKmMwk2xrSJPg?usp=sharing\" target=\"_blank\" rel=\"noopener noreferrer\">Carpeta con fichas extras 2\u00ba E.P<\/a><\/span><\/strong><\/div>\n<div>&nbsp;<\/div>\n<div>&nbsp;<\/div>\n<p style=\"text-align: center\">&nbsp;<\/p>\n<p>&nbsp;<\/p>\n<p>&amp;nbsp<\/p>\n","protected":false},"excerpt":{"rendered":"<p>&nbsp; INGL\u00c9S 2\u00ba de Ed. Primaria &nbsp; (Mensaje publicado 31\/03\/2020) Queridas familias: &nbsp; &nbsp; &nbsp;&nbsp; Espero que sig\u00e1is muy bien y con mucho \u00e1nimo. Con anterioridad, os facilit\u00e9 materiales para trabajar y repasar todo lo trabajado durante el&nbsp; Segundo Trimestre en clase.&#46;&#46;&#46;<\/p>\n","protected":false},"author":2825,"featured_media":0,"parent":0,"menu_order":0,"comment_status":"closed","ping_status":"closed","template":"","meta":{"ngg_post_thumbnail":0,"footnotes":"","_mc_calendar":[]},"aioseo_notices":[],"_links":{"self":[{"href":"https:\/\/blogsaverroes.juntadeandalucia.es\/ceipjosefinaaldecoa\/wp-json\/wp\/v2\/pages\/13671"}],"collection":[{"href":"https:\/\/blogsaverroes.juntadeandalucia.es\/ceipjosefinaaldecoa\/wp-json\/wp\/v2\/pages"}],"about":[{"href":"https:\/\/blogsaverroes.juntadeandalucia.es\/ceipjosefinaaldecoa\/wp-json\/wp\/v2\/types\/page"}],"author":[{"embeddable":true,"href":"https:\/\/blogsaverroes.juntadeandalucia.es\/ceipjosefinaaldecoa\/wp-json\/wp\/v2\/users\/2825"}],"replies":[{"embeddable":true,"href":"https:\/\/blogsaverroes.juntadeandalucia.es\/ceipjosefinaaldecoa\/wp-json\/wp\/v2\/comments?post=13671"}],"version-history":[{"count":4,"href":"https:\/\/blogsaverroes.juntadeandalucia.es\/ceipjosefinaaldecoa\/wp-json\/wp\/v2\/pages\/13671\/revisions"}],"predecessor-version":[{"id":13681,"href":"https:\/\/blogsaverroes.juntadeandalucia.es\/ceipjosefinaaldecoa\/wp-json\/wp\/v2\/pages\/13671\/revisions\/13681"}],"wp:attachment":[{"href":"https:\/\/blogsaverroes.juntadeandalucia.es\/ceipjosefinaaldecoa\/wp-json\/wp\/v2\/media?parent=13671"}],"curies":[{"name":"wp","href":"https:\/\/api.w.org\/{rel}","templated":true}]}}