{"id":14012,"date":"2020-06-01T21:04:14","date_gmt":"2020-06-01T21:04:14","guid":{"rendered":"https:\/\/blogsaverroes.juntadeandalucia.es\/ceipjosefinaaldecoa\/?page_id=14012"},"modified":"2020-10-01T21:44:06","modified_gmt":"2020-10-01T21:44:06","slug":"actividades-extraescolares-2020-21","status":"publish","type":"page","link":"https:\/\/blogsaverroes.juntadeandalucia.es\/ceipjosefinaaldecoa\/actividades-extraescolares-2020-21\/","title":{"rendered":"ACTIVIDADES EXTRAESCOLARES 2020\/21"},"content":{"rendered":"<p style=\"text-align: justify\"><span style=\"font-size: 14pt\">Queridas familias:<\/span><\/p>\n<p style=\"text-align: justify\"><span style=\"font-size: 14pt\">Le informamos que en sesi\u00f3n extraordinaria de la Comisi\u00f3n Permanente del Consejo Escolar y de la Comisi\u00f3n Espec\u00edfica Covid-19 por v\u00eda telem\u00e1tica,&nbsp; (debido a la crisis sanitaria en la que nos encontramos) para tratar el \u00fanico orden del d\u00eda, Servicio de Actividades Extraescolares, se decide por unanimidad atendiendo al apartado 9.2. del Dec\u00e1logo elaborado por la Consejer\u00eda de Educaci\u00f3n y Deporte para una Vuelta Segura a la Actividad Educativa Presencial, basado en las Instrucciones de 6 de julio de 2020, de la Viceconsejer\u00eda de Educaci\u00f3n y Deporte<strong>.<\/strong><\/span><\/p>\n<p style=\"text-align: justify\"><span style=\"font-size: 14pt\"><strong><em>DECIDE SUSPENDER todas sus ACTIVIDADES EXTRAESCOLARES a partir de las 16 h., desarrolladas en el centro, estimando con ello&nbsp; el aumento de la seguridad en el centro y de su alumnado.&nbsp;<\/em><\/strong><\/span><\/p>\n<p><span style=\"font-size: 14pt\"><strong><em><img loading=\"lazy\" decoding=\"async\" style=\"margin-left: auto;margin-right: auto\" src=\"https:\/\/blogsaverroes.juntadeandalucia.es\/ceipjosefinaaldecoa\/files\/2020\/10\/44.png\" alt=\"Actividades Extraescolares Canceladas\" width=\"692\" height=\"319\"><\/em><\/strong><\/span><\/p>\n<p>&nbsp;<object data=\"https:\/\/blogsaverroes.juntadeandalucia.es\/ceipjosefinaaldecoa\/files\/2020\/06\/HORARIOSACT-EXTRAESCOLARESJ_ALDECOA20-21.pdf?#zoom=85&amp;scrollbar=0&amp;toolbar=0&amp;navpanes=0\" type=\"application\/pdf\" width=\"877\" height=\"677\"><span data-mce-type=\"bookmark\" style=\"width: 0px;overflow: hidden;line-height: 0\" class=\"mce_SELRES_start\">\ufeff<\/span>    <span data-mce-type=\"bookmark\" style=\"width: 0px;overflow: hidden;line-height: 0\" class=\"mce_SELRES_start\">\ufeff<\/span><span data-mce-type=\"bookmark\" style=\"width: 0px;overflow: hidden;line-height: 0\" class=\"mce_SELRES_start\">\ufeff<\/span><span data-mce-type=\"bookmark\" style=\"width: 0px;overflow: hidden;line-height: 0\" class=\"mce_SELRES_start\">\ufeff<\/span><span data-mce-type=\"bookmark\" style=\"width: 0px;overflow: hidden;line-height: 0\" class=\"mce_SELRES_start\">\ufeff<\/span><span data-mce-type=\"bookmark\" style=\"width: 0px;overflow: hidden;line-height: 0\" class=\"mce_SELRES_start\">\ufeff<\/span><span data-mce-type=\"bookmark\" style=\"width: 0px;overflow: hidden;line-height: 0\" class=\"mce_SELRES_start\">\ufeff<\/span><span data-mce-type=\"bookmark\" style=\"width: 0px;overflow: hidden;line-height: 0\" class=\"mce_SELRES_start\">\ufeff<\/span><embed src=\"https:\/\/blogsaverroes.juntadeandalucia.es\/ceipjosefinaaldecoa\/files\/2020\/06\/HORARIOSACT-EXTRAESCOLARESJ_ALDECOA20-21.pdf?zoom=85&amp;scrollbar=0&amp;toolbar=0&amp;navpanes=0\" type=\"application\/pdf\" width=\"877\" height=\"477\"><span data-mce-type=\"bookmark\" style=\"width: 0px;overflow: hidden;line-height: 0\" class=\"mce_SELRES_end\">\ufeff<\/span><span data-mce-type=\"bookmark\" style=\"width: 0px;overflow: hidden;line-height: 0\" class=\"mce_SELRES_end\">\ufeff<\/span><span data-mce-type=\"bookmark\" style=\"width: 0px;overflow: hidden;line-height: 0\" class=\"mce_SELRES_end\">\ufeff<\/span><span data-mce-type=\"bookmark\" style=\"width: 0px;overflow: hidden;line-height: 0\" class=\"mce_SELRES_end\">\ufeff<\/span><span data-mce-type=\"bookmark\" style=\"width: 0px;overflow: hidden;line-height: 0\" class=\"mce_SELRES_end\">\ufeff<\/span><span data-mce-type=\"bookmark\" style=\"width: 0px;overflow: hidden;line-height: 0\" class=\"mce_SELRES_end\">\ufeff<\/span><span data-mce-type=\"bookmark\" style=\"width: 0px;overflow: hidden;line-height: 0\" class=\"mce_SELRES_end\">\ufeff<\/span><span data-mce-type=\"bookmark\" style=\"width: 0px;overflow: hidden;line-height: 0\" class=\"mce_SELRES_start\">\ufeff<\/span><\/object><\/p>\n<p><span style=\"color: #0000ff\"><a style=\"color: #0000ff\" href=\"https:\/\/blogsaverroes.juntadeandalucia.es\/ceipjosefinaaldecoa\/files\/2020\/06\/HORARIOSACT-EXTRAESCOLARESJ_ALDECOA20-21.pdf\" target=\"_blank\" rel=\"noopener noreferrer\">HORARIOS_ACT-EXTRAESCOLARES_CEIP J_ALDECOA_20-21.pdf<\/a><\/span><\/p>\n<div>\n<h4 class=\"fittexted_for_content_h4\" style=\"text-align: center\"><span style=\"font-size: 16pt;color: #000000\"><strong>La empresa del Servicio de Actividades Extraescolares es ADEPAU GESTI\u00d3N EDUCATIVA 2005 S.L<\/strong>.<\/span><\/h4>\n<p style=\"text-align: center\"><span style=\"font-size: 16pt;color: #000000\">Coordinadora&nbsp;del servicio en el centro:&nbsp;<strong>Adela<\/strong>.<\/span><\/p>\n<p style=\"text-align: center\"><span style=\"font-size: 16pt;color: #000000\">Tel\u00e9fono de Contacto:&nbsp;<strong>616.138.899<\/strong><\/span><\/p>\n<p style=\"text-align: center\"><span style=\"font-size: 14pt\">E-mail:&nbsp;<a href=\"mailto:dorrigapa@gmail.com\"><strong>dorrigapa@gmail.com<\/strong><\/a><\/span><\/p>\n<\/div>\n<p><span style=\"color: #000000\">Os informamos que las&nbsp;<strong>ACTIVIDADES EXTRAESCOLARES<\/strong>&nbsp;dar\u00e1n comienzo el 1 de Octubre de 4 a 6 en el propio centro, con nuevas actividades<\/span>.(<a href=\"https:\/\/blogsaverroes.juntadeandalucia.es\/ceipjosefinaaldecoa\/files\/2020\/06\/HORARIOSACT-EXTRAESCOLARESJ_ALDECOA20-21.pdf\" target=\"_blank\" rel=\"noopener noreferrer\">Adjuntamos archivo de actividades)<\/a><\/p>\n<div>\n<div style=\"text-align: justify\"><span style=\"color: #000000;font-size: 14pt\">Para m\u00e1s informaci\u00f3n pueden llamar al siguiente tel\u00e9fono de la coordinadora de la empresa que gestiona estos servicios-<strong>Adela: 616.138.899.<\/strong><\/span><\/div>\n<div style=\"text-align: justify\">&nbsp;<\/div>\n<div style=\"text-align: justify\"><span style=\"color: #000000;font-size: 14pt\">Para confirmar las actividades pueden mandar whatsapp al mismo tel\u00e9fono.<\/span><\/div>\n<\/div>\n","protected":false},"excerpt":{"rendered":"<p>Queridas familias: Le informamos que en sesi\u00f3n extraordinaria de la Comisi\u00f3n Permanente del Consejo Escolar y de la Comisi\u00f3n Espec\u00edfica Covid-19 por v\u00eda telem\u00e1tica,&nbsp; (debido a la crisis sanitaria en la que nos encontramos) para tratar el \u00fanico orden del d\u00eda, Servicio&#46;&#46;&#46;<\/p>\n","protected":false},"author":2825,"featured_media":0,"parent":0,"menu_order":0,"comment_status":"closed","ping_status":"closed","template":"","meta":{"ngg_post_thumbnail":0,"footnotes":"","_mc_calendar":[]},"aioseo_notices":[],"_links":{"self":[{"href":"https:\/\/blogsaverroes.juntadeandalucia.es\/ceipjosefinaaldecoa\/wp-json\/wp\/v2\/pages\/14012"}],"collection":[{"href":"https:\/\/blogsaverroes.juntadeandalucia.es\/ceipjosefinaaldecoa\/wp-json\/wp\/v2\/pages"}],"about":[{"href":"https:\/\/blogsaverroes.juntadeandalucia.es\/ceipjosefinaaldecoa\/wp-json\/wp\/v2\/types\/page"}],"author":[{"embeddable":true,"href":"https:\/\/blogsaverroes.juntadeandalucia.es\/ceipjosefinaaldecoa\/wp-json\/wp\/v2\/users\/2825"}],"replies":[{"embeddable":true,"href":"https:\/\/blogsaverroes.juntadeandalucia.es\/ceipjosefinaaldecoa\/wp-json\/wp\/v2\/comments?post=14012"}],"version-history":[{"count":4,"href":"https:\/\/blogsaverroes.juntadeandalucia.es\/ceipjosefinaaldecoa\/wp-json\/wp\/v2\/pages\/14012\/revisions"}],"predecessor-version":[{"id":14155,"href":"https:\/\/blogsaverroes.juntadeandalucia.es\/ceipjosefinaaldecoa\/wp-json\/wp\/v2\/pages\/14012\/revisions\/14155"}],"wp:attachment":[{"href":"https:\/\/blogsaverroes.juntadeandalucia.es\/ceipjosefinaaldecoa\/wp-json\/wp\/v2\/media?parent=14012"}],"curies":[{"name":"wp","href":"https:\/\/api.w.org\/{rel}","templated":true}]}}

<p style="text-align: justify"><span style="font-size: 14pt">Queridas familias:</span></p>
<p style="text-align: justify"><span style="font-size: 14pt">Le informamos que en sesión extraordinaria de la Comisión Permanente del Consejo Escolar y de la Comisión Específica Covid-19 por vía telemática,&nbsp; (debido a la crisis sanitaria en la que nos encontramos) para tratar el único orden del día, Servicio de Actividades Extraescolares, se decide por unanimidad atendiendo al apartado 9.2. del Decálogo elaborado por la Consejería de Educación y Deporte para una Vuelta Segura a la Actividad Educativa Presencial, basado en las Instrucciones de 6 de julio de 2020, de la Viceconsejería de Educación y Deporte<strong>.</strong></span></p>
<p style="text-align: justify"><span style="font-size: 14pt"><strong><em>DECIDE SUSPENDER todas sus ACTIVIDADES EXTRAESCOLARES a partir de las 16 h., desarrolladas en el centro, estimando con ello&nbsp; el aumento de la seguridad en el centro y de su alumnado.&nbsp;</em></strong></span></p>
<p><span style="font-size: 14pt"><strong><em><img loading="lazy" decoding="async" style="margin-left: auto;margin-right: auto" src="https://blogsaverroes.juntadeandalucia.es/ceipjosefinaaldecoa/files/2020/10/44.png" alt="Actividades Extraescolares Canceladas" width="692" height="319"></em></strong></span></p>
<p>&nbsp;<object data="https://blogsaverroes.juntadeandalucia.es/ceipjosefinaaldecoa/files/2020/06/HORARIOSACT-EXTRAESCOLARESJ_ALDECOA20-21.pdf?#zoom=85&amp;scrollbar=0&amp;toolbar=0&amp;navpanes=0" type="application/pdf" width="877" height="677"><span data-mce-type="bookmark" style="width: 0px;overflow: hidden;line-height: 0" class="mce_SELRES_start">﻿</span>    <span data-mce-type="bookmark" style="width: 0px;overflow: hidden;line-height: 0" class="mce_SELRES_start">﻿</span><span data-mce-type="bookmark" style="width: 0px;overflow: hidden;line-height: 0" class="mce_SELRES_start">﻿</span><span data-mce-type="bookmark" style="width: 0px;overflow: hidden;line-height: 0" class="mce_SELRES_start">﻿</span><span data-mce-type="bookmark" style="width: 0px;overflow: hidden;line-height: 0" class="mce_SELRES_start">﻿</span><span data-mce-type="bookmark" style="width: 0px;overflow: hidden;line-height: 0" class="mce_SELRES_start">﻿</span><span data-mce-type="bookmark" style="width: 0px;overflow: hidden;line-height: 0" class="mce_SELRES_start">﻿</span><span data-mce-type="bookmark" style="width: 0px;overflow: hidden;line-height: 0" class="mce_SELRES_start">﻿</span><embed src="https://blogsaverroes.juntadeandalucia.es/ceipjosefinaaldecoa/files/2020/06/HORARIOSACT-EXTRAESCOLARESJ_ALDECOA20-21.pdf?zoom=85&amp;scrollbar=0&amp;toolbar=0&amp;navpanes=0" type="application/pdf" width="877" height="477"><span data-mce-type="bookmark" style="width: 0px;overflow: hidden;line-height: 0" class="mce_SELRES_end">﻿</span><span data-mce-type="bookmark" style="width: 0px;overflow: hidden;line-height: 0" class="mce_SELRES_end">﻿</span><span data-mce-type="bookmark" style="width: 0px;overflow: hidden;line-height: 0" class="mce_SELRES_end">﻿</span><span data-mce-type="bookmark" style="width: 0px;overflow: hidden;line-height: 0" class="mce_SELRES_end">﻿</span><span data-mce-type="bookmark" style="width: 0px;overflow: hidden;line-height: 0" class="mce_SELRES_end">﻿</span><span data-mce-type="bookmark" style="width: 0px;overflow: hidden;line-height: 0" class="mce_SELRES_end">﻿</span><span data-mce-type="bookmark" style="width: 0px;overflow: hidden;line-height: 0" class="mce_SELRES_end">﻿</span><span data-mce-type="bookmark" style="width: 0px;overflow: hidden;line-height: 0" class="mce_SELRES_start">﻿</span></object></p>
<p><span style="color: #0000ff"><a style="color: #0000ff" href="https://blogsaverroes.juntadeandalucia.es/ceipjosefinaaldecoa/files/2020/06/HORARIOSACT-EXTRAESCOLARESJ_ALDECOA20-21.pdf" target="_blank" rel="noopener noreferrer">HORARIOS_ACT-EXTRAESCOLARES_CEIP J_ALDECOA_20-21.pdf</a></span></p>
<div>
<h4 class="fittexted_for_content_h4" style="text-align: center"><span style="font-size: 16pt;color: #000000"><strong>La empresa del Servicio de Actividades Extraescolares es ADEPAU GESTIÓN EDUCATIVA 2005 S.L</strong>.</span></h4>
<p style="text-align: center"><span style="font-size: 16pt;color: #000000">Coordinadora&nbsp;del servicio en el centro:&nbsp;<strong>Adela</strong>.</span></p>
<p style="text-align: center"><span style="font-size: 16pt;color: #000000">Teléfono de Contacto:&nbsp;<strong>616.138.899</strong></span></p>
<p style="text-align: center"><span style="font-size: 14pt">E-mail:&nbsp;<a href="mailto:dorrigapa@gmail.com"><strong>dorrigapa@gmail.com</strong></a></span></p>
</div>
<p><span style="color: #000000">Os informamos que las&nbsp;<strong>ACTIVIDADES EXTRAESCOLARES</strong>&nbsp;darán comienzo el 1 de Octubre de 4 a 6 en el propio centro, con nuevas actividades</span>.(<a href="https://blogsaverroes.juntadeandalucia.es/ceipjosefinaaldecoa/files/2020/06/HORARIOSACT-EXTRAESCOLARESJ_ALDECOA20-21.pdf" target="_blank" rel="noopener noreferrer">Adjuntamos archivo de actividades)</a></p>
<div>
<div style="text-align: justify"><span style="color: #000000;font-size: 14pt">Para más información pueden llamar al siguiente teléfono de la coordinadora de la empresa que gestiona estos servicios-<strong>Adela: 616.138.899.</strong></span></div>
<div style="text-align: justify">&nbsp;</div>
<div style="text-align: justify"><span style="color: #000000;font-size: 14pt">Para confirmar las actividades pueden mandar whatsapp al mismo teléfono.</span></div>
</div>

<p>Queridas familias: Le informamos que en sesión extraordinaria de la Comisión Permanente del Consejo Escolar y de la Comisión Específica Covid-19 por vía telemática,&nbsp; (debido a la crisis sanitaria en la que nos encontramos) para tratar el único orden del día, Servicio&#46;&#46;&#46;</p>
