{"id":14184,"date":"2020-09-08T08:20:54","date_gmt":"2020-09-08T08:20:54","guid":{"rendered":"https:\/\/blogsaverroes.juntadeandalucia.es\/ceipjosefinaaldecoa\/?page_id=14184"},"modified":"2022-06-05T15:22:31","modified_gmt":"2022-06-05T15:22:31","slug":"webs-del-centro","status":"publish","type":"page","link":"https:\/\/blogsaverroes.juntadeandalucia.es\/ceipjosefinaaldecoa\/webs-del-centro\/","title":{"rendered":"Webs del centro"},"content":{"rendered":"<p><span style=\"color: #000000;font-size: 18pt\"><strong><span style=\"color: #0000ff\"><a style=\"color: #0000ff\" href=\"https:\/\/educacionadistancia.juntadeandalucia.es\/centros\/malaga\" target=\"_blank\" rel=\"noopener noreferrer\">Moodle centro<\/a>:<\/span><\/strong> Plataforma educativa del centro<\/span><\/p>\n<p><span style=\"color: #000000;font-size: 18pt\"><span style=\"color: #0000ff\"><a style=\"color: #0000ff\" href=\"https:\/\/moocedu.juntadeandalucia.es\/\" target=\"_blank\" rel=\"noopener noreferrer\"><strong>MoocEdu :<\/strong><\/a><\/span> Curso en abierto para el alumnado de 6\u00ba Ed. Primaria<\/span><\/p>\n<p><span style=\"color: #000000;font-size: 18pt\"><strong><span style=\"color: #0000ff\"><a style=\"color: #0000ff\" href=\"https:\/\/www.maestropedro.com\/\" target=\"_blank\" rel=\"noopener noreferrer\">Web del MaestroPedro:<\/a><\/span><\/strong> web del \u00e1rea de Religi\u00f3n Cat\u00f3lica<\/span><\/p>\n<p><span style=\"color: #000000;font-size: 18pt\"><span style=\"color: #0000ff\"><strong><a style=\"color: #0000ff\" href=\"https:\/\/flamencoaldecoa.blogspot.com.es\/\" target=\"_blank\" rel=\"noopener noreferrer\">\u00a1Por alegr\u00edas!<\/a> :<\/strong><\/span> Blog relacionado con el Proyecto de Flamenco.<\/span><\/p>\n<p><span style=\"color: #000000;font-size: 18pt\"><strong><span style=\"color: #0000ff\"><a style=\"color: #0000ff\" href=\"https:\/\/www.juntadeandalucia.es\/educacion\/portalseneca\/web\/pasen\/inicio\" target=\"_blank\" rel=\"noopener noreferrer\">Pasen:<\/a><\/span><\/strong> web de informaci\u00f3n y seguimiento del alumnado del centro para las familias<\/span><\/p>\n<p><span style=\"font-size: 18pt;color: #000000\"><strong><a href=\"https:\/\/www.juntadeandalucia.es\/educacion\/secretariavirtual\/\" target=\"_blank\" rel=\"noopener noreferrer\"><span style=\"color: #0000ff\">Secretar\u00eda virtual:<\/span><\/a><\/strong> web de la secretar\u00eda virtual de los centros andaluces<\/span><\/p>\n<p><strong><a href=\"https:\/\/seneca.juntadeandalucia.es\/seneca\/puntoderecogida\/index.html#\" target=\"_blank\" rel=\"noopener noreferrer\"><span style=\"color: #0000ff;font-size: 18pt\">Punto de recogida<\/span><\/a> <\/strong>: <span style=\"font-size: 18pt;color: #000000\">Punto de recogida de documentaci\u00f3n para las familias ( Calificaciones, informes&#8230;) Necesario el c\u00f3digo iANDe del alumnado<\/span><\/p>\n","protected":false},"excerpt":{"rendered":"<p>Moodle centro: Plataforma educativa del centro MoocEdu : Curso en abierto para el alumnado de 6\u00ba Ed. Primaria Web del MaestroPedro: web del \u00e1rea de Religi\u00f3n Cat\u00f3lica \u00a1Por alegr\u00edas! : Blog relacionado con el Proyecto de Flamenco. Pasen: web de informaci\u00f3n y&#46;&#46;&#46;<\/p>\n","protected":false},"author":2825,"featured_media":0,"parent":0,"menu_order":0,"comment_status":"closed","ping_status":"closed","template":"","meta":{"ngg_post_thumbnail":0,"footnotes":"","_mc_calendar":[]},"aioseo_notices":[],"_links":{"self":[{"href":"https:\/\/blogsaverroes.juntadeandalucia.es\/ceipjosefinaaldecoa\/wp-json\/wp\/v2\/pages\/14184"}],"collection":[{"href":"https:\/\/blogsaverroes.juntadeandalucia.es\/ceipjosefinaaldecoa\/wp-json\/wp\/v2\/pages"}],"about":[{"href":"https:\/\/blogsaverroes.juntadeandalucia.es\/ceipjosefinaaldecoa\/wp-json\/wp\/v2\/types\/page"}],"author":[{"embeddable":true,"href":"https:\/\/blogsaverroes.juntadeandalucia.es\/ceipjosefinaaldecoa\/wp-json\/wp\/v2\/users\/2825"}],"replies":[{"embeddable":true,"href":"https:\/\/blogsaverroes.juntadeandalucia.es\/ceipjosefinaaldecoa\/wp-json\/wp\/v2\/comments?post=14184"}],"version-history":[{"count":2,"href":"https:\/\/blogsaverroes.juntadeandalucia.es\/ceipjosefinaaldecoa\/wp-json\/wp\/v2\/pages\/14184\/revisions"}],"predecessor-version":[{"id":15391,"href":"https:\/\/blogsaverroes.juntadeandalucia.es\/ceipjosefinaaldecoa\/wp-json\/wp\/v2\/pages\/14184\/revisions\/15391"}],"wp:attachment":[{"href":"https:\/\/blogsaverroes.juntadeandalucia.es\/ceipjosefinaaldecoa\/wp-json\/wp\/v2\/media?parent=14184"}],"curies":[{"name":"wp","href":"https:\/\/api.w.org\/{rel}","templated":true}]}}

<p><span style="color: #000000;font-size: 18pt"><strong><span style="color: #0000ff"><a style="color: #0000ff" href="https://educacionadistancia.juntadeandalucia.es/centros/malaga" target="_blank" rel="noopener noreferrer">Moodle centro</a>:</span></strong> Plataforma educativa del centro</span></p>
<p><span style="color: #000000;font-size: 18pt"><span style="color: #0000ff"><a style="color: #0000ff" href="https://moocedu.juntadeandalucia.es/" target="_blank" rel="noopener noreferrer"><strong>MoocEdu :</strong></a></span> Curso en abierto para el alumnado de 6º Ed. Primaria</span></p>
<p><span style="color: #000000;font-size: 18pt"><strong><span style="color: #0000ff"><a style="color: #0000ff" href="https://www.maestropedro.com/" target="_blank" rel="noopener noreferrer">Web del MaestroPedro:</a></span></strong> web del área de Religión Católica</span></p>
<p><span style="color: #000000;font-size: 18pt"><span style="color: #0000ff"><strong><a style="color: #0000ff" href="https://flamencoaldecoa.blogspot.com.es/" target="_blank" rel="noopener noreferrer">¡Por alegrías!</a> :</strong></span> Blog relacionado con el Proyecto de Flamenco.</span></p>
<p><span style="color: #000000;font-size: 18pt"><strong><span style="color: #0000ff"><a style="color: #0000ff" href="https://www.juntadeandalucia.es/educacion/portalseneca/web/pasen/inicio" target="_blank" rel="noopener noreferrer">Pasen:</a></span></strong> web de información y seguimiento del alumnado del centro para las familias</span></p>
<p><span style="font-size: 18pt;color: #000000"><strong><a href="https://www.juntadeandalucia.es/educacion/secretariavirtual/" target="_blank" rel="noopener noreferrer"><span style="color: #0000ff">Secretaría virtual:</span></a></strong> web de la secretaría virtual de los centros andaluces</span></p>
<p><strong><a href="https://seneca.juntadeandalucia.es/seneca/puntoderecogida/index.html#" target="_blank" rel="noopener noreferrer"><span style="color: #0000ff;font-size: 18pt">Punto de recogida</span></a> </strong>: <span style="font-size: 18pt;color: #000000">Punto de recogida de documentación para las familias ( Calificaciones, informes&#8230;) Necesario el código iANDe del alumnado</span></p>

<p>Moodle centro: Plataforma educativa del centro MoocEdu : Curso en abierto para el alumnado de 6º Ed. Primaria Web del MaestroPedro: web del área de Religión Católica ¡Por alegrías! : Blog relacionado con el Proyecto de Flamenco. Pasen: web de información y&#46;&#46;&#46;</p>
