{"id":18548,"date":"2025-02-12T19:12:36","date_gmt":"2025-02-12T19:12:36","guid":{"rendered":"https:\/\/blogsaverroes.juntadeandalucia.es\/ceipjosefinaaldecoa\/?page_id=18548"},"modified":"2025-03-12T00:44:56","modified_gmt":"2025-03-12T00:44:56","slug":"comedor-escolar-25","status":"publish","type":"page","link":"https:\/\/blogsaverroes.juntadeandalucia.es\/ceipjosefinaaldecoa\/comedor-escolar-25\/","title":{"rendered":"COMEDOR ESCOLAR"},"content":{"rendered":"<p><a href=\"https:\/\/blogsaverroes.juntadeandalucia.es\/ceipjosefinaaldecoa\/comedor-escolar-25\/logo_aramark_rgb-svg_edit\/\" rel=\"attachment wp-att-18551\"><img loading=\"lazy\" decoding=\"async\" class=\"aligncenter wp-image-18551\" src=\"https:\/\/blogsaverroes.juntadeandalucia.es\/ceipjosefinaaldecoa\/files\/2025\/03\/Logo_aramark_RGB.svg_edit.png\" alt=\"\" width=\"575\" height=\"332\" srcset=\"https:\/\/blogsaverroes.juntadeandalucia.es\/ceipjosefinaaldecoa\/files\/2025\/03\/Logo_aramark_RGB.svg_edit.png 745w, https:\/\/blogsaverroes.juntadeandalucia.es\/ceipjosefinaaldecoa\/files\/2025\/03\/Logo_aramark_RGB.svg_edit-300x173.png 300w\" sizes=\"(max-width: 575px) 100vw, 575px\" \/><\/a><\/p>\n<p style=\"text-align: center\"><span style=\"text-decoration: underline;font-size: 24pt;color: #000000\"><strong>ARAMARK SERVICIOS DE CATERING, S.L.U<\/strong><\/span><\/p>\n<p style=\"text-align: center\"><span style=\"font-size: 16pt\"><a href=\"https:\/\/www.elgustodecrecer.es\/\" target=\"_blank\" rel=\"noopener\">elgustodecrecer.es<\/a>&nbsp;<\/span><\/p>\n<p><span style=\"color: #000000\"><strong><span style=\"text-decoration: underline\"><span style=\"font-size: 18pt\">Condiciones Generales del Servicio:<\/span><\/span><\/strong><\/span><\/p>\n<ul>\n<li style=\"text-align: justify\"><span style=\"color: #000000\"><strong>Usuarios de Comedor:<\/strong><\/span><br \/>\n<span style=\"color: #000000\">Todos los alumnos matriculados en el centro escolar y que hayan sido admitidos por la Consejer\u00eda de Desarrollo Educativo de la Junta de Andaluc\u00eda en el Servicio de Comedor; y que no tengan deuda alguna con la empresa ARAMARK SERVICIOS DE CATERING, S.L.U. en cursos anteriores.<\/span><\/li>\n<\/ul>\n<p>&nbsp;<\/p>\n<ul>\n<li><span style=\"color: #000000\"><strong>ALTA en el Servicio de Comedor:<\/strong><\/span><br \/>\n<span style=\"color: #000000\">Todos los usuarios deber\u00e1n solicitar la plaza por escrito, cumplimentando el modelo de inscripci\u00f3n al Servicio de Comedor que el centro escolar les facilitar\u00e1. En dicho formulario deber\u00e1n indicar los datos del usuario, de los progenitores o tutores, la domiciliaci\u00f3n bancaria, la fecha de inicio y el tipo de compromiso.<\/span><\/li>\n<li><span style=\"color: #000000\"><strong>Bonificaciones del Servicio de Comedor:<\/strong><\/span><br \/>\n<span style=\"color: #000000\">Se tramitar\u00e1n a trav\u00e9s del centro escolar.<\/span><\/li>\n<li><span style=\"color: #000000\"><strong>Tipos de COMPROMISO:<\/strong><\/span><br \/>\n<span style=\"color: #000000\">La utilizaci\u00f3n del Servicio de Comedor podr\u00e1 ser solicitada por las familias por meses completos (compromiso habitual), por d\u00edas fijos todas las semanas, inferiores a los cinco d\u00edas lectivos semanales (compromiso habitual discontin\u00fao) o solamente por d\u00edas espor\u00e1dicos, (compromiso espor\u00e1dico) ejerci\u00e9ndose la opci\u00f3n que desee al presentar la solicitud.<\/span><\/li>\n<li><span style=\"color: #000000\"><strong>CAMBIOS DE COMPROMISO del Servicio de Comedor:<\/strong><\/span><br \/>\n<span style=\"color: #000000\">La solicitud de modificaci\u00f3n de la opci\u00f3n inicialmente elegida para el Servicio de Comedor Escolar se comunicar\u00e1 a la Direcci\u00f3n del Centro Escolar, rellenando el documento correspondiente, y en segundo lugar a Aramark, adjuntando dicho documento con una antelaci\u00f3n de al menos una semana del inicio del mes en que se pretenda hacer el cambio de compromiso.<\/span><\/li>\n<li><span style=\"color: #000000\"><strong>AUSENCIAS del Servicio de Comedor:<\/strong><\/span><br \/>\n<span style=\"color: #000000\">Los usuarios podr\u00e1n avisar de sus ausencias del comedor, a trav\u00e9s de la App m\u00f3vil \u201cEl Gusto de Crecer\u201d y\/o la p\u00e1gina web<\/span> ( <a href=\"https:\/\/www.elgustodecrecer.es\/\" target=\"_blank\" rel=\"noopener\">www.elgustodecrecer.es<\/a> ), <span style=\"color: #000000\">con una antelaci\u00f3n de tres d\u00edas, sin coste alguno para el usuario.<\/span><\/li>\n<\/ul>\n<p style=\"text-align: justify\"><span style=\"color: #000000\">Para acceder a las plataformas, tendr\u00e1n que registrarse a trav\u00e9s del men\u00fa Reg\u00edstrate.<\/span><\/p>\n<p style=\"text-align: justify\"><span style=\"color: #000000\">En ambas plataformas, existe un manual de instrucciones para realizar las comunicaciones correctamente.<\/span><\/p>\n<p style=\"text-align: justify\"><span style=\"color: #000000\"><strong>Las comunicaciones de ausencias v\u00eda telef\u00f3nica, v\u00eda email o v\u00eda contacto de la p\u00e1gina de \u201cEl Gusto de Crecer\u201d no ser\u00e1n v\u00e1lidas.<\/strong><\/span><\/p>\n<p style=\"text-align: justify\"><span style=\"color: #000000\"><span style=\"text-decoration: underline\">La v\u00eda de contacto de El Gusto de Crecer, \u00fanicamente se utilizar\u00e1 en caso de problema de acceso a la Plataforma. El resto de los asuntos relacionados con el Servicio de Comedor se atender\u00e1n a trav\u00e9s del mail: <\/span>andaluciafacturacion@aramark.es<\/span><\/p>\n<p style=\"text-align: justify\"><span style=\"color: #000000\"><strong>Las ausencias al Servicio de Comedor motivadas por enfermedad se podr\u00e1n justificarse remitiendo el INFORME DE ASISTENCIA A CONSULTA o JUSTIFICANTE DE ACCESO A DEMANDA DE ASISTENCIA, en un plazo m\u00e1ximo de 5 d\u00edas lectivos, empezando a contar desde el primer d\u00eda de la ausencia. No obstante, los 3 primeros d\u00edas naturales se cancelar\u00e1n con el justificante de asistencia m\u00e9dica y a partir del cuarto d\u00eda natural, ser\u00e1n las propias familias las que justificar\u00e1n las ausencias a trav\u00e9s de las plataformas de \u201cEl Gusto de Crecer\u201d, siguiendo el procedimiento ordinario, es decir, se debe tener en cuenta el preaviso de 3 d\u00edas naturales para comunicar la ausencia del cuarto d\u00eda.<\/strong><\/span><\/p>\n<p style=\"text-align: justify\"><span style=\"color: #000000\">El mecanismo correcto para <span style=\"text-decoration: underline\">justificar las ausencias<\/span> por causa de enfermedad ser\u00e1 el siguiente:<\/span><\/p>\n<p style=\"text-align: justify\"><span style=\"color: #000000\">&#8211; Si el primer d\u00eda de enfermedad comienza en mi\u00e9rcoles, el justificante de asistencia m\u00e9dica le justificar\u00e1 los d\u00edas mi\u00e9rcoles, jueves y viernes.<\/span><\/p>\n<p style=\"text-align: justify\"><span style=\"color: #000000\">&#8211; Si el primer d\u00eda de enfermedad comienza en jueves, el justificante de asistencia m\u00e9dica le justificar\u00e1 los d\u00edas jueves y viernes. En el caso de que el lunes o\/y d\u00edas venideros, el usuario no asista al Servicio de Comedor, tendr\u00e1 que realizar la comunicaci\u00f3n de la ausencia a trav\u00e9s de las plataformas de \u201cEl Gusto de Crecer\u201d.<\/span><\/p>\n<p style=\"text-align: justify\"><span style=\"color: #000000\">&#8211; Si el primer d\u00eda de enfermedad comienza en viernes, el justificante de asistencia m\u00e9dica le justificar\u00e1 el d\u00eda viernes. En el caso de que el lunes o\/y d\u00edas venideros, el usuario no asista al Servicio de Comedor, tendr\u00e1 que realizar la comunicaci\u00f3n de la ausencia a trav\u00e9s de las plataformas de \u201cEl Gusto de Crecer\u201d.<\/span><\/p>\n<ul>\n<li style=\"text-align: justify\"><strong><span style=\"color: #000000\">PRESENCIAS al Servicio de Comedor de forma puntual:<\/span><\/strong><br \/>\n<span style=\"color: #000000\">Los d\u00edas no contratados y que se demande el Servicio de Comedor de forma puntual e imprevista, podr\u00e1n notificar la asistencia al Servicio de Comedor, enviando email a andaluciafacturacion@aramark.es antes de las 09:30 horas del mismo d\u00eda.<\/span><\/li>\n<\/ul>\n<p style=\"text-align: justify\">&nbsp;<\/p>\n<ul style=\"text-align: justify\">\n<li><strong><span style=\"color: #000000\">BAJA del Servicio de Comedor:<\/span><\/strong><br \/>\n<span style=\"color: #000000\">La solicitud de baja del Servicio de Comedor Escolar, tal como indica el Pliego de Prescripciones T\u00e9cnicas de la Agencia P\u00fablica de Educaci\u00f3n de la Junta de Andaluc\u00eda, se tramitar\u00e1 a trav\u00e9s de la Direcci\u00f3n del Centro Escolar, cumplimentando el documento correspondiente y con la antelaci\u00f3n de al menos una semana antes del inicio del mes en que se pretenda hacer efectiva la baja.<\/span><\/li>\n<\/ul>\n<p style=\"text-align: justify\">&nbsp;<\/p>\n<ul style=\"text-align: justify\">\n<li><strong><span style=\"color: #000000\">PERDIDA de condici\u00f3n del Servicio de Comedor:<\/span><\/strong><br \/>\n<span style=\"color: #000000\">Se realizar\u00e1 cuando el\/la usuario no utilice el Servicio de Comedor durante cinco o m\u00e1s d\u00edas consecutivos sin causa justificada y\/o la familia del usuario tenga un impago de dos o m\u00e1s recibos.<\/span><\/li>\n<\/ul>\n<p style=\"text-align: justify\">&nbsp;<\/p>\n<ul style=\"text-align: justify\">\n<li style=\"text-align: justify\"><strong><span style=\"color: #000000\">FORMA DE PAGO del Servicio de Comedor:<\/span><\/strong><br \/>\n<span style=\"color: #000000\">El coste del men\u00fa es de 5,54 \u20ac por d\u00eda (IVA incluido), tal y como se aprob\u00f3 en BOJA n\u00ba 150 el pasado 30\/07\/2024.<\/span><br \/>\n<span style=\"color: #000000\">Por cada recibo devuelto correctamente girado, se cobrar\u00e1 un recargo de 3,00 \u20ac por gastos de devoluci\u00f3n.<\/span><br \/>\n<span style=\"color: #000000\">El cobro del Servicio de Comedor se realizar\u00e1 de forma VENCIDA entre el 5 y 10 del mes siguiente y por domiciliaci\u00f3n bancaria.<\/span><\/li>\n<\/ul>\n<p style=\"text-align: justify\">&nbsp;<\/p>\n<ul style=\"text-align: justify\">\n<li><strong><span style=\"color: #000000\">Elaboraci\u00f3n de los men\u00fas:<\/span><\/strong><br \/>\n<strong><span style=\"color: #000000\">Dieta blanda:<\/span><\/strong><br \/>\n<span style=\"color: #000000\">La hora m\u00e1xima para poder solicitar una dieta blanda es hasta el mismo d\u00eda y antes de las 09:30 horas. Se solicita v\u00eda telef\u00f3nica o v\u00eda email <span style=\"color: #0000ff\">andaluciafacturacion@aramark.es<\/span><\/span><\/li>\n<\/ul>\n<p style=\"text-align: justify\"><strong><span style=\"color: #000000\">Solicitud de dietas por alergia y\/o intolerancia alimentaria:<\/span><\/strong><br \/>\n<span style=\"color: #000000\">Cualquier solicitud de dieta por motivos de alergia y\/o intolerancia alimentaria, deber\u00e1 entregarse en el Centro Escolar el correspondiente <strong>Informe M\u00e9dico prescrito por un Especialista<\/strong> y el Centro Escolar ser\u00e1 quien le confirme el d\u00eda de inicio del nuevo men\u00fa elaborado por nuestro equipo de nutricionistas.<\/span><\/p>\n<p style=\"text-align: justify\"><strong><span style=\"color: #000000\">Publicaci\u00f3n men\u00fas:<\/span><\/strong><br \/>\n<span style=\"color: #000000\">Los men\u00fas mensuales est\u00e1n disponibles (previo registro), a trav\u00e9s de la App m\u00f3vil (El Gusto de Crecer) y p\u00e1gina web <\/span>( <a href=\"https:\/\/www.elgustodecrecer.es\/\" target=\"_blank\" rel=\"noopener\">www.elgustodecrecer.es<\/a> )<\/p>\n<ul>\n<li style=\"text-align: justify\"><strong><span style=\"color: #000000\">Atenci\u00f3n al cliente:<\/span><\/strong><br \/>\n<span style=\"color: #000000\">Para cualquier duda o aclaraci\u00f3n referente al Servicio de Comedor, pueden contactar con el <strong>departamento de Gesti\u00f3n de Cobros en el tel\u00e9fono 954 46 10 35<\/strong> o bien, al email <strong><span style=\"color: #0000ff\">andaluciafacturacion@aramark.es<\/span><\/strong> donde ser\u00e1 atendido por uno de nuestros agentes en horario de lunes a jueves de 8hs a 17hs y viernes de 8hs a 15hs.<\/span><\/li>\n<\/ul>\n","protected":false},"excerpt":{"rendered":"<p>ARAMARK SERVICIOS DE CATERING, S.L.U elgustodecrecer.es&nbsp; Condiciones Generales del Servicio: Usuarios de Comedor: Todos los alumnos matriculados en el centro escolar y que hayan sido admitidos por la Consejer\u00eda de Desarrollo Educativo de la Junta de Andaluc\u00eda en el Servicio de Comedor;&#46;&#46;&#46;<\/p>\n","protected":false},"author":2825,"featured_media":0,"parent":0,"menu_order":0,"comment_status":"closed","ping_status":"closed","template":"","meta":{"ngg_post_thumbnail":0,"footnotes":"","_mc_calendar":[]},"aioseo_notices":[],"_links":{"self":[{"href":"https:\/\/blogsaverroes.juntadeandalucia.es\/ceipjosefinaaldecoa\/wp-json\/wp\/v2\/pages\/18548"}],"collection":[{"href":"https:\/\/blogsaverroes.juntadeandalucia.es\/ceipjosefinaaldecoa\/wp-json\/wp\/v2\/pages"}],"about":[{"href":"https:\/\/blogsaverroes.juntadeandalucia.es\/ceipjosefinaaldecoa\/wp-json\/wp\/v2\/types\/page"}],"author":[{"embeddable":true,"href":"https:\/\/blogsaverroes.juntadeandalucia.es\/ceipjosefinaaldecoa\/wp-json\/wp\/v2\/users\/2825"}],"replies":[{"embeddable":true,"href":"https:\/\/blogsaverroes.juntadeandalucia.es\/ceipjosefinaaldecoa\/wp-json\/wp\/v2\/comments?post=18548"}],"version-history":[{"count":3,"href":"https:\/\/blogsaverroes.juntadeandalucia.es\/ceipjosefinaaldecoa\/wp-json\/wp\/v2\/pages\/18548\/revisions"}],"predecessor-version":[{"id":18557,"href":"https:\/\/blogsaverroes.juntadeandalucia.es\/ceipjosefinaaldecoa\/wp-json\/wp\/v2\/pages\/18548\/revisions\/18557"}],"wp:attachment":[{"href":"https:\/\/blogsaverroes.juntadeandalucia.es\/ceipjosefinaaldecoa\/wp-json\/wp\/v2\/media?parent=18548"}],"curies":[{"name":"wp","href":"https:\/\/api.w.org\/{rel}","templated":true}]}}

<p><a href="https://blogsaverroes.juntadeandalucia.es/ceipjosefinaaldecoa/comedor-escolar-25/logo_aramark_rgb-svg_edit/" rel="attachment wp-att-18551"><img loading="lazy" decoding="async" class="aligncenter wp-image-18551" src="https://blogsaverroes.juntadeandalucia.es/ceipjosefinaaldecoa/files/2025/03/Logo_aramark_RGB.svg_edit.png" alt="" width="575" height="332" srcset="https://blogsaverroes.juntadeandalucia.es/ceipjosefinaaldecoa/files/2025/03/Logo_aramark_RGB.svg_edit.png 745w, https://blogsaverroes.juntadeandalucia.es/ceipjosefinaaldecoa/files/2025/03/Logo_aramark_RGB.svg_edit-300x173.png 300w" sizes="(max-width: 575px) 100vw, 575px" /></a></p>
<p style="text-align: center"><span style="text-decoration: underline;font-size: 24pt;color: #000000"><strong>ARAMARK SERVICIOS DE CATERING, S.L.U</strong></span></p>
<p style="text-align: center"><span style="font-size: 16pt"><a href="https://www.elgustodecrecer.es/" target="_blank" rel="noopener">elgustodecrecer.es</a>&nbsp;</span></p>
<p><span style="color: #000000"><strong><span style="text-decoration: underline"><span style="font-size: 18pt">Condiciones Generales del Servicio:</span></span></strong></span></p>
<ul>
<li style="text-align: justify"><span style="color: #000000"><strong>Usuarios de Comedor:</strong></span><br />
<span style="color: #000000">Todos los alumnos matriculados en el centro escolar y que hayan sido admitidos por la Consejería de Desarrollo Educativo de la Junta de Andalucía en el Servicio de Comedor; y que no tengan deuda alguna con la empresa ARAMARK SERVICIOS DE CATERING, S.L.U. en cursos anteriores.</span></li>
</ul>
<p>&nbsp;</p>
<ul>
<li><span style="color: #000000"><strong>ALTA en el Servicio de Comedor:</strong></span><br />
<span style="color: #000000">Todos los usuarios deberán solicitar la plaza por escrito, cumplimentando el modelo de inscripción al Servicio de Comedor que el centro escolar les facilitará. En dicho formulario deberán indicar los datos del usuario, de los progenitores o tutores, la domiciliación bancaria, la fecha de inicio y el tipo de compromiso.</span></li>
<li><span style="color: #000000"><strong>Bonificaciones del Servicio de Comedor:</strong></span><br />
<span style="color: #000000">Se tramitarán a través del centro escolar.</span></li>
<li><span style="color: #000000"><strong>Tipos de COMPROMISO:</strong></span><br />
<span style="color: #000000">La utilización del Servicio de Comedor podrá ser solicitada por las familias por meses completos (compromiso habitual), por días fijos todas las semanas, inferiores a los cinco días lectivos semanales (compromiso habitual discontinúo) o solamente por días esporádicos, (compromiso esporádico) ejerciéndose la opción que desee al presentar la solicitud.</span></li>
<li><span style="color: #000000"><strong>CAMBIOS DE COMPROMISO del Servicio de Comedor:</strong></span><br />
<span style="color: #000000">La solicitud de modificación de la opción inicialmente elegida para el Servicio de Comedor Escolar se comunicará a la Dirección del Centro Escolar, rellenando el documento correspondiente, y en segundo lugar a Aramark, adjuntando dicho documento con una antelación de al menos una semana del inicio del mes en que se pretenda hacer el cambio de compromiso.</span></li>
<li><span style="color: #000000"><strong>AUSENCIAS del Servicio de Comedor:</strong></span><br />
<span style="color: #000000">Los usuarios podrán avisar de sus ausencias del comedor, a través de la App móvil “El Gusto de Crecer” y/o la página web</span> ( <a href="https://www.elgustodecrecer.es/" target="_blank" rel="noopener">www.elgustodecrecer.es</a> ), <span style="color: #000000">con una antelación de tres días, sin coste alguno para el usuario.</span></li>
</ul>
<p style="text-align: justify"><span style="color: #000000">Para acceder a las plataformas, tendrán que registrarse a través del menú Regístrate.</span></p>
<p style="text-align: justify"><span style="color: #000000">En ambas plataformas, existe un manual de instrucciones para realizar las comunicaciones correctamente.</span></p>
<p style="text-align: justify"><span style="color: #000000"><strong>Las comunicaciones de ausencias vía telefónica, vía email o vía contacto de la página de “El Gusto de Crecer” no serán válidas.</strong></span></p>
<p style="text-align: justify"><span style="color: #000000"><span style="text-decoration: underline">La vía de contacto de El Gusto de Crecer, únicamente se utilizará en caso de problema de acceso a la Plataforma. El resto de los asuntos relacionados con el Servicio de Comedor se atenderán a través del mail: </span>andaluciafacturacion@aramark.es</span></p>
<p style="text-align: justify"><span style="color: #000000"><strong>Las ausencias al Servicio de Comedor motivadas por enfermedad se podrán justificarse remitiendo el INFORME DE ASISTENCIA A CONSULTA o JUSTIFICANTE DE ACCESO A DEMANDA DE ASISTENCIA, en un plazo máximo de 5 días lectivos, empezando a contar desde el primer día de la ausencia. No obstante, los 3 primeros días naturales se cancelarán con el justificante de asistencia médica y a partir del cuarto día natural, serán las propias familias las que justificarán las ausencias a través de las plataformas de “El Gusto de Crecer”, siguiendo el procedimiento ordinario, es decir, se debe tener en cuenta el preaviso de 3 días naturales para comunicar la ausencia del cuarto día.</strong></span></p>
<p style="text-align: justify"><span style="color: #000000">El mecanismo correcto para <span style="text-decoration: underline">justificar las ausencias</span> por causa de enfermedad será el siguiente:</span></p>
<p style="text-align: justify"><span style="color: #000000">&#8211; Si el primer día de enfermedad comienza en miércoles, el justificante de asistencia médica le justificará los días miércoles, jueves y viernes.</span></p>
<p style="text-align: justify"><span style="color: #000000">&#8211; Si el primer día de enfermedad comienza en jueves, el justificante de asistencia médica le justificará los días jueves y viernes. En el caso de que el lunes o/y días venideros, el usuario no asista al Servicio de Comedor, tendrá que realizar la comunicación de la ausencia a través de las plataformas de “El Gusto de Crecer”.</span></p>
<p style="text-align: justify"><span style="color: #000000">&#8211; Si el primer día de enfermedad comienza en viernes, el justificante de asistencia médica le justificará el día viernes. En el caso de que el lunes o/y días venideros, el usuario no asista al Servicio de Comedor, tendrá que realizar la comunicación de la ausencia a través de las plataformas de “El Gusto de Crecer”.</span></p>
<ul>
<li style="text-align: justify"><strong><span style="color: #000000">PRESENCIAS al Servicio de Comedor de forma puntual:</span></strong><br />
<span style="color: #000000">Los días no contratados y que se demande el Servicio de Comedor de forma puntual e imprevista, podrán notificar la asistencia al Servicio de Comedor, enviando email a andaluciafacturacion@aramark.es antes de las 09:30 horas del mismo día.</span></li>
</ul>
<p style="text-align: justify">&nbsp;</p>
<ul style="text-align: justify">
<li><strong><span style="color: #000000">BAJA del Servicio de Comedor:</span></strong><br />
<span style="color: #000000">La solicitud de baja del Servicio de Comedor Escolar, tal como indica el Pliego de Prescripciones Técnicas de la Agencia Pública de Educación de la Junta de Andalucía, se tramitará a través de la Dirección del Centro Escolar, cumplimentando el documento correspondiente y con la antelación de al menos una semana antes del inicio del mes en que se pretenda hacer efectiva la baja.</span></li>
</ul>
<p style="text-align: justify">&nbsp;</p>
<ul style="text-align: justify">
<li><strong><span style="color: #000000">PERDIDA de condición del Servicio de Comedor:</span></strong><br />
<span style="color: #000000">Se realizará cuando el/la usuario no utilice el Servicio de Comedor durante cinco o más días consecutivos sin causa justificada y/o la familia del usuario tenga un impago de dos o más recibos.</span></li>
</ul>
<p style="text-align: justify">&nbsp;</p>
<ul style="text-align: justify">
<li style="text-align: justify"><strong><span style="color: #000000">FORMA DE PAGO del Servicio de Comedor:</span></strong><br />
<span style="color: #000000">El coste del menú es de 5,54 € por día (IVA incluido), tal y como se aprobó en BOJA nº 150 el pasado 30/07/2024.</span><br />
<span style="color: #000000">Por cada recibo devuelto correctamente girado, se cobrará un recargo de 3,00 € por gastos de devolución.</span><br />
<span style="color: #000000">El cobro del Servicio de Comedor se realizará de forma VENCIDA entre el 5 y 10 del mes siguiente y por domiciliación bancaria.</span></li>
</ul>
<p style="text-align: justify">&nbsp;</p>
<ul style="text-align: justify">
<li><strong><span style="color: #000000">Elaboración de los menús:</span></strong><br />
<strong><span style="color: #000000">Dieta blanda:</span></strong><br />
<span style="color: #000000">La hora máxima para poder solicitar una dieta blanda es hasta el mismo día y antes de las 09:30 horas. Se solicita vía telefónica o vía email <span style="color: #0000ff">andaluciafacturacion@aramark.es</span></span></li>
</ul>
<p style="text-align: justify"><strong><span style="color: #000000">Solicitud de dietas por alergia y/o intolerancia alimentaria:</span></strong><br />
<span style="color: #000000">Cualquier solicitud de dieta por motivos de alergia y/o intolerancia alimentaria, deberá entregarse en el Centro Escolar el correspondiente <strong>Informe Médico prescrito por un Especialista</strong> y el Centro Escolar será quien le confirme el día de inicio del nuevo menú elaborado por nuestro equipo de nutricionistas.</span></p>
<p style="text-align: justify"><strong><span style="color: #000000">Publicación menús:</span></strong><br />
<span style="color: #000000">Los menús mensuales están disponibles (previo registro), a través de la App móvil (El Gusto de Crecer) y página web </span>( <a href="https://www.elgustodecrecer.es/" target="_blank" rel="noopener">www.elgustodecrecer.es</a> )</p>
<ul>
<li style="text-align: justify"><strong><span style="color: #000000">Atención al cliente:</span></strong><br />
<span style="color: #000000">Para cualquier duda o aclaración referente al Servicio de Comedor, pueden contactar con el <strong>departamento de Gestión de Cobros en el teléfono 954 46 10 35</strong> o bien, al email <strong><span style="color: #0000ff">andaluciafacturacion@aramark.es</span></strong> donde será atendido por uno de nuestros agentes en horario de lunes a jueves de 8hs a 17hs y viernes de 8hs a 15hs.</span></li>
</ul>

<p>ARAMARK SERVICIOS DE CATERING, S.L.U elgustodecrecer.es&nbsp; Condiciones Generales del Servicio: Usuarios de Comedor: Todos los alumnos matriculados en el centro escolar y que hayan sido admitidos por la Consejería de Desarrollo Educativo de la Junta de Andalucía en el Servicio de Comedor;&#46;&#46;&#46;</p>
