{"id":18594,"date":"2025-04-09T16:43:14","date_gmt":"2025-04-09T16:43:14","guid":{"rendered":"https:\/\/blogsaverroes.juntadeandalucia.es\/ceipjosefinaaldecoa\/?page_id=18594"},"modified":"2025-05-10T23:03:19","modified_gmt":"2025-05-10T23:03:19","slug":"educacion-inclusiva-fondo-social-europeo-plus-fse","status":"publish","type":"page","link":"https:\/\/blogsaverroes.juntadeandalucia.es\/ceipjosefinaaldecoa\/educacion-inclusiva-fondo-social-europeo-plus-fse\/","title":{"rendered":"EDUCACI\u00d3N INCLUSIVA-FONDO SOCIAL EUROPEO PLUS (FSE+)"},"content":{"rendered":"<p style=\"text-align: center\"><a href=\"https:\/\/blogsaverroes.juntadeandalucia.es\/ceipjosefinaaldecoa\/carteleria_fse-2021-27-prioridad-3-pt-proa-refuerzo-estival\/\"><img loading=\"lazy\" decoding=\"async\" class=\"aligncenter wp-image-18592\" src=\"https:\/\/blogsaverroes.juntadeandalucia.es\/ceipjosefinaaldecoa\/files\/2025\/05\/Carteleria_FSE-2021-27.-Prioridad-3.-PT-PROA-Refuerzo-Estival.jpg\" alt=\"\" width=\"469\" height=\"663\" srcset=\"https:\/\/blogsaverroes.juntadeandalucia.es\/ceipjosefinaaldecoa\/files\/2025\/05\/Carteleria_FSE-2021-27.-Prioridad-3.-PT-PROA-Refuerzo-Estival.jpg 1131w, https:\/\/blogsaverroes.juntadeandalucia.es\/ceipjosefinaaldecoa\/files\/2025\/05\/Carteleria_FSE-2021-27.-Prioridad-3.-PT-PROA-Refuerzo-Estival-212x300.jpg 212w, https:\/\/blogsaverroes.juntadeandalucia.es\/ceipjosefinaaldecoa\/files\/2025\/05\/Carteleria_FSE-2021-27.-Prioridad-3.-PT-PROA-Refuerzo-Estival-724x1024.jpg 724w, https:\/\/blogsaverroes.juntadeandalucia.es\/ceipjosefinaaldecoa\/files\/2025\/05\/Carteleria_FSE-2021-27.-Prioridad-3.-PT-PROA-Refuerzo-Estival-768x1086.jpg 768w, https:\/\/blogsaverroes.juntadeandalucia.es\/ceipjosefinaaldecoa\/files\/2025\/05\/Carteleria_FSE-2021-27.-Prioridad-3.-PT-PROA-Refuerzo-Estival-1086x1536.jpg 1086w, https:\/\/blogsaverroes.juntadeandalucia.es\/ceipjosefinaaldecoa\/files\/2025\/05\/Carteleria_FSE-2021-27.-Prioridad-3.-PT-PROA-Refuerzo-Estival-1448x2048.jpg 1448w\" sizes=\"(max-width: 469px) 100vw, 469px\" \/><\/a><\/p>\n<div>&nbsp;<\/div>\n<div style=\"text-align: justify\"><span style=\"color: #000000;font-family: arial, helvetica, sans-serif;font-size: 14pt\">El <strong>Programa de Apoyo Curricular para el Alumnado con Necesidades Espec\u00edficas de Apoyo Educativo (NEAE)<\/strong> de la Junta de Andaluc\u00eda para el curso 2024\/2025 tiene como objetivo principal garantizar una educaci\u00f3n inclusiva y equitativa, adaptada a las necesidades individuales de cada estudiante.<\/span><\/div>\n<div style=\"text-align: justify\">&nbsp;<\/div>\n<div style=\"text-align: justify\"><span style=\"font-size: 14pt\"><strong><span style=\"color: #000000;font-family: arial, helvetica, sans-serif\">Objetivos Principales:<\/span><\/strong><\/span><\/div>\n<div>&nbsp;<\/div>\n<div style=\"text-align: justify\"><span style=\"color: #000000;font-family: arial, helvetica, sans-serif;font-size: 14pt\">\u2022Atenci\u00f3n a la diversidad: Actualizar y ajustar las medidas organizativas y de recursos para garantizar la educaci\u00f3n inclusiva desde las primeras etapas educativas.&nbsp;&nbsp;<\/span><\/div>\n<div>&nbsp;<\/div>\n<div style=\"text-align: justify\"><span style=\"color: #000000;font-family: arial, helvetica, sans-serif;font-size: 14pt\">\u2022Detecci\u00f3n e intervenci\u00f3n precoces: Impulsar acciones dirigidas a fomentar y facilitar la colaboraci\u00f3n de las familias en la vida del centro y potenciar el papel central de las familias en las etapas iniciales del proceso educativo.&nbsp;<\/span><\/div>\n<div style=\"text-align: justify\">&nbsp;<\/div>\n<div style=\"text-align: justify\"><span style=\"font-size: 14pt\"><strong><span style=\"color: #000000;font-family: arial, helvetica, sans-serif\">Medidas y Actuaciones:<\/span><\/strong><\/span><\/div>\n<div style=\"text-align: justify\">&nbsp;<\/div>\n<div style=\"text-align: justify\"><span style=\"color: #000000;font-family: arial, helvetica, sans-serif;font-size: 14pt\">El programa contempla diversas medidas para atender al alumnado NEAE:<\/span><\/div>\n<div>&nbsp;<\/div>\n<div style=\"text-align: justify\"><span style=\"color: #000000;font-family: arial, helvetica, sans-serif;font-size: 14pt\">\u2022Adaptaciones curriculares significativas: Modificaciones en los elementos del curr\u00edculo para adecuarlos al nivel de competencia del alumno, garantizando la funcionalidad de los aprendizajes y su aplicaci\u00f3n a la vida cotidiana.<\/span><\/div>\n<div>&nbsp;<\/div>\n<div style=\"text-align: justify\"><span style=\"color: #000000;font-family: arial, helvetica, sans-serif;font-size: 14pt\">\u2022Adaptaciones de acceso al curr\u00edculo: Cambios en los elementos que facilitan la accesibilidad a la informaci\u00f3n y la comunicaci\u00f3n, como la incorporaci\u00f3n de recursos espec\u00edficos o la modificaci\u00f3n de elementos f\u00edsicos del entorno educativo.<\/span><\/div>\n<div>&nbsp;<\/div>\n<div style=\"text-align: justify\"><span style=\"color: #000000;font-family: arial, helvetica, sans-serif;font-size: 14pt\">\u2022Programas espec\u00edficos: Intervenciones personalizadas para el tratamiento del alumnado con necesidades espec\u00edficas de apoyo educativo, incluyendo programas de desarrollo de la atenci\u00f3n, concentraci\u00f3n y memoria, as\u00ed como el desarrollo de funciones ejecutivas.<\/span><\/div>\n<div>&nbsp;<\/div>\n<div style=\"text-align: justify\"><span style=\"color: #000000;font-family: arial, helvetica, sans-serif;font-size: 14pt\">\u2022Atenci\u00f3n educativa en situaciones especiales: Medidas dirigidas a estudiantes en situaciones de hospitalizaci\u00f3n, convalecencia domiciliaria o que est\u00e9n bajo medidas judiciales, asegurando la continuidad de su proceso educativo.<\/span><\/div>\n<div>&nbsp;<\/div>\n<div><a href=\"https:\/\/blogsaverroes.juntadeandalucia.es\/ceipjosefinaaldecoa\/thumbnail_encabez_logos-fse-21-27_actualizadofeb25\/\"><img loading=\"lazy\" decoding=\"async\" class=\"aligncenter size-full wp-image-18593\" src=\"https:\/\/blogsaverroes.juntadeandalucia.es\/ceipjosefinaaldecoa\/files\/2025\/05\/thumbnail_Encabez_logos-FSE-21-27_actualizadoFeb25.png\" alt=\"\" width=\"1785\" height=\"113\" srcset=\"https:\/\/blogsaverroes.juntadeandalucia.es\/ceipjosefinaaldecoa\/files\/2025\/05\/thumbnail_Encabez_logos-FSE-21-27_actualizadoFeb25.png 1600w, https:\/\/blogsaverroes.juntadeandalucia.es\/ceipjosefinaaldecoa\/files\/2025\/05\/thumbnail_Encabez_logos-FSE-21-27_actualizadoFeb25-300x19.png 300w, https:\/\/blogsaverroes.juntadeandalucia.es\/ceipjosefinaaldecoa\/files\/2025\/05\/thumbnail_Encabez_logos-FSE-21-27_actualizadoFeb25-1024x65.png 1024w, https:\/\/blogsaverroes.juntadeandalucia.es\/ceipjosefinaaldecoa\/files\/2025\/05\/thumbnail_Encabez_logos-FSE-21-27_actualizadoFeb25-768x49.png 768w, https:\/\/blogsaverroes.juntadeandalucia.es\/ceipjosefinaaldecoa\/files\/2025\/05\/thumbnail_Encabez_logos-FSE-21-27_actualizadoFeb25-1536x97.png 1536w\" sizes=\"(max-width: 1785px) 100vw, 1785px\" \/><\/a><\/div>\n","protected":false},"excerpt":{"rendered":"<p>&nbsp; El Programa de Apoyo Curricular para el Alumnado con Necesidades Espec\u00edficas de Apoyo Educativo (NEAE) de la Junta de Andaluc\u00eda para el curso 2024\/2025 tiene como objetivo principal garantizar una educaci\u00f3n inclusiva y equitativa, adaptada a las necesidades individuales de cada&#46;&#46;&#46;<\/p>\n","protected":false},"author":2825,"featured_media":0,"parent":0,"menu_order":0,"comment_status":"closed","ping_status":"closed","template":"","meta":{"ngg_post_thumbnail":0,"footnotes":"","_mc_calendar":[]},"aioseo_notices":[],"_links":{"self":[{"href":"https:\/\/blogsaverroes.juntadeandalucia.es\/ceipjosefinaaldecoa\/wp-json\/wp\/v2\/pages\/18594"}],"collection":[{"href":"https:\/\/blogsaverroes.juntadeandalucia.es\/ceipjosefinaaldecoa\/wp-json\/wp\/v2\/pages"}],"about":[{"href":"https:\/\/blogsaverroes.juntadeandalucia.es\/ceipjosefinaaldecoa\/wp-json\/wp\/v2\/types\/page"}],"author":[{"embeddable":true,"href":"https:\/\/blogsaverroes.juntadeandalucia.es\/ceipjosefinaaldecoa\/wp-json\/wp\/v2\/users\/2825"}],"replies":[{"embeddable":true,"href":"https:\/\/blogsaverroes.juntadeandalucia.es\/ceipjosefinaaldecoa\/wp-json\/wp\/v2\/comments?post=18594"}],"version-history":[{"count":2,"href":"https:\/\/blogsaverroes.juntadeandalucia.es\/ceipjosefinaaldecoa\/wp-json\/wp\/v2\/pages\/18594\/revisions"}],"predecessor-version":[{"id":18597,"href":"https:\/\/blogsaverroes.juntadeandalucia.es\/ceipjosefinaaldecoa\/wp-json\/wp\/v2\/pages\/18594\/revisions\/18597"}],"wp:attachment":[{"href":"https:\/\/blogsaverroes.juntadeandalucia.es\/ceipjosefinaaldecoa\/wp-json\/wp\/v2\/media?parent=18594"}],"curies":[{"name":"wp","href":"https:\/\/api.w.org\/{rel}","templated":true}]}}

EDUCACIÓN INCLUSIVA-FONDO SOCIAL EUROPEO PLUS (FSE+)

<p style="text-align: center"><a href="https://blogsaverroes.juntadeandalucia.es/ceipjosefinaaldecoa/carteleria_fse-2021-27-prioridad-3-pt-proa-refuerzo-estival/"><img loading="lazy" decoding="async" class="aligncenter wp-image-18592" src="https://blogsaverroes.juntadeandalucia.es/ceipjosefinaaldecoa/files/2025/05/Carteleria_FSE-2021-27.-Prioridad-3.-PT-PROA-Refuerzo-Estival.jpg" alt="" width="469" height="663" srcset="https://blogsaverroes.juntadeandalucia.es/ceipjosefinaaldecoa/files/2025/05/Carteleria_FSE-2021-27.-Prioridad-3.-PT-PROA-Refuerzo-Estival.jpg 1131w, https://blogsaverroes.juntadeandalucia.es/ceipjosefinaaldecoa/files/2025/05/Carteleria_FSE-2021-27.-Prioridad-3.-PT-PROA-Refuerzo-Estival-212x300.jpg 212w, https://blogsaverroes.juntadeandalucia.es/ceipjosefinaaldecoa/files/2025/05/Carteleria_FSE-2021-27.-Prioridad-3.-PT-PROA-Refuerzo-Estival-724x1024.jpg 724w, https://blogsaverroes.juntadeandalucia.es/ceipjosefinaaldecoa/files/2025/05/Carteleria_FSE-2021-27.-Prioridad-3.-PT-PROA-Refuerzo-Estival-768x1086.jpg 768w, https://blogsaverroes.juntadeandalucia.es/ceipjosefinaaldecoa/files/2025/05/Carteleria_FSE-2021-27.-Prioridad-3.-PT-PROA-Refuerzo-Estival-1086x1536.jpg 1086w, https://blogsaverroes.juntadeandalucia.es/ceipjosefinaaldecoa/files/2025/05/Carteleria_FSE-2021-27.-Prioridad-3.-PT-PROA-Refuerzo-Estival-1448x2048.jpg 1448w" sizes="(max-width: 469px) 100vw, 469px" /></a></p>
<div>&nbsp;</div>
<div style="text-align: justify"><span style="color: #000000;font-family: arial, helvetica, sans-serif;font-size: 14pt">El <strong>Programa de Apoyo Curricular para el Alumnado con Necesidades Específicas de Apoyo Educativo (NEAE)</strong> de la Junta de Andalucía para el curso 2024/2025 tiene como objetivo principal garantizar una educación inclusiva y equitativa, adaptada a las necesidades individuales de cada estudiante.</span></div>
<div style="text-align: justify">&nbsp;</div>
<div style="text-align: justify"><span style="font-size: 14pt"><strong><span style="color: #000000;font-family: arial, helvetica, sans-serif">Objetivos Principales:</span></strong></span></div>
<div>&nbsp;</div>
<div style="text-align: justify"><span style="color: #000000;font-family: arial, helvetica, sans-serif;font-size: 14pt">•Atención a la diversidad: Actualizar y ajustar las medidas organizativas y de recursos para garantizar la educación inclusiva desde las primeras etapas educativas.&nbsp;&nbsp;</span></div>
<div>&nbsp;</div>
<div style="text-align: justify"><span style="color: #000000;font-family: arial, helvetica, sans-serif;font-size: 14pt">•Detección e intervención precoces: Impulsar acciones dirigidas a fomentar y facilitar la colaboración de las familias en la vida del centro y potenciar el papel central de las familias en las etapas iniciales del proceso educativo.&nbsp;</span></div>
<div style="text-align: justify">&nbsp;</div>
<div style="text-align: justify"><span style="font-size: 14pt"><strong><span style="color: #000000;font-family: arial, helvetica, sans-serif">Medidas y Actuaciones:</span></strong></span></div>
<div style="text-align: justify">&nbsp;</div>
<div style="text-align: justify"><span style="color: #000000;font-family: arial, helvetica, sans-serif;font-size: 14pt">El programa contempla diversas medidas para atender al alumnado NEAE:</span></div>
<div>&nbsp;</div>
<div style="text-align: justify"><span style="color: #000000;font-family: arial, helvetica, sans-serif;font-size: 14pt">•Adaptaciones curriculares significativas: Modificaciones en los elementos del currículo para adecuarlos al nivel de competencia del alumno, garantizando la funcionalidad de los aprendizajes y su aplicación a la vida cotidiana.</span></div>
<div>&nbsp;</div>
<div style="text-align: justify"><span style="color: #000000;font-family: arial, helvetica, sans-serif;font-size: 14pt">•Adaptaciones de acceso al currículo: Cambios en los elementos que facilitan la accesibilidad a la información y la comunicación, como la incorporación de recursos específicos o la modificación de elementos físicos del entorno educativo.</span></div>
<div>&nbsp;</div>
<div style="text-align: justify"><span style="color: #000000;font-family: arial, helvetica, sans-serif;font-size: 14pt">•Programas específicos: Intervenciones personalizadas para el tratamiento del alumnado con necesidades específicas de apoyo educativo, incluyendo programas de desarrollo de la atención, concentración y memoria, así como el desarrollo de funciones ejecutivas.</span></div>
<div>&nbsp;</div>
<div style="text-align: justify"><span style="color: #000000;font-family: arial, helvetica, sans-serif;font-size: 14pt">•Atención educativa en situaciones especiales: Medidas dirigidas a estudiantes en situaciones de hospitalización, convalecencia domiciliaria o que estén bajo medidas judiciales, asegurando la continuidad de su proceso educativo.</span></div>
<div>&nbsp;</div>
<div><a href="https://blogsaverroes.juntadeandalucia.es/ceipjosefinaaldecoa/thumbnail_encabez_logos-fse-21-27_actualizadofeb25/"><img loading="lazy" decoding="async" class="aligncenter size-full wp-image-18593" src="https://blogsaverroes.juntadeandalucia.es/ceipjosefinaaldecoa/files/2025/05/thumbnail_Encabez_logos-FSE-21-27_actualizadoFeb25.png" alt="" width="1785" height="113" srcset="https://blogsaverroes.juntadeandalucia.es/ceipjosefinaaldecoa/files/2025/05/thumbnail_Encabez_logos-FSE-21-27_actualizadoFeb25.png 1600w, https://blogsaverroes.juntadeandalucia.es/ceipjosefinaaldecoa/files/2025/05/thumbnail_Encabez_logos-FSE-21-27_actualizadoFeb25-300x19.png 300w, https://blogsaverroes.juntadeandalucia.es/ceipjosefinaaldecoa/files/2025/05/thumbnail_Encabez_logos-FSE-21-27_actualizadoFeb25-1024x65.png 1024w, https://blogsaverroes.juntadeandalucia.es/ceipjosefinaaldecoa/files/2025/05/thumbnail_Encabez_logos-FSE-21-27_actualizadoFeb25-768x49.png 768w, https://blogsaverroes.juntadeandalucia.es/ceipjosefinaaldecoa/files/2025/05/thumbnail_Encabez_logos-FSE-21-27_actualizadoFeb25-1536x97.png 1536w" sizes="(max-width: 1785px) 100vw, 1785px" /></a></div>

<p>&nbsp; El Programa de Apoyo Curricular para el Alumnado con Necesidades Específicas de Apoyo Educativo (NEAE) de la Junta de Andalucía para el curso 2024/2025 tiene como objetivo principal garantizar una educación inclusiva y equitativa, adaptada a las necesidades individuales de cada&#46;&#46;&#46;</p>
