{"id":2079,"date":"2016-01-01T19:48:08","date_gmt":"2016-01-01T19:48:08","guid":{"rendered":"http:\/\/blogsaverroes.juntadeandalucia.es\/ceipjosefinaaldecoa\/?page_id=2079"},"modified":"2016-03-06T20:03:08","modified_gmt":"2016-03-06T20:03:08","slug":"consejo-escolar","status":"publish","type":"page","link":"https:\/\/blogsaverroes.juntadeandalucia.es\/ceipjosefinaaldecoa\/consejo-escolar\/","title":{"rendered":"Consejo escolar"},"content":{"rendered":"<div><\/div>\n<div>\n<table style=\"width: 945px;height: 1173px;border: 5px solid #030000\" border=\"5\" cellspacing=\"4\" cellpadding=\"4\">\n<tbody>\n<tr style=\"background-color: #006400\">\n<td style=\"background-color: #008000;height: 25px;border-color: #050000\" colspan=\"2\">\n<div style=\"text-align: center\"><span style=\"font-family: Verdana, Arial, Helvetica, sans-serif;color: #ffffff;font-size: 24pt\"><strong>Consejo Escolar<\/strong><\/span><\/div>\n<\/td>\n<\/tr>\n<tr style=\"background-color: #98fb98\">\n<td style=\"height: 25px;border-color: #050000;text-align: left;background-color: #98fb98\">\n<div><span style=\"color: #000000;font-size: 14pt;font-family: 'book antiqua', palatino, serif\">Presidenta del C.E y Directora del CEIP<\/span><\/div>\n<\/td>\n<td style=\"height: 25px;border-color: #050000;text-align: left;background-color: #98fb98\"><span style=\"color: #000000;font-size: 14pt;font-family: 'book antiqua', palatino, serif\">Garnica Ram\u00edrez, Carmen<\/span><\/td>\n<\/tr>\n<tr style=\"background-color: #98fb98\">\n<td style=\"height: 25px;border-color: #050000;text-align: left;background-color: #98fb98\"><span style=\"color: #000000;font-size: 14pt;font-family: 'book antiqua', palatino, serif\">Jefa de estudios<\/span><\/td>\n<td style=\"height: 25px;border-color: #050000;text-align: left;background-color: #98fb98\"><span style=\"color: #000000;font-size: 14pt;font-family: 'book antiqua', palatino, serif\">G\u00e1mez Co\u00edn, Lorena <\/span><\/td>\n<\/tr>\n<tr style=\"background-color: #98fb98\">\n<td style=\"height: 25px;border-color: #050000;text-align: left;background-color: #98fb98\"><span style=\"color: #000000;font-size: 14pt;font-family: 'book antiqua', palatino, serif\">Secretaria<\/span><\/td>\n<td style=\"height: 25px;border-color: #050000;text-align: left;background-color: #98fb98\"><span style=\"color: #000000;font-size: 14pt;font-family: 'book antiqua', palatino, serif\">Jim\u00e9nez Mu\u00f1oz, M\u00aa Esther<br \/>\n<\/span><\/td>\n<\/tr>\n<tr style=\"background-color: #98fb98\">\n<td style=\"height: 25px;border-color: #050000;text-align: left;background-color: #98fb98\">\n<div><span style=\"color: #000000;font-size: 14pt;font-family: 'book antiqua', palatino, serif\">Representaci\u00f3n del profesorado<\/span><\/div>\n<\/td>\n<td style=\"height: 25px;border-color: #050000;text-align: left;background-color: #98fb98\"><span style=\"font-family: 'book antiqua', palatino, serif\"><span style=\"color: #000000;font-size: 14pt\">Bonilla Alcaide, Pedro Jos\u00e9<\/span><\/span><span style=\"font-family: 'book antiqua', palatino, serif\"><span style=\"font-size: 14pt\"><span style=\"color: #000000\">Cazorla Godoy<\/span><span style=\"color: #000000\">, Jorge<\/span><\/span><\/span><span style=\"font-family: 'book antiqua', palatino, serif\"><span style=\"color: #000000;font-size: 14pt\">Chicano S\u00e1nchez, Ana M\u00aa<\/span><\/span><\/p>\n<p><span style=\"color: #000000;font-size: 14pt;font-family: 'book antiqua', palatino, serif\">Jim\u00e9nez Arenas, M\u00aa Jos\u00e9<\/span><\/p>\n<p><span style=\"color: #000000;font-size: 14pt;font-family: 'book antiqua', palatino, serif\">Mart\u00edn carrillo, Cristina<\/span><\/p>\n<p><span style=\"color: #000000;font-size: 14pt;font-family: 'book antiqua', palatino, serif\">Palomo Men\u00e9ndez, Yolanda<\/span><\/p>\n<p><span style=\"color: #000000;font-size: 14pt;font-family: 'book antiqua', palatino, serif\">Trujillo Campos, Juan Jos\u00e9<\/span><\/p>\n<p><span style=\"color: #000000;font-size: 14pt;font-family: 'book antiqua', palatino, serif\">Palma Fern\u00e1ndez, Mar\u00eda Jos\u00e9<\/span><\/td>\n<\/tr>\n<tr style=\"background-color: #98fb98\">\n<td style=\"height: 25px;border-color: #050000;text-align: left;background-color: #98fb98\">\n<div><span style=\"color: #000000;font-size: 14pt;font-family: 'book antiqua', palatino, serif\">Representaci\u00f3n de Madres y Padres<\/span><\/div>\n<\/td>\n<td style=\"height: 25px;border-color: #050000;text-align: left;background-color: #98fb98\"><span style=\"font-family: 'book antiqua', palatino, serif\"><span style=\"color: #000000;font-size: 14pt\">Bachs D\u00edaz, Ester<\/span><\/span><span style=\"font-family: 'book antiqua', palatino, serif\"><span style=\"color: #000000;font-size: 14pt\">Cobo Fern\u00e1ndez, Manuel Jos\u00e9<\/span><\/span><span style=\"font-family: 'book antiqua', palatino, serif\"><span style=\"color: #000000;font-size: 14pt\">Garc\u00eda Fortes, Inmaculada<\/span><\/span><\/p>\n<p><span style=\"color: #000000;font-size: 14pt;font-family: 'book antiqua', palatino, serif\">Hu\u00e9scar Sheemy, Heidi<\/span><\/p>\n<p><span style=\"color: #000000;font-size: 14pt;font-family: 'book antiqua', palatino, serif\">L\u00f3pez M\u00e9ndez, M\u00aa Lourdes<br \/>\n<\/span><\/p>\n<p><span style=\"color: #000000;font-size: 14pt;font-family: 'book antiqua', palatino, serif\">Lorenzo-Arroyo Poullet, F\u00ba Javier<\/span><\/p>\n<p><span style=\"color: #000000;font-size: 14pt;font-family: 'book antiqua', palatino, serif\">Portales Pinto, M\u00aa Eugenia<br \/>\n<\/span><\/p>\n<p><span style=\"color: #000000;font-size: 14pt;font-family: 'book antiqua', palatino, serif\">Saint Supery Ceano Vivas de, Amelia<\/span><\/p>\n<p><span style=\"color: #000000;font-size: 14pt;font-family: 'book antiqua', palatino, serif\">Valverde Fern\u00e1ndez, M\u00aa Bel\u00e9n (AMPA)<\/span><\/td>\n<\/tr>\n<tr style=\"background-color: #98fb98\">\n<td style=\"height: 25px;border-color: #050000;text-align: left;background-color: #98fb98\">\n<div>\n<p style=\"text-align: left\"><span style=\"color: #000000\"><span style=\"font-size: 14pt;font-family: 'book antiqua', palatino, serif\">Representaci\u00f3n\u00a0<\/span><span style=\"font-size: 14pt;font-family: 'book antiqua', palatino, serif\">personal de adm. y serv.<\/span><\/span><\/p>\n<p>&nbsp;<\/p>\n<\/div>\n<\/td>\n<td style=\"height: 25px;border-color: #050000;text-align: left;background-color: #98fb98\"><span style=\"color: #000000;font-size: 14pt;font-family: 'book antiqua', palatino, serif\">Rando Rodr\u00edguez, Jos\u00e9 Guillermo<\/span><\/td>\n<\/tr>\n<tr style=\"background-color: #98fb98\">\n<td style=\"height: 25px;border-color: #050000;text-align: left;background-color: #98fb98\">\n<div><span style=\"color: #000000\">\u00a0<\/span><\/div>\n<div><span style=\"color: #000000\">\u00a0<\/span><\/div>\n<div><span style=\"font-size: 14pt;font-family: 'book antiqua', palatino, serif;color: #000000\">Representaci\u00f3n de la adm\u00f3n local<\/span><\/div>\n<p><span style=\"font-size: 14pt;font-family: 'book antiqua', palatino, serif;color: #000000\">\u00a0<\/span><\/td>\n<td style=\"height: 25px;border-color: #050000;text-align: left;background-color: #98fb98\"><span style=\"font-size: 14pt;font-family: 'book antiqua', palatino, serif;color: #000000\">P\u00e9rez Garc\u00eda, Jose Luis<br \/>\n<\/span><\/td>\n<\/tr>\n<\/tbody>\n<\/table>\n<\/div>\n","protected":false},"excerpt":{"rendered":"<p>Consejo Escolar Presidenta del C.E y Directora del CEIP Garnica Ram\u00edrez, Carmen Jefa de estudios G\u00e1mez Co\u00edn, Lorena Secretaria Jim\u00e9nez Mu\u00f1oz, M\u00aa Esther Representaci\u00f3n del profesorado Bonilla Alcaide, Pedro Jos\u00e9Cazorla Godoy, JorgeChicano S\u00e1nchez, Ana M\u00aa Jim\u00e9nez Arenas, M\u00aa Jos\u00e9 Mart\u00edn carrillo, Cristina&#46;&#46;&#46;<\/p>\n","protected":false},"author":2825,"featured_media":0,"parent":0,"menu_order":0,"comment_status":"open","ping_status":"open","template":"page-templates\/child-menu.php","meta":{"ngg_post_thumbnail":0,"footnotes":"","_mc_calendar":[]},"aioseo_notices":[],"_links":{"self":[{"href":"https:\/\/blogsaverroes.juntadeandalucia.es\/ceipjosefinaaldecoa\/wp-json\/wp\/v2\/pages\/2079"}],"collection":[{"href":"https:\/\/blogsaverroes.juntadeandalucia.es\/ceipjosefinaaldecoa\/wp-json\/wp\/v2\/pages"}],"about":[{"href":"https:\/\/blogsaverroes.juntadeandalucia.es\/ceipjosefinaaldecoa\/wp-json\/wp\/v2\/types\/page"}],"author":[{"embeddable":true,"href":"https:\/\/blogsaverroes.juntadeandalucia.es\/ceipjosefinaaldecoa\/wp-json\/wp\/v2\/users\/2825"}],"replies":[{"embeddable":true,"href":"https:\/\/blogsaverroes.juntadeandalucia.es\/ceipjosefinaaldecoa\/wp-json\/wp\/v2\/comments?post=2079"}],"version-history":[{"count":16,"href":"https:\/\/blogsaverroes.juntadeandalucia.es\/ceipjosefinaaldecoa\/wp-json\/wp\/v2\/pages\/2079\/revisions"}],"predecessor-version":[{"id":3108,"href":"https:\/\/blogsaverroes.juntadeandalucia.es\/ceipjosefinaaldecoa\/wp-json\/wp\/v2\/pages\/2079\/revisions\/3108"}],"wp:attachment":[{"href":"https:\/\/blogsaverroes.juntadeandalucia.es\/ceipjosefinaaldecoa\/wp-json\/wp\/v2\/media?parent=2079"}],"curies":[{"name":"wp","href":"https:\/\/api.w.org\/{rel}","templated":true}]}}

<div></div>
<div>
<table style="width: 945px;height: 1173px;border: 5px solid #030000" border="5" cellspacing="4" cellpadding="4">
<tbody>
<tr style="background-color: #006400">
<td style="background-color: #008000;height: 25px;border-color: #050000" colspan="2">
<div style="text-align: center"><span style="font-family: Verdana, Arial, Helvetica, sans-serif;color: #ffffff;font-size: 24pt"><strong>Consejo Escolar</strong></span></div>
</td>
</tr>
<tr style="background-color: #98fb98">
<td style="height: 25px;border-color: #050000;text-align: left;background-color: #98fb98">
<div><span style="color: #000000;font-size: 14pt;font-family: 'book antiqua', palatino, serif">Presidenta del C.E y Directora del CEIP</span></div>
</td>
<td style="height: 25px;border-color: #050000;text-align: left;background-color: #98fb98"><span style="color: #000000;font-size: 14pt;font-family: 'book antiqua', palatino, serif">Garnica Ramírez, Carmen</span></td>
</tr>
<tr style="background-color: #98fb98">
<td style="height: 25px;border-color: #050000;text-align: left;background-color: #98fb98"><span style="color: #000000;font-size: 14pt;font-family: 'book antiqua', palatino, serif">Jefa de estudios</span></td>
<td style="height: 25px;border-color: #050000;text-align: left;background-color: #98fb98"><span style="color: #000000;font-size: 14pt;font-family: 'book antiqua', palatino, serif">Gámez Coín, Lorena </span></td>
</tr>
<tr style="background-color: #98fb98">
<td style="height: 25px;border-color: #050000;text-align: left;background-color: #98fb98"><span style="color: #000000;font-size: 14pt;font-family: 'book antiqua', palatino, serif">Secretaria</span></td>
<td style="height: 25px;border-color: #050000;text-align: left;background-color: #98fb98"><span style="color: #000000;font-size: 14pt;font-family: 'book antiqua', palatino, serif">Jiménez Muñoz, Mª Esther<br />
</span></td>
</tr>
<tr style="background-color: #98fb98">
<td style="height: 25px;border-color: #050000;text-align: left;background-color: #98fb98">
<div><span style="color: #000000;font-size: 14pt;font-family: 'book antiqua', palatino, serif">Representación del profesorado</span></div>
</td>
<td style="height: 25px;border-color: #050000;text-align: left;background-color: #98fb98"><span style="font-family: 'book antiqua', palatino, serif"><span style="color: #000000;font-size: 14pt">Bonilla Alcaide, Pedro José</span></span><span style="font-family: 'book antiqua', palatino, serif"><span style="font-size: 14pt"><span style="color: #000000">Cazorla Godoy</span><span style="color: #000000">, Jorge</span></span></span><span style="font-family: 'book antiqua', palatino, serif"><span style="color: #000000;font-size: 14pt">Chicano Sánchez, Ana Mª</span></span></p>
<p><span style="color: #000000;font-size: 14pt;font-family: 'book antiqua', palatino, serif">Jiménez Arenas, Mª José</span></p>
<p><span style="color: #000000;font-size: 14pt;font-family: 'book antiqua', palatino, serif">Martín carrillo, Cristina</span></p>
<p><span style="color: #000000;font-size: 14pt;font-family: 'book antiqua', palatino, serif">Palomo Menéndez, Yolanda</span></p>
<p><span style="color: #000000;font-size: 14pt;font-family: 'book antiqua', palatino, serif">Trujillo Campos, Juan José</span></p>
<p><span style="color: #000000;font-size: 14pt;font-family: 'book antiqua', palatino, serif">Palma Fernández, María José</span></td>
</tr>
<tr style="background-color: #98fb98">
<td style="height: 25px;border-color: #050000;text-align: left;background-color: #98fb98">
<div><span style="color: #000000;font-size: 14pt;font-family: 'book antiqua', palatino, serif">Representación de Madres y Padres</span></div>
</td>
<td style="height: 25px;border-color: #050000;text-align: left;background-color: #98fb98"><span style="font-family: 'book antiqua', palatino, serif"><span style="color: #000000;font-size: 14pt">Bachs Díaz, Ester</span></span><span style="font-family: 'book antiqua', palatino, serif"><span style="color: #000000;font-size: 14pt">Cobo Fernández, Manuel José</span></span><span style="font-family: 'book antiqua', palatino, serif"><span style="color: #000000;font-size: 14pt">García Fortes, Inmaculada</span></span></p>
<p><span style="color: #000000;font-size: 14pt;font-family: 'book antiqua', palatino, serif">Huéscar Sheemy, Heidi</span></p>
<p><span style="color: #000000;font-size: 14pt;font-family: 'book antiqua', palatino, serif">López Méndez, Mª Lourdes<br />
</span></p>
<p><span style="color: #000000;font-size: 14pt;font-family: 'book antiqua', palatino, serif">Lorenzo-Arroyo Poullet, Fº Javier</span></p>
<p><span style="color: #000000;font-size: 14pt;font-family: 'book antiqua', palatino, serif">Portales Pinto, Mª Eugenia<br />
</span></p>
<p><span style="color: #000000;font-size: 14pt;font-family: 'book antiqua', palatino, serif">Saint Supery Ceano Vivas de, Amelia</span></p>
<p><span style="color: #000000;font-size: 14pt;font-family: 'book antiqua', palatino, serif">Valverde Fernández, Mª Belén (AMPA)</span></td>
</tr>
<tr style="background-color: #98fb98">
<td style="height: 25px;border-color: #050000;text-align: left;background-color: #98fb98">
<div>
<p style="text-align: left"><span style="color: #000000"><span style="font-size: 14pt;font-family: 'book antiqua', palatino, serif">Representación </span><span style="font-size: 14pt;font-family: 'book antiqua', palatino, serif">personal de adm. y serv.</span></span></p>
<p>&nbsp;</p>
</div>
</td>
<td style="height: 25px;border-color: #050000;text-align: left;background-color: #98fb98"><span style="color: #000000;font-size: 14pt;font-family: 'book antiqua', palatino, serif">Rando Rodríguez, José Guillermo</span></td>
</tr>
<tr style="background-color: #98fb98">
<td style="height: 25px;border-color: #050000;text-align: left;background-color: #98fb98">
<div><span style="color: #000000"> </span></div>
<div><span style="color: #000000"> </span></div>
<div><span style="font-size: 14pt;font-family: 'book antiqua', palatino, serif;color: #000000">Representación de la admón local</span></div>
<p><span style="font-size: 14pt;font-family: 'book antiqua', palatino, serif;color: #000000"> </span></td>
<td style="height: 25px;border-color: #050000;text-align: left;background-color: #98fb98"><span style="font-size: 14pt;font-family: 'book antiqua', palatino, serif;color: #000000">Pérez García, Jose Luis<br />
</span></td>
</tr>
</tbody>
</table>
</div>

<p>Consejo Escolar Presidenta del C.E y Directora del CEIP Garnica Ramírez, Carmen Jefa de estudios Gámez Coín, Lorena Secretaria Jiménez Muñoz, Mª Esther Representación del profesorado Bonilla Alcaide, Pedro JoséCazorla Godoy, JorgeChicano Sánchez, Ana Mª Jiménez Arenas, Mª José Martín carrillo, Cristina&#46;&#46;&#46;</p>
