{"id":2114,"date":"2016-01-14T02:00:13","date_gmt":"2016-01-14T02:00:13","guid":{"rendered":"http:\/\/blogsaverroes.juntadeandalucia.es\/ceipjosefinaaldecoa\/?page_id=2114"},"modified":"2017-11-27T20:29:45","modified_gmt":"2017-11-27T20:29:45","slug":"nuestro-nombre","status":"publish","type":"page","link":"https:\/\/blogsaverroes.juntadeandalucia.es\/ceipjosefinaaldecoa\/nuestro-nombre\/","title":{"rendered":"Nuestro nombre\u2026"},"content":{"rendered":"<h1 style=\"text-align: center\"><span style=\"font-size: 22pt\"><strong><span style=\"color: #000000\">C.E.I.P Josefina Aldecoa<\/span><\/strong><\/span><\/h1>\n<p style=\"text-align: justify\"><span style=\"font-family: 'book antiqua', palatino, serif;font-size: 14pt;color: #000000\"><strong>! Estimado visitante !<\/strong><\/span><\/p>\n<p style=\"text-align: justify\"><span style=\"font-family: 'book antiqua', palatino, serif;font-size: 14pt;color: #000000\">Hacer referencia en nuestra p\u00e1gina web al <strong>nombre de nuestro centro<\/strong>&nbsp;nos parece fundamental. El nombre de un colegio, de un centro educativo dice algo, da sentido, guarda ideas\u2026Por ello, desde que me notificaron que ejercer\u00eda la direcci\u00f3n del mismo comenc\u00e9 a pensar y a buscar. Por supuesto conoc\u00eda la obra de Josefina Aldecoa, su maravilloso libro <strong><em>\u201cHistoria de una maestra\u201d<\/em><\/strong>, su trayectoria literaria, pedag\u00f3gica y fundadora de su propio colegio llamado \u201cEstilo\u201d y, adem\u00e1s, era mujer. La figura femenina siempre ha estado ligada a la ense\u00f1anza. Y me pareci\u00f3 el mejor referente pedag\u00f3gico, literario, hist\u00f3rico y femenino, toda una vida dedicada a la ense\u00f1anza, la literatura y el arte. Un homenaje a la mujer maestra. Y as\u00ed lo plante\u00e9&nbsp; y fue aprobado por el Claustro del profesorado, Consejo Escolar, Ayuntamiento, propuesto a la Delegaci\u00f3n y aprobado en BOJA. Como vemos, toda esta propuesta lleva su proceso. Pero\u2026<strong>\u00bfQui\u00e9n es Josefina Aldecoa?<\/strong><\/span><span style=\"font-family: 'book antiqua', palatino, serif;font-size: 14pt;color: #000000\"><br \/>\n<\/span><\/p>\n<p style=\"text-align: center\"><a href=\"http:\/\/blogsaverroes.juntadeandalucia.es\/ceipjosefinaaldecoa\/nuestro-nombre\/josefina-aldecoa\/\" rel=\"attachment wp-att-8232\"><img loading=\"lazy\" decoding=\"async\" class=\"aligncenter size-full wp-image-8232\" src=\"https:\/\/blogsaverroes.juntadeandalucia.es\/ceipjosefinaaldecoa\/files\/2016\/01\/josefina-aldecoa.jpg\" alt=\"\" width=\"249\" height=\"322\" srcset=\"https:\/\/blogsaverroes.juntadeandalucia.es\/ceipjosefinaaldecoa\/files\/2016\/01\/josefina-aldecoa.jpg 249w, https:\/\/blogsaverroes.juntadeandalucia.es\/ceipjosefinaaldecoa\/files\/2016\/01\/josefina-aldecoa-232x300.jpg 232w, https:\/\/blogsaverroes.juntadeandalucia.es\/ceipjosefinaaldecoa\/files\/2016\/01\/josefina-aldecoa-19x24.jpg 19w, https:\/\/blogsaverroes.juntadeandalucia.es\/ceipjosefinaaldecoa\/files\/2016\/01\/josefina-aldecoa-28x36.jpg 28w, https:\/\/blogsaverroes.juntadeandalucia.es\/ceipjosefinaaldecoa\/files\/2016\/01\/josefina-aldecoa-37x48.jpg 37w\" sizes=\"(max-width: 249px) 100vw, 249px\" \/><\/a><\/p>\n<p style=\"text-align: justify\"><span style=\"font-family: 'book antiqua', palatino, serif;font-size: 14pt;color: #000000\"><strong>Josefa Rodr\u00edguez \u00c1lvarez<\/strong> (<span style=\"text-decoration: underline\"><strong>Josefina Aldecoa<\/strong><\/span>) nace en La Robla (Le\u00f3n) un 8 de marzo de 1926 (por cierto, d\u00eda de la Mujer Trabajadora). Muere en 16 de marzo&nbsp;de&nbsp;2011.&nbsp;Fue&nbsp;escritora, pedagoga y directora del Colegio Estilo.&nbsp;&nbsp;&nbsp;&nbsp;&nbsp;&nbsp;&nbsp;&nbsp;&nbsp;&nbsp;&nbsp;<\/span><\/p>\n<p style=\"text-align: justify\"><span style=\"font-family: 'book antiqua', palatino, serif;font-size: 14pt;color: #000000\">Proven\u00eda de familia de maestras: su madre y su abuela eran maestras y participaban de la ideolog\u00eda de la Instituci\u00f3n Libre de Ense\u00f1anza, instituci\u00f3n que naci\u00f3 a finales del siglo XIX con idea de renovar la educaci\u00f3n en Espa\u00f1a. Vivi\u00f3 en Le\u00f3n, donde form\u00f3 parte de un grupo literario. Se traslada a Madrid en 1944 y estudia Filosof\u00eda y Letras, se doctor\u00f3 en Pedagog\u00eda por la Universidad de Madrid sobre la relaci\u00f3n infantil con el arte. Entra en contacto con un grupo de escritores que formar\u00edan parte de la Generaci\u00f3n de los 50: Carmen Mart\u00edn Gaite, Rafael S\u00e1nchez Ferlosio, Alfonso Sastre, Jes\u00fas Fern\u00e1ndez Santos e <strong>Ignacio Aldecoa<\/strong>, <strong>con quien se cas\u00f3 en 1952 y del que tom\u00f3 su apellido<\/strong> \u2013 pero solo despu\u00e9s de su enviudamiento en 1969, dejando la R de Rodr\u00edguez (Josefina R. Aldecoa) \u2013 y con el que tuvo una hija (Susana Aldecoa, actual directora del Colegio Estilo).&nbsp; &nbsp;&nbsp;<\/span><\/p>\n<p style=\"text-align: justify\"><span style=\"font-family: 'book antiqua', palatino, serif;font-size: 14pt;color: #000000\"><strong>En 1959 funda en Madrid el Colegio Estilo<\/strong> inspir\u00e1ndose en las ideas vertidas en su tesis de pedagog\u00eda, en los colegios que hab\u00eda visto en Inglaterra y Estados Unidos y en las ideas educativas del Krausismo, base ideol\u00f3gica de la Instituci\u00f3n Libre de Ense\u00f1anza<strong><em>.\u201dQuer\u00eda algo muy humanista, dando mucha importancia a la literatura, las letras, el arte; un colegio que fuera muy refinado culturalmente, muy libre\u2026\u201d.<\/em><\/strong> Ya entonces era mixto y se buscaba <strong><em>\u201cayudar a los ni\u00f1os y las ni\u00f1as a crecer d\u00e1ndoles la oportunidad de que desarrollen al m\u00e1ximo sus capacidades, que suelen ir unidad<\/em><\/strong> <strong><em>a sus aficiones\u201d.<\/em><\/strong> Estos principios, como los muros entre los que se transmiten, se han mantenido firmes: <strong><em>\u201cLa ense\u00f1anza no cambia. Las leyes, los proyectos curriculares y los libros pueden hacerlo; el amor a la lectura y a la pintura, el compa\u00f1erismo, la capacidad de superaci\u00f3n y la generosidad son inmutables.<\/em><\/strong>\u201d. En una entrevista comenta: <strong><em>\u201cAntes que nada distingamos entre educaci\u00f3n y ense\u00f1anza. La educaci\u00f3n la dan los padres. Las normas de conducta, las creencias, los principios y la \u00e9tica; ah\u00ed est\u00e1 todo. Y se educa desde el primer a\u00f1o de la vida del ni\u00f1o. La infancia entera es decisiva, pero no podemos olvidar que \u00e9sta empieza desde el nacimiento. La ense\u00f1anza por su parte es un apoyo a la educaci\u00f3n. Es la transmisi\u00f3n de conocimientos. Pero no se puede sustituir, ni aunque quisiera podr\u00eda hacerlo, la acci\u00f3n de la familia. Ambas se conjugan en procurar felicidad, y entiendo por felicidad la satisfacci\u00f3n de aprender a hacer algo que merezca la pena. Me da igual que sea escalar una monta\u00f1a o hacer un transplante de coraz\u00f3n\u201d<\/em><\/strong>&nbsp; &nbsp; &nbsp; &nbsp; &nbsp;<\/span><\/p>\n<p style=\"text-align: justify\"><span style=\"font-family: 'book antiqua', palatino, serif;font-size: 14pt;color: #000000\">En 1969 muri\u00f3 su marido y permaneci\u00f3 10 a\u00f1os en los que abandon\u00f3 la escritura dedic\u00e1ndose a la docencia, hasta que en 1981 volvi\u00f3 a publicar una edici\u00f3n cr\u00edtica de una selecci\u00f3n de cuentos de Ignacio Aldecoa, su marido. Y desde entonces no ha par\u00f3 de escribir. Obtuvo varios premios importantes a lo largo de su vida.<\/span><\/p>\n<p style=\"text-align: justify\"><span style=\"font-family: 'book antiqua', palatino, serif;font-size: 14pt;color: #000000\">Entre sus obras destacan: \u201cEl Arte del ni\u00f1o\u201d (1960), \u201cLos ni\u00f1os de la Guerra\u201d (1983), \u201cLa enredadera\u201d (1984), \u201cPorque \u00e9ramos j\u00f3venes\u201d (1986), \u201cHistoria de una maestra\u201d (1990), \u201cMujeres de negro\u201d (1994), \u201cLa fuerza del destino\u201d (1997), \u201cConfesiones de una abuela\u201d (1998), \u201cLa educaci\u00f3n de nuestros hijos\u201d (2001), \u201cEn la distancia\u201d (2004), \u201cHermanas\u201d (2008) y varios cuentos infantiles.<\/span><\/p>\n<p style=\"text-align: justify\"><span style=\"font-family: 'book antiqua', palatino, serif;font-size: 14pt;color: #000000\">Por todo ello, creemos que nuestro centro tiene el nombre de una <strong>mujer muy ligada a la educaci\u00f3n, a la cultura, a la humanidad y a la defensa de unos valores democr\u00e1ticos<\/strong>; es decir, un maravilloso y adecuado referente pedag\u00f3gico para una instituci\u00f3n que se dedica a lo mejor de la sociedad y de las familias: los ni\u00f1os y las ni\u00f1as.<\/span><\/p>\n<p style=\"text-align: center\"><span style=\"font-family: 'book antiqua', palatino, serif;font-size: 14pt;color: #000000\">&nbsp;&nbsp;&nbsp;&nbsp;&nbsp;&nbsp;&nbsp;&nbsp;&nbsp;&nbsp;&nbsp;&nbsp;&nbsp;&nbsp;&nbsp;&nbsp;&nbsp;&nbsp;&nbsp;&nbsp;&nbsp;&nbsp;&nbsp;&nbsp;&nbsp;&nbsp;&nbsp;&nbsp;&nbsp;&nbsp;&nbsp;&nbsp;&nbsp;&nbsp;&nbsp;&nbsp;&nbsp;&nbsp;&nbsp;&nbsp;&nbsp;&nbsp;&nbsp;&nbsp;&nbsp;&nbsp;&nbsp;&nbsp;&nbsp;&nbsp;&nbsp;&nbsp;&nbsp;&nbsp;&nbsp;&nbsp;&nbsp;&nbsp;&nbsp;&nbsp;&nbsp;&nbsp;&nbsp;&nbsp;&nbsp;&nbsp;&nbsp;&nbsp;&nbsp;&nbsp;&nbsp;&nbsp;&nbsp;&nbsp;&nbsp;&nbsp;&nbsp;&nbsp;&nbsp;&nbsp;&nbsp; To\u00f1i Gonz\u00e1lez<\/span><\/p>\n<p style=\"text-align: center\"><span style=\"font-family: 'book antiqua', palatino, serif;font-size: 14pt;color: #000000\">&nbsp; &nbsp; &nbsp; &nbsp; &nbsp; &nbsp; &nbsp; &nbsp; &nbsp; &nbsp; &nbsp; &nbsp; &nbsp; &nbsp; &nbsp; &nbsp; &nbsp; &nbsp; &nbsp; &nbsp; &nbsp; &nbsp; &nbsp; &nbsp; &nbsp; &nbsp; &nbsp; &nbsp; &nbsp; &nbsp; &nbsp; &nbsp; &nbsp; &nbsp; &nbsp; &nbsp; &nbsp; &nbsp; &nbsp; &nbsp; &nbsp; &nbsp; &nbsp; &nbsp;Directora del C.E.I.P. \u201cJosefina Aldecoa\u201d <\/span><\/p>\n<p style=\"text-align: center\"><span style=\"font-family: 'book antiqua', palatino, serif;font-size: 14pt;color: #000000\">&nbsp; &nbsp; &nbsp; &nbsp; &nbsp; &nbsp; &nbsp; &nbsp; &nbsp; &nbsp; &nbsp; &nbsp; &nbsp; &nbsp; &nbsp; &nbsp; &nbsp; &nbsp; &nbsp; &nbsp; &nbsp; &nbsp; &nbsp; &nbsp; &nbsp; &nbsp; &nbsp; &nbsp; &nbsp; &nbsp; &nbsp; &nbsp; &nbsp; &nbsp; &nbsp; &nbsp; &nbsp; &nbsp; &nbsp; &nbsp; &nbsp;2007-2015<\/span><\/p>\n","protected":false},"excerpt":{"rendered":"<p>C.E.I.P Josefina Aldecoa ! Estimado visitante ! Hacer referencia en nuestra p\u00e1gina web al nombre de nuestro centro&nbsp;nos parece fundamental. El nombre de un colegio, de un centro educativo dice algo, da sentido, guarda ideas\u2026Por ello, desde que me notificaron que ejercer\u00eda&#46;&#46;&#46;<\/p>\n","protected":false},"author":2825,"featured_media":0,"parent":0,"menu_order":0,"comment_status":"open","ping_status":"open","template":"","meta":{"ngg_post_thumbnail":0,"footnotes":"","_mc_calendar":[]},"aioseo_notices":[],"_links":{"self":[{"href":"https:\/\/blogsaverroes.juntadeandalucia.es\/ceipjosefinaaldecoa\/wp-json\/wp\/v2\/pages\/2114"}],"collection":[{"href":"https:\/\/blogsaverroes.juntadeandalucia.es\/ceipjosefinaaldecoa\/wp-json\/wp\/v2\/pages"}],"about":[{"href":"https:\/\/blogsaverroes.juntadeandalucia.es\/ceipjosefinaaldecoa\/wp-json\/wp\/v2\/types\/page"}],"author":[{"embeddable":true,"href":"https:\/\/blogsaverroes.juntadeandalucia.es\/ceipjosefinaaldecoa\/wp-json\/wp\/v2\/users\/2825"}],"replies":[{"embeddable":true,"href":"https:\/\/blogsaverroes.juntadeandalucia.es\/ceipjosefinaaldecoa\/wp-json\/wp\/v2\/comments?post=2114"}],"version-history":[{"count":4,"href":"https:\/\/blogsaverroes.juntadeandalucia.es\/ceipjosefinaaldecoa\/wp-json\/wp\/v2\/pages\/2114\/revisions"}],"predecessor-version":[{"id":8234,"href":"https:\/\/blogsaverroes.juntadeandalucia.es\/ceipjosefinaaldecoa\/wp-json\/wp\/v2\/pages\/2114\/revisions\/8234"}],"wp:attachment":[{"href":"https:\/\/blogsaverroes.juntadeandalucia.es\/ceipjosefinaaldecoa\/wp-json\/wp\/v2\/media?parent=2114"}],"curies":[{"name":"wp","href":"https:\/\/api.w.org\/{rel}","templated":true}]}}