{"id":2119,"date":"2016-01-01T22:16:38","date_gmt":"2016-01-01T22:16:38","guid":{"rendered":"http:\/\/blogsaverroes.juntadeandalucia.es\/ceipjosefinaaldecoa\/?page_id=2119"},"modified":"2016-01-14T02:49:57","modified_gmt":"2016-01-14T02:49:57","slug":"bienvenida","status":"publish","type":"page","link":"https:\/\/blogsaverroes.juntadeandalucia.es\/ceipjosefinaaldecoa\/bienvenida\/","title":{"rendered":"Bienvenida"},"content":{"rendered":"<p style=\"text-align: justify\"><span style=\"font-size: 14pt;font-family: 'book antiqua', palatino, serif;color: #000000\"><strong>Bienvenido, navegante, gracias por visitar nuestra p\u00e1gina web&#8230;<\/strong><\/span><\/p>\n<p style=\"text-align: justify\"><span style=\"font-size: 14pt;font-family: 'book antiqua', palatino, serif;color: #000000\">Todo el Claustro\u00a0de docentes\u00a0del C.E.I.P \u00abJosefina Aldecoa\u00bb\u00a0quiere <strong>expresarte el agradecimiento por tu visita<\/strong> y abrirte las puertas de nuestro Colegio.<\/span><\/p>\n<p style=\"text-align: justify\"><span style=\"font-size: 14pt;font-family: 'book antiqua', palatino, serif;color: #000000\">Con la puesta en funcionamiento de esta p\u00e1gina, <strong>se cumple uno m\u00e1s de los objetivos<\/strong> que ten\u00edamos propuestos para acercar nuestro Centro a todos los miembros de la Comunidad Educativa y, muy especialmente a las Familias.<\/span><\/p>\n<p style=\"text-align: justify\"><span style=\"font-size: 14pt;font-family: 'book antiqua', palatino, serif;color: #000000\">Somos conscientes de que<strong> no podemos permanecer ajenos al avance<\/strong> de las nuevas tecnolog\u00edas, y que debemos hacer los esfuerzos necesarios para utilizarlas con finalidades educativas, pues no cabe duda que gracias a ellas se nos abre ante nosotros un mundo de informaci\u00f3n que antes era dif\u00edcil de alcanzar.<\/span><\/p>\n<p style=\"text-align: justify\"><span style=\"font-size: 14pt;font-family: 'book antiqua', palatino, serif;color: #000000\">Tanto la Direcci\u00f3n del Centro como el Claustro del Profesorado <strong>van a poner todo su empe\u00f1o<\/strong> en conseguir que estas p\u00e1ginas se doten de unos contenidos que sean atractivos para todos y todas, sobre todo, que sirvan de ayuda para dar a <strong>conocer todo cuanto ocurre en nuestro Centro.<\/strong><\/span><\/p>\n<p style=\"text-align: justify\"><span style=\"font-size: 14pt;font-family: 'book antiqua', palatino, serif;color: #000000\">Nuestra intenci\u00f3n es que este portal web sea un medio, no s\u00f3lo de transmisi\u00f3n de informaci\u00f3n est\u00e1tica, sino de constante actualizaci\u00f3n y puesta al d\u00eda de nuestras actividades. Deseamos que sea una forma m\u00e1s para establecer relaciones cordiales y de transmisi\u00f3n de inquietudes e ideales.<\/span><\/p>\n<p style=\"text-align: justify\"><span style=\"font-size: 14pt;font-family: 'book antiqua', palatino, serif;color: #000000\">Estamos a su disposici\u00f3n.<\/span><\/p>\n<p style=\"text-align: justify\"><span style=\"font-size: 14pt;font-family: 'book antiqua', palatino, serif;color: #000000\">\u00a0\u00a0\u00a0\u00a0\u00a0\u00a0\u00a0\u00a0\u00a0\u00a0\u00a0\u00a0\u00a0\u00a0\u00a0\u00a0\u00a0\u00a0\u00a0\u00a0\u00a0\u00a0\u00a0\u00a0\u00a0\u00a0\u00a0\u00a0\u00a0\u00a0\u00a0\u00a0\u00a0\u00a0\u00a0\u00a0\u00a0\u00a0\u00a0\u00a0\u00a0\u00a0\u00a0\u00a0\u00a0\u00a0\u00a0\u00a0\u00a0\u00a0\u00a0\u00a0\u00a0\u00a0\u00a0\u00a0\u00a0\u00a0\u00a0\u00a0\u00a0\u00a0\u00a0\u00a0\u00a0\u00a0 <strong>El Claustro de Maestras y Maestros<\/strong><\/span><\/p>\n","protected":false},"excerpt":{"rendered":"<p>Bienvenido, navegante, gracias por visitar nuestra p\u00e1gina web&#8230; Todo el Claustro\u00a0de docentes\u00a0del C.E.I.P \u00abJosefina Aldecoa\u00bb\u00a0quiere expresarte el agradecimiento por tu visita y abrirte las puertas de nuestro Colegio. Con la puesta en funcionamiento de esta p\u00e1gina, se cumple uno m\u00e1s de los&#46;&#46;&#46;<\/p>\n","protected":false},"author":2825,"featured_media":0,"parent":0,"menu_order":0,"comment_status":"open","ping_status":"open","template":"","meta":{"ngg_post_thumbnail":0,"footnotes":"","_mc_calendar":[]},"aioseo_notices":[],"_links":{"self":[{"href":"https:\/\/blogsaverroes.juntadeandalucia.es\/ceipjosefinaaldecoa\/wp-json\/wp\/v2\/pages\/2119"}],"collection":[{"href":"https:\/\/blogsaverroes.juntadeandalucia.es\/ceipjosefinaaldecoa\/wp-json\/wp\/v2\/pages"}],"about":[{"href":"https:\/\/blogsaverroes.juntadeandalucia.es\/ceipjosefinaaldecoa\/wp-json\/wp\/v2\/types\/page"}],"author":[{"embeddable":true,"href":"https:\/\/blogsaverroes.juntadeandalucia.es\/ceipjosefinaaldecoa\/wp-json\/wp\/v2\/users\/2825"}],"replies":[{"embeddable":true,"href":"https:\/\/blogsaverroes.juntadeandalucia.es\/ceipjosefinaaldecoa\/wp-json\/wp\/v2\/comments?post=2119"}],"version-history":[{"count":3,"href":"https:\/\/blogsaverroes.juntadeandalucia.es\/ceipjosefinaaldecoa\/wp-json\/wp\/v2\/pages\/2119\/revisions"}],"predecessor-version":[{"id":2127,"href":"https:\/\/blogsaverroes.juntadeandalucia.es\/ceipjosefinaaldecoa\/wp-json\/wp\/v2\/pages\/2119\/revisions\/2127"}],"wp:attachment":[{"href":"https:\/\/blogsaverroes.juntadeandalucia.es\/ceipjosefinaaldecoa\/wp-json\/wp\/v2\/media?parent=2119"}],"curies":[{"name":"wp","href":"https:\/\/api.w.org\/{rel}","templated":true}]}}

<p style="text-align: justify"><span style="font-size: 14pt;font-family: 'book antiqua', palatino, serif;color: #000000"><strong>Bienvenido, navegante, gracias por visitar nuestra página web&#8230;</strong></span></p>
<p style="text-align: justify"><span style="font-size: 14pt;font-family: 'book antiqua', palatino, serif;color: #000000">Todo el Claustro de docentes del C.E.I.P «Josefina Aldecoa» quiere <strong>expresarte el agradecimiento por tu visita</strong> y abrirte las puertas de nuestro Colegio.</span></p>
<p style="text-align: justify"><span style="font-size: 14pt;font-family: 'book antiqua', palatino, serif;color: #000000">Con la puesta en funcionamiento de esta página, <strong>se cumple uno más de los objetivos</strong> que teníamos propuestos para acercar nuestro Centro a todos los miembros de la Comunidad Educativa y, muy especialmente a las Familias.</span></p>
<p style="text-align: justify"><span style="font-size: 14pt;font-family: 'book antiqua', palatino, serif;color: #000000">Somos conscientes de que<strong> no podemos permanecer ajenos al avance</strong> de las nuevas tecnologías, y que debemos hacer los esfuerzos necesarios para utilizarlas con finalidades educativas, pues no cabe duda que gracias a ellas se nos abre ante nosotros un mundo de información que antes era difícil de alcanzar.</span></p>
<p style="text-align: justify"><span style="font-size: 14pt;font-family: 'book antiqua', palatino, serif;color: #000000">Tanto la Dirección del Centro como el Claustro del Profesorado <strong>van a poner todo su empeño</strong> en conseguir que estas páginas se doten de unos contenidos que sean atractivos para todos y todas, sobre todo, que sirvan de ayuda para dar a <strong>conocer todo cuanto ocurre en nuestro Centro.</strong></span></p>
<p style="text-align: justify"><span style="font-size: 14pt;font-family: 'book antiqua', palatino, serif;color: #000000">Nuestra intención es que este portal web sea un medio, no sólo de transmisión de información estática, sino de constante actualización y puesta al día de nuestras actividades. Deseamos que sea una forma más para establecer relaciones cordiales y de transmisión de inquietudes e ideales.</span></p>
<p style="text-align: justify"><span style="font-size: 14pt;font-family: 'book antiqua', palatino, serif;color: #000000">Estamos a su disposición.</span></p>
<p style="text-align: justify"><span style="font-size: 14pt;font-family: 'book antiqua', palatino, serif;color: #000000">                                                                   <strong>El Claustro de Maestras y Maestros</strong></span></p>

<p>Bienvenido, navegante, gracias por visitar nuestra página web&#8230; Todo el Claustro de docentes del C.E.I.P «Josefina Aldecoa» quiere expresarte el agradecimiento por tu visita y abrirte las puertas de nuestro Colegio. Con la puesta en funcionamiento de esta página, se cumple uno más de los&#46;&#46;&#46;</p>
