{"id":35,"date":"2016-01-01T08:21:43","date_gmt":"2016-01-01T08:21:43","guid":{"rendered":"http:\/\/blogsaverroes.juntadeandalucia.es\/pre\/ceip\/?page_id=35"},"modified":"2022-09-02T03:37:04","modified_gmt":"2022-09-02T03:37:04","slug":"el-centro-2","status":"publish","type":"page","link":"https:\/\/blogsaverroes.juntadeandalucia.es\/ceipjosefinaaldecoa\/el-centro-2\/","title":{"rendered":"Datos del centro"},"content":{"rendered":"<p><iframe loading=\"lazy\" src=\"https:\/\/www.google.com\/maps\/embed?pb=!1m23!1m12!1m3!1d12793.243223631147!2d-4.234098443224721!3d36.71509608554568!2m3!1f0!2f0!3f0!3m2!1i1024!2i768!4f13.1!4m8!3e6!4m0!4m5!1s0xd725aba36a2148d%3A0xde85b73a5d1b698!2sceip+josefina+aldecoa!3m2!1d36.716606999999996!2d-4.246415!5e0!3m2!1ses!2ses!4v1452716352105\" width=\"552\" height=\"414\" frameborder=\"0\"><\/iframe><\/p>\n<h2><span style=\"color: #000000;font-size: 20pt\">CEIP Josefina Aldecoa<\/span><\/h2>\n<p style=\"text-align: justify\"><span style=\"font-size: 14pt;color: #000000\"><strong><span style=\"text-decoration: underline\">Direcci\u00f3n<\/span>:<\/strong><\/span><\/p>\n<p style=\"text-align: justify\"><span style=\"font-size: 14pt;color: #000000\">Calle Putt s\/n. (Urb. A\u00f1oreta Golf)<\/span><\/p>\n<p style=\"text-align: justify\"><span style=\"font-size: 14pt;color: #000000\">29738 Torre de Benagalb\u00f3n<\/span><\/p>\n<p style=\"text-align: justify\"><span style=\"font-size: 14pt;color: #000000\">M\u00e1laga<\/span><\/p>\n<p style=\"text-align: justify\"><span style=\"font-size: 14pt;color: #000000\"><strong>Tel\u00e9fono: &nbsp;951 29 43 72<\/strong><\/span><br \/>\n<span style=\"font-size: 14pt;color: #000000\"> <strong>Email:<\/strong>&nbsp;<strong><span style=\"color: #3366ff\"><a style=\"color: #3366ff\" href=\"mailto:29009417.edu@juntadeandalucia.es\" target=\"_blank\" rel=\"noopener noreferrer\">29009417.edu@juntadeandalucia.es<\/a><\/span><\/strong><\/span><\/p>\n<p style=\"text-align: justify\"><span style=\"color: #000000;font-size: 18pt\">&nbsp;<span style=\"font-size: 16pt\">SECRETAR\u00cdA: <\/span><\/span><a href=\"mailto:29009417.secretaria.edu@juntadeandalucia.es\"><span style=\"color: #0000ff;font-size: 14pt\"><strong>29009417.secretaria.edu@juntadeandalucia.es<\/strong><\/span><\/a><\/p>\n<h4 style=\"text-align: justify\"><span style=\"font-size: 14pt;color: #000000\"><strong><span style=\"text-decoration: underline\">Horarios<\/span>:<\/strong><\/span><\/h4>\n<ul style=\"text-align: justify\">\n<li><span style=\"font-size: 14pt;color: #000000\"><strong>Actividades lectivas-clases<\/strong>: 9:00 &#8211; 14:00 h.<\/span><\/li>\n<\/ul>\n<p style=\"text-align: justify\"><span style=\"font-size: 14pt;color: #000000\">Otros Servicios del centro:<\/span><\/p>\n<ul style=\"text-align: justify\">\n<li><span style=\"font-size: 14pt;color: #000000\">Aula matinal: 7:00h &#8211; 9:00 h<\/span><\/li>\n<li><span style=\"font-size: 14pt;color: #000000\">Comedor: 14:00- 16:00 h.<\/span><\/li>\n<li><span style=\"font-size: 14pt;color: #000000\">Actividades extraescolares: 16:00-18:00 h<\/span><\/li>\n<\/ul>\n<h4 style=\"text-align: justify\"><span style=\"font-size: 14pt;color: #000000\"><strong><span style=\"text-decoration: underline\">Oferta educativa<\/span>:<\/strong><\/span><\/h4>\n<p style=\"text-align: justify\"><span style=\"font-size: 14pt;color: #000000\">Centro P\u00fablico de Educaci\u00f3n <strong>Infantil y Primaria<\/strong>.<\/span><\/p>\n<p style=\"text-align: justify\"><span style=\"font-size: 14pt;color: #000000\">Titularidad: Consejer\u00eda de Educaci\u00f3n- Junta de Andaluc\u00eda.<\/span><\/p>\n<h4 style=\"text-align: justify\"><span style=\"font-size: 14pt;color: #000000\"><span style=\"text-decoration: underline\">Instalaciones<\/span>:<\/span><\/h4>\n<p style=\"text-align: justify\"><span style=\"font-size: 14pt;color: #000000\">Nuestro colegio se encuentra situado en la localidad costera de Torre de Benagalb\u00f3n, en la costa oriental de la Provincia de M\u00e1laga y dentro de la Comarca de la Axarqu\u00eda.&nbsp;Por supuesto que estamos situados al sur de la provincia de M\u00e1laga, junto al c\u00e1lido Mar Mediterr\u00e1neo y al norte comienzan las primeras estribaciones de las Monta\u00f1as.<\/span><br \/>\n<span style=\"font-size: 14pt;color: #000000\"> Apenas 20 minutos nos separan del centro de M\u00e1laga por la A-7 direcci\u00f3n Almer\u00eda.<\/span><\/p>\n<table style=\"height: 595px\" width=\"330\">\n<tbody>\n<tr>\n<th style=\"text-align: center\" colspan=\"2\">Torre de Benagalb\u00f3n<\/th>\n<\/tr>\n<tr>\n<td colspan=\"2\" align=\"center\">\n<table>\n<tbody>\n<tr>\n<td colspan=\"2\" align=\"center\">\n<div>\n<div>\n<p><img loading=\"lazy\" decoding=\"async\" src=\"http:\/\/upload.wikimedia.org\/wikipedia\/commons\/thumb\/1\/16\/M%C3%A1laga-loc.svg\/266px-M%C3%A1laga-loc.svg.png\" alt=\"Torre de Benagalb\u00f3n en M\u00e1laga\" width=\"266\" height=\"178\"><\/p>\n<div>\n<div><img loading=\"lazy\" decoding=\"async\" src=\"http:\/\/upload.wikimedia.org\/wikipedia\/commons\/thumb\/d\/d2\/Map_pointer.svg\/12px-Map_pointer.svg.png\" alt=\"\" width=\"12\" height=\"12\"><\/div>\n<div>Torre de Benagalb\u00f3n<\/div>\n<\/div>\n<\/div>\n<div>Torre de Benagalb\u00f3n (M\u00e1laga)<\/div>\n<\/div>\n<\/td>\n<\/tr>\n<tr>\n<td>Pa\u00eds<\/td>\n<td><img loading=\"lazy\" decoding=\"async\" src=\"http:\/\/upload.wikimedia.org\/wikipedia\/commons\/thumb\/9\/9a\/Flag_of_Spain.svg\/20px-Flag_of_Spain.svg.png\" alt=\"Flag of Spain.svg\" width=\"20\" height=\"13\">&nbsp;Espa\u00f1a<\/td>\n<\/tr>\n<tr>\n<td>\u2022&nbsp;Com.&nbsp;aut\u00f3noma<\/td>\n<td><img loading=\"lazy\" decoding=\"async\" src=\"http:\/\/upload.wikimedia.org\/wikipedia\/commons\/thumb\/2\/20\/Flag_of_Andaluc%C3%ADa.svg\/20px-Flag_of_Andaluc%C3%ADa.svg.png\" alt=\"Flag of Andaluc\u00eda.svg\" width=\"20\" height=\"13\">&nbsp;Andaluc\u00eda<\/td>\n<\/tr>\n<tr>\n<td>\u2022&nbsp;Provincia<\/td>\n<td><img loading=\"lazy\" decoding=\"async\" src=\"http:\/\/upload.wikimedia.org\/wikipedia\/commons\/thumb\/3\/3d\/Flag_M%C3%A1laga_Province.svg\/20px-Flag_M%C3%A1laga_Province.svg.png\" alt=\"Flag M\u00e1laga Province.svg\" width=\"20\" height=\"13\">&nbsp;M\u00e1laga<\/td>\n<\/tr>\n<tr>\n<td>\u2022&nbsp;Municipio<\/td>\n<td>Rinc\u00f3n de la Victoria<\/td>\n<td>&nbsp;<\/td>\n<\/tr>\n<tr>\n<td>Ubicaci\u00f3n<\/td>\n<td><img loading=\"lazy\" decoding=\"async\" title=\"mostrar el lugar en un mapa interactivo\" src=\"http:\/\/upload.wikimedia.org\/wikipedia\/commons\/thumb\/9\/9a\/Erioll_world.svg\/15px-Erioll_world.svg.png\" alt=\"\" width=\"15\" height=\"15\">36\u00b042\u203242\u2033N <strong>4\u00b014\u203224\u2033O<\/strong><\/td>\n<\/tr>\n<tr>\n<td><strong>Poblaci\u00f3n<\/strong><\/td>\n<td>7.164 hab. (INE 2009)<\/td>\n<\/tr>\n<tr>\n<td>\u2022&nbsp;Densidad<\/td>\n<td>n\/d hab.\/km\u00b2<\/td>\n<\/tr>\n<\/tbody>\n<\/table>\n<\/td>\n<\/tr>\n<\/tbody>\n<\/table>\n<p>&nbsp;<\/p>\n<p>Estamos enclavados dentro del Municipio del Rinc\u00f3n de la Victoria<\/p>\n<p style=\"text-align: justify\"><img loading=\"lazy\" decoding=\"async\" class=\" aligncenter wp-image-2084 size-full\" src=\"http:\/\/blogsaverroes.juntadeandalucia.es\/ceipjosefinaaldecoa\/files\/2015\/03\/mapa-rincon.jpg\" alt=\"mapa rincon\" width=\"700\" height=\"370\" srcset=\"https:\/\/blogsaverroes.juntadeandalucia.es\/ceipjosefinaaldecoa\/files\/2015\/03\/mapa-rincon.jpg 700w, https:\/\/blogsaverroes.juntadeandalucia.es\/ceipjosefinaaldecoa\/files\/2015\/03\/mapa-rincon-300x159.jpg 300w\" sizes=\"(max-width: 700px) 100vw, 700px\" \/><\/p>\n","protected":false},"excerpt":{"rendered":"<p>CEIP Josefina Aldecoa Direcci\u00f3n: Calle Putt s\/n. (Urb. A\u00f1oreta Golf) 29738 Torre de Benagalb\u00f3n M\u00e1laga Tel\u00e9fono: &nbsp;951 29 43 72 Email:&nbsp;29009417.edu@juntadeandalucia.es &nbsp;SECRETAR\u00cdA: 29009417.secretaria.edu@juntadeandalucia.es Horarios: Actividades lectivas-clases: 9:00 &#8211; 14:00 h. Otros Servicios del centro: Aula matinal: 7:00h &#8211; 9:00 h Comedor: 14:00-&#46;&#46;&#46;<\/p>\n","protected":false},"author":1,"featured_media":0,"parent":0,"menu_order":0,"comment_status":"open","ping_status":"open","template":"","meta":{"ngg_post_thumbnail":0,"footnotes":"","_mc_calendar":[]},"aioseo_notices":[],"_links":{"self":[{"href":"https:\/\/blogsaverroes.juntadeandalucia.es\/ceipjosefinaaldecoa\/wp-json\/wp\/v2\/pages\/35"}],"collection":[{"href":"https:\/\/blogsaverroes.juntadeandalucia.es\/ceipjosefinaaldecoa\/wp-json\/wp\/v2\/pages"}],"about":[{"href":"https:\/\/blogsaverroes.juntadeandalucia.es\/ceipjosefinaaldecoa\/wp-json\/wp\/v2\/types\/page"}],"author":[{"embeddable":true,"href":"https:\/\/blogsaverroes.juntadeandalucia.es\/ceipjosefinaaldecoa\/wp-json\/wp\/v2\/users\/1"}],"replies":[{"embeddable":true,"href":"https:\/\/blogsaverroes.juntadeandalucia.es\/ceipjosefinaaldecoa\/wp-json\/wp\/v2\/comments?post=35"}],"version-history":[{"count":30,"href":"https:\/\/blogsaverroes.juntadeandalucia.es\/ceipjosefinaaldecoa\/wp-json\/wp\/v2\/pages\/35\/revisions"}],"predecessor-version":[{"id":15650,"href":"https:\/\/blogsaverroes.juntadeandalucia.es\/ceipjosefinaaldecoa\/wp-json\/wp\/v2\/pages\/35\/revisions\/15650"}],"wp:attachment":[{"href":"https:\/\/blogsaverroes.juntadeandalucia.es\/ceipjosefinaaldecoa\/wp-json\/wp\/v2\/media?parent=35"}],"curies":[{"name":"wp","href":"https:\/\/api.w.org\/{rel}","templated":true}]}}