{"id":99,"date":"2016-01-01T07:22:54","date_gmt":"2016-01-01T07:22:54","guid":{"rendered":"http:\/\/blogsaverroes.juntadeandalucia.es\/pre\/ceip\/?page_id=99"},"modified":"2016-09-21T17:55:39","modified_gmt":"2016-09-21T17:55:39","slug":"comedor-escolar","status":"publish","type":"page","link":"https:\/\/blogsaverroes.juntadeandalucia.es\/ceipjosefinaaldecoa\/comedor-escolar\/","title":{"rendered":"Comedor escolar"},"content":{"rendered":"<h4><span style=\"font-size: 14pt;color: #000000\">Informaci\u00f3n sobre el comedor escolar<\/span><\/h4>\n<p><span style=\"font-size: 14pt;color: #000000\">Los comedores escolares son un servicio complementario que resulta de gran utilidad a padres y madres para ayudarles a\u00a0conciliar la vida laboral y familiar. Tienen una duraci\u00f3n de hasta dos horas desde que acaba la jornada escolar de la ma\u00f1ana (de 14.00 a 16.00 horas).<\/span><\/p>\n<p><span style=\"font-size: 14pt;color: #000000\"><strong>La empresa catering\u00a0<\/strong><strong>es \u00abMEDITERRANEA\u00bb<br \/>\n<\/strong><\/span><\/p>\n<ul>\n<li><span style=\"font-size: 14pt\"><strong><span style=\"color: #000000\">Correo:<\/span> <a href=\"mailto:administracion@mediterranea-catering.es\" target=\"_blank\">administracion@mediterranea-catering.es<\/a><\/strong><\/span><\/li>\n<li><span style=\"font-size: 14pt;color: #000000\"><strong>Tel\u00e9fono: <\/strong>952038248<\/span><\/li>\n<li><span style=\"font-size: 14pt;color: #000000\"><strong>Fax: <\/strong>952627359<\/span><\/li>\n<\/ul>\n<p><span style=\"font-size: 14pt;color: #000000\"><strong>Horario de Comedor<\/strong>: De Lunes a Viernes, de <strong>14:00 a 16:00<\/strong> de la tarde.<\/span><\/p>\n<p><span style=\"font-size: 14pt;color: #000000\">Coordinadora\u00a0del servicio en el centro: Pilar D\u00edaz.<\/span><\/p>\n<p><span style=\"font-size: 14pt;color: #000000\">El horario de recogida del alumnado\u00a0que\u00a0utiliza este servicio de Comedor es:<\/span><\/p>\n<ul>\n<li><span style=\"font-size: 14pt;color: #000000\">Primera salida: 14:55\u00a0hasta las 15:15\u00a0h<\/span><\/li>\n<li><span style=\"font-size: 14pt;color: #000000\">Segunda salida: 15:45 hasta las 16:00\u00a0h<\/span><\/li>\n<\/ul>\n<p><span style=\"font-size: 14pt;color: #000000\">Para cualquier consulta o <strong>modificaci\u00f3n<\/strong> del servicio ponerse en contacto con la empresa adjudicataria del mismo en el siguiente tel\u00e9fono: <strong>952038248<\/strong><\/span><\/p>\n<p><span style=\"font-size: 14pt\"><a href=\"https:\/\/drive.google.com\/file\/d\/0B78x1ibxJ0uRZ0VrNF85TkhxeEU\/view?usp=sharing\" target=\"_blank\">Carta a las familia 16\/17<\/a><\/span><\/p>\n<p><a href=\"https:\/\/drive.google.com\/file\/d\/0B78x1ibxJ0uROWgtdjVVZ2xaR3M\/view?usp=sharing\" target=\"_blank\">MEN\u00da (Periodo 1)<\/a> Curso 16\/17<\/p>\n<p style=\"text-align: justify\"><span style=\"text-decoration: underline\"><span style=\"color: #000000;font-size: 14pt\"><strong>Servicio de comedor<\/strong><\/span><\/span><\/p>\n<p style=\"text-align: justify\"><span style=\"color: #000000;font-size: 14pt\">Informamos a todos los padres, madres y alumn@s que Mediterr\u00e1nea de Catering Group es el responsable de la gesti\u00f3n del comedor para el curso 2016-2017.<\/span><\/p>\n<p style=\"text-align: justify\"><span style=\"color: #000000;font-size: 14pt\">Los recibos de las cuotas del comedor se emitir\u00e1n el \u00faltimo d\u00eda del mes, a excepci\u00f3n de los primeros meses de servicio que no se podr\u00e1n emitir hasta que no se publiquen las subvenciones de cada usuario.<\/span><\/p>\n<p style=\"text-align: justify\"><span style=\"color: #000000;font-size: 14pt\">El pago del comedor se realizar\u00e1 solo y exclusivamente a trav\u00e9s de domiciliaci\u00f3n bancaria.<\/span><\/p>\n<p style=\"text-align: justify\"><span style=\"color: #000000;font-size: 14pt\">Aquellos usuarios que no disponga de n\u00famero de cta. bancaria causar\u00e1n baja inmediata en el comedor.<\/span><\/p>\n<p style=\"text-align: justify\"><span style=\"color: #000000;font-size: 14pt\">Por causas motivadas de impago de recibo, la empresa adjudicataria del servicio podr\u00e1 autorizar en conjunto con el Centro la baja temporal o definitiva de los usuarios del servicio de comedor.<\/span><\/p>\n<p style=\"text-align: justify\"><span style=\"color: #000000;font-size: 14pt\">En el supuesto de falta de asistencia (d\u00edas sueltos), el comensal deber\u00e1 abonar:<\/span><\/p>\n<p style=\"text-align: justify\"><span style=\"color: #000000;font-size: 14pt\">&#8211; el 100%, si no existe preaviso.<\/span><\/p>\n<p style=\"text-align: justify\"><span style=\"color: #000000;font-size: 14pt\"><strong>La notificaci\u00f3n de la No asistencia o faltas este curso se debe de tramitar a trav\u00e9s de nosotros y no del colegio para evitar intermediarios.<\/strong><\/span><\/p>\n<p style=\"text-align: justify\"><span style=\"color: #000000;font-size: 14pt\">Tambi\u00e9n informamos que el horario del comedor es de 14:00 a 16:00, aquellos ni\u00f1os que no sean retirados en el horario establecido tendremos que dejarlos en guardia y custodia de la Polic\u00eda Local.<\/span><\/p>\n<p style=\"text-align: justify\"><span style=\"color: #000000;font-size: 14pt\">Le recordamos que nuestro personal no dejar\u00e1 pasar bajo ning\u00fan concepto a madres, padres o alumnos dentro del centro para recoger ning\u00fan enser olvidado en las aulas.<\/span><\/p>\n<p style=\"text-align: justify\"><span style=\"color: #000000;font-size: 14pt\">Si el alumno requiere una dieta especial debe aportar informe del alerg\u00f3logo y la dieta la recibir\u00e1n en el centro a los 10 d\u00edas de la recepci\u00f3n del informe m\u00e9dico.<\/span><\/p>\n<p style=\"text-align: justify\"><span style=\"color: #000000;font-size: 14pt\">Si tienen cualquier duda o desean realizar alguna consulta o notificar la ausencia o solicitud de dieta especial del alumn@ pueden ponerse en contacto con nosotros al n\u00famero 952 03 82 48 o al correo electr\u00f3nico;<\/span><\/p>\n<p style=\"text-align: justify\"><span style=\"color: #000000;font-size: 14pt\">administracion.andalucia@mediterranea-catering.es<\/span><\/p>\n<p style=\"text-align: justify\"><span style=\"color: #000000;font-size: 14pt\"><strong>Atentamente<\/strong><\/span><\/p>\n<p style=\"text-align: justify\"><span style=\"color: #000000;font-size: 14pt\"><strong>Responsable del \u00e1rea de Educaci\u00f3n<\/strong><\/span><\/p>\n<p style=\"text-align: justify\"><span style=\"color: #000000;font-size: 14pt\"><strong>Francisco Espa\u00f1a.<\/strong><\/span><\/p>\n<p>&nbsp;<\/p>\n","protected":false},"excerpt":{"rendered":"<p>Informaci\u00f3n sobre el comedor escolar Los comedores escolares son un servicio complementario que resulta de gran utilidad a padres y madres para ayudarles a\u00a0conciliar la vida laboral y familiar. Tienen una duraci\u00f3n de hasta dos horas desde que acaba la jornada escolar&#46;&#46;&#46;<\/p>\n","protected":false},"author":1,"featured_media":0,"parent":0,"menu_order":0,"comment_status":"open","ping_status":"open","template":"page-templates\/child-menu.php","meta":{"ngg_post_thumbnail":0,"footnotes":"","_mc_calendar":[]},"aioseo_notices":[],"_links":{"self":[{"href":"https:\/\/blogsaverroes.juntadeandalucia.es\/ceipjosefinaaldecoa\/wp-json\/wp\/v2\/pages\/99"}],"collection":[{"href":"https:\/\/blogsaverroes.juntadeandalucia.es\/ceipjosefinaaldecoa\/wp-json\/wp\/v2\/pages"}],"about":[{"href":"https:\/\/blogsaverroes.juntadeandalucia.es\/ceipjosefinaaldecoa\/wp-json\/wp\/v2\/types\/page"}],"author":[{"embeddable":true,"href":"https:\/\/blogsaverroes.juntadeandalucia.es\/ceipjosefinaaldecoa\/wp-json\/wp\/v2\/users\/1"}],"replies":[{"embeddable":true,"href":"https:\/\/blogsaverroes.juntadeandalucia.es\/ceipjosefinaaldecoa\/wp-json\/wp\/v2\/comments?post=99"}],"version-history":[{"count":11,"href":"https:\/\/blogsaverroes.juntadeandalucia.es\/ceipjosefinaaldecoa\/wp-json\/wp\/v2\/pages\/99\/revisions"}],"predecessor-version":[{"id":5859,"href":"https:\/\/blogsaverroes.juntadeandalucia.es\/ceipjosefinaaldecoa\/wp-json\/wp\/v2\/pages\/99\/revisions\/5859"}],"wp:attachment":[{"href":"https:\/\/blogsaverroes.juntadeandalucia.es\/ceipjosefinaaldecoa\/wp-json\/wp\/v2\/media?parent=99"}],"curies":[{"name":"wp","href":"https:\/\/api.w.org\/{rel}","templated":true}]}}