{"id":2401,"date":"2020-11-25T10:00:33","date_gmt":"2020-11-25T09:00:33","guid":{"rendered":"http:\/\/blogsaverroes.juntadeandalucia.es\/ceipjosegillopez\/?page_id=2401"},"modified":"2020-11-25T10:00:33","modified_gmt":"2020-11-25T09:00:33","slug":"plan-de-igualdad-2","status":"publish","type":"page","link":"https:\/\/blogsaverroes.juntadeandalucia.es\/ceipjosegillopez\/plan-de-igualdad-2\/","title":{"rendered":"PLAN DE IGUALDAD"},"content":{"rendered":"<p>ACTUACIONES\/ACTIVIDADES\/NOTICIAS DEL PLAN DE IGUALDAD DEL CEIP JOS\u00c9 GIL L\u00d3PEZ<\/p>\n<p>P<a href=\"https:\/\/sites.google.com\/u\/0\/d\/1rETCRCgl78Dp2nX-2nKV1uHoeBgmGQfX\/p\/1mZ63ixzrGagd-Cgq6UdN90qLFMxAP6bg\/preview\">INCHAR AQU\u00cd<\/a><\/p>\n","protected":false},"excerpt":{"rendered":"<p>ACTUACIONES\/ACTIVIDADES\/NOTICIAS DEL PLAN DE IGUALDAD DEL CEIP JOS\u00c9 GIL L\u00d3PEZ PINCHAR AQU\u00cd<\/p>\n","protected":false},"author":3729,"featured_media":0,"parent":0,"menu_order":0,"comment_status":"closed","ping_status":"closed","template":"","meta":{"ngg_post_thumbnail":0,"footnotes":"","_mc_calendar":[]},"aioseo_notices":[],"_links":{"self":[{"href":"https:\/\/blogsaverroes.juntadeandalucia.es\/ceipjosegillopez\/wp-json\/wp\/v2\/pages\/2401"}],"collection":[{"href":"https:\/\/blogsaverroes.juntadeandalucia.es\/ceipjosegillopez\/wp-json\/wp\/v2\/pages"}],"about":[{"href":"https:\/\/blogsaverroes.juntadeandalucia.es\/ceipjosegillopez\/wp-json\/wp\/v2\/types\/page"}],"author":[{"embeddable":true,"href":"https:\/\/blogsaverroes.juntadeandalucia.es\/ceipjosegillopez\/wp-json\/wp\/v2\/users\/3729"}],"replies":[{"embeddable":true,"href":"https:\/\/blogsaverroes.juntadeandalucia.es\/ceipjosegillopez\/wp-json\/wp\/v2\/comments?post=2401"}],"version-history":[{"count":1,"href":"https:\/\/blogsaverroes.juntadeandalucia.es\/ceipjosegillopez\/wp-json\/wp\/v2\/pages\/2401\/revisions"}],"predecessor-version":[{"id":2402,"href":"https:\/\/blogsaverroes.juntadeandalucia.es\/ceipjosegillopez\/wp-json\/wp\/v2\/pages\/2401\/revisions\/2402"}],"wp:attachment":[{"href":"https:\/\/blogsaverroes.juntadeandalucia.es\/ceipjosegillopez\/wp-json\/wp\/v2\/media?parent=2401"}],"curies":[{"name":"wp","href":"https:\/\/api.w.org\/{rel}","templated":true}]}}