{"id":428,"date":"2015-03-20T07:06:21","date_gmt":"2015-03-20T07:06:21","guid":{"rendered":"http:\/\/blogsaverroes.juntadeandalucia.es\/pre\/ceip\/?page_id=428"},"modified":"2022-03-10T10:01:55","modified_gmt":"2022-03-10T09:01:55","slug":"ed-primaria-1o-ciclo","status":"publish","type":"page","link":"https:\/\/blogsaverroes.juntadeandalucia.es\/ceipjosegillopez\/ed-primaria-1o-ciclo\/","title":{"rendered":"Ed. Primaria. 1\u00ba ciclo"},"content":{"rendered":"<p><img loading=\"lazy\" decoding=\"async\" class=\"alignnone size-medium wp-image-1615\" src=\"http:\/\/blogsaverroes.juntadeandalucia.es\/ceipjosegillopez\/files\/2015\/03\/educacion1-300x182.jpg\" alt=\"educacion1\" width=\"300\" height=\"182\" srcset=\"https:\/\/blogsaverroes.juntadeandalucia.es\/ceipjosegillopez\/files\/2015\/03\/educacion1-300x182.jpg 300w, https:\/\/blogsaverroes.juntadeandalucia.es\/ceipjosegillopez\/files\/2015\/03\/educacion1.jpg 512w\" sizes=\"(max-width: 300px) 100vw, 300px\" \/><\/p>\n<p>&nbsp;<\/p>\n<p><a title=\"Orden 17\/03\/2015\" href=\"http:\/\/www.adideandalucia.es\/normas\/ordenes\/Orden17marzo2015CurriculoPrimaria.pdf\" target=\"_blank\" rel=\"noopener noreferrer\">&nbsp;Orden de 17 de marzo de 2015<\/a>, por la que se desarrolla el curr\u00edculo correspondiente a la educaci\u00f3n Primaria en Andaluc\u00eda)<\/p>\n<div style=\"text-align: center\">\n<div style=\"margin: 8px 0px 4px\"><a href=\"https:\/\/issuu.com\/johnnymalaga\/docs\/programaci_n_1__ciclo_\">Programaci\u00f3n Did\u00e1ctica 1er Ciclo 2021-2022<\/a><\/div>\n<div>\n<div style=\"text-align: center\">\n<div style=\"margin: 8px 0px 4px\">&nbsp;<\/div>\n<div data-url=\"https:\/\/issuu.com\/josegillopez\/docs\/programaci_n_1_ciclo_21-22\" style=\"width: 500px; height: 354px;\" class=\"issuuembed\"><\/div>\n<p><script type=\"text\/javascript\" src=\"\/\/e.issuu.com\/embed.js\" async=\"true\"><\/script><\/p>\n<\/div>\n<\/div>\n<\/div>\n","protected":false},"excerpt":{"rendered":"<p>&nbsp; &nbsp;Orden de 17 de marzo de 2015, por la que se desarrolla el curr\u00edculo correspondiente a la educaci\u00f3n Primaria en Andaluc\u00eda) Programaci\u00f3n Did\u00e1ctica 1er Ciclo 2021-2022 &nbsp;<\/p>\n","protected":false},"author":1,"featured_media":0,"parent":0,"menu_order":0,"comment_status":"open","ping_status":"open","template":"","meta":{"ngg_post_thumbnail":0,"footnotes":"","_mc_calendar":[]},"aioseo_notices":[],"_links":{"self":[{"href":"https:\/\/blogsaverroes.juntadeandalucia.es\/ceipjosegillopez\/wp-json\/wp\/v2\/pages\/428"}],"collection":[{"href":"https:\/\/blogsaverroes.juntadeandalucia.es\/ceipjosegillopez\/wp-json\/wp\/v2\/pages"}],"about":[{"href":"https:\/\/blogsaverroes.juntadeandalucia.es\/ceipjosegillopez\/wp-json\/wp\/v2\/types\/page"}],"author":[{"embeddable":true,"href":"https:\/\/blogsaverroes.juntadeandalucia.es\/ceipjosegillopez\/wp-json\/wp\/v2\/users\/1"}],"replies":[{"embeddable":true,"href":"https:\/\/blogsaverroes.juntadeandalucia.es\/ceipjosegillopez\/wp-json\/wp\/v2\/comments?post=428"}],"version-history":[{"count":13,"href":"https:\/\/blogsaverroes.juntadeandalucia.es\/ceipjosegillopez\/wp-json\/wp\/v2\/pages\/428\/revisions"}],"predecessor-version":[{"id":2510,"href":"https:\/\/blogsaverroes.juntadeandalucia.es\/ceipjosegillopez\/wp-json\/wp\/v2\/pages\/428\/revisions\/2510"}],"wp:attachment":[{"href":"https:\/\/blogsaverroes.juntadeandalucia.es\/ceipjosegillopez\/wp-json\/wp\/v2\/media?parent=428"}],"curies":[{"name":"wp","href":"https:\/\/api.w.org\/{rel}","templated":true}]}}

Ed. Primaria. 1º ciclo

<p><img loading="lazy" decoding="async" class="alignnone size-medium wp-image-1615" src="http://blogsaverroes.juntadeandalucia.es/ceipjosegillopez/files/2015/03/educacion1-300x182.jpg" alt="educacion1" width="300" height="182" srcset="https://blogsaverroes.juntadeandalucia.es/ceipjosegillopez/files/2015/03/educacion1-300x182.jpg 300w, https://blogsaverroes.juntadeandalucia.es/ceipjosegillopez/files/2015/03/educacion1.jpg 512w" sizes="(max-width: 300px) 100vw, 300px" /></p>
<p>&nbsp;</p>
<p><a title="Orden 17/03/2015" href="http://www.adideandalucia.es/normas/ordenes/Orden17marzo2015CurriculoPrimaria.pdf" target="_blank" rel="noopener noreferrer">&nbsp;Orden de 17 de marzo de 2015</a>, por la que se desarrolla el currículo correspondiente a la educación Primaria en Andalucía)</p>
<div style="text-align: center">
<div style="margin: 8px 0px 4px"><a href="https://issuu.com/johnnymalaga/docs/programaci_n_1__ciclo_">Programación Didáctica 1er Ciclo 2021-2022</a></div>
<div>
<div style="text-align: center">
<div style="margin: 8px 0px 4px">&nbsp;</div>
<div data-url="https://issuu.com/josegillopez/docs/programaci_n_1_ciclo_21-22" style="width: 500px; height: 354px;" class="issuuembed"></div>
<p><script type="text/javascript" src="//e.issuu.com/embed.js" async="true"></script></p>
</div>
</div>
</div>

<p>&nbsp; &nbsp;Orden de 17 de marzo de 2015, por la que se desarrolla el currículo correspondiente a la educación Primaria en Andalucía) Programación Didáctica 1er Ciclo 2021-2022 &nbsp;</p>
