{"id":436,"date":"2015-03-20T07:08:17","date_gmt":"2015-03-20T07:08:17","guid":{"rendered":"http:\/\/blogsaverroes.juntadeandalucia.es\/pre\/ceip\/?page_id=436"},"modified":"2020-11-17T12:57:42","modified_gmt":"2020-11-17T11:57:42","slug":"ed-primaria-3o-ciclo","status":"publish","type":"page","link":"https:\/\/blogsaverroes.juntadeandalucia.es\/ceipjosegillopez\/ed-primaria-3o-ciclo\/","title":{"rendered":"Ed. Primaria. 3\u00ba ciclo"},"content":{"rendered":"<p><img loading=\"lazy\" decoding=\"async\" class=\"alignnone size-medium wp-image-1617\" src=\"http:\/\/blogsaverroes.juntadeandalucia.es\/ceipjosegillopez\/files\/2015\/03\/educacion3-300x161.png\" alt=\"educacion3\" width=\"300\" height=\"161\" srcset=\"https:\/\/blogsaverroes.juntadeandalucia.es\/ceipjosegillopez\/files\/2015\/03\/educacion3-300x161.png 300w, https:\/\/blogsaverroes.juntadeandalucia.es\/ceipjosegillopez\/files\/2015\/03\/educacion3.png 640w\" sizes=\"(max-width: 300px) 100vw, 300px\" \/><\/p>\n<p>&nbsp;<br \/>\n&nbsp; <a title=\"Orden 17\/03\/2015\" href=\"http:\/\/www.adideandalucia.es\/normas\/ordenes\/Orden17marzo2015CurriculoPrimaria.pdf\" target=\"_blank\" rel=\"noopener noreferrer\">Orden de 17 de marzo de 2015<\/a>, por la que se desarrolla el curr\u00edculo correspondiente a la educaci\u00f3n Primaria en Andaluc\u00eda.<\/p>\n<div style=\"text-align: center\">\n<div style=\"margin: 8px 0px 4px\"><a href=\"https:\/\/issuu.com\/johnnymalaga\/docs\/programaci_n_3__ciclo\">Programaci\u00f3n 3\u00ba Ciclo 2020-2021<\/a><\/div>\n<div style=\"text-align: center\">&nbsp;<\/div>\n<div style=\"margin: 4px 0px 8px\"><a href=\"https:\/\/issuu.com\/johnnymalaga\/docs\/programaci_n_3__ciclo\"><img decoding=\"async\" src=\"https:\/\/mm.issuu.com\/document\/201113090923-9a3d251c2e23cf6bda4a3c704225f720\/1\/spread.jpg\" alt=\"https:\/\/mm.issuu.com\/document\/201113090923-9a3d251c2e23cf6bda4a3c704225f720\/1\/spread.jpg\"><\/a><\/div>\n<\/div>\n","protected":false},"excerpt":{"rendered":"<p>&nbsp; &nbsp; Orden de 17 de marzo de 2015, por la que se desarrolla el curr\u00edculo correspondiente a la educaci\u00f3n Primaria en Andaluc\u00eda. Programaci\u00f3n 3\u00ba Ciclo 2020-2021 &nbsp;<\/p>\n","protected":false},"author":1,"featured_media":0,"parent":0,"menu_order":0,"comment_status":"open","ping_status":"open","template":"","meta":{"ngg_post_thumbnail":0,"footnotes":"","_mc_calendar":[]},"aioseo_notices":[],"_links":{"self":[{"href":"https:\/\/blogsaverroes.juntadeandalucia.es\/ceipjosegillopez\/wp-json\/wp\/v2\/pages\/436"}],"collection":[{"href":"https:\/\/blogsaverroes.juntadeandalucia.es\/ceipjosegillopez\/wp-json\/wp\/v2\/pages"}],"about":[{"href":"https:\/\/blogsaverroes.juntadeandalucia.es\/ceipjosegillopez\/wp-json\/wp\/v2\/types\/page"}],"author":[{"embeddable":true,"href":"https:\/\/blogsaverroes.juntadeandalucia.es\/ceipjosegillopez\/wp-json\/wp\/v2\/users\/1"}],"replies":[{"embeddable":true,"href":"https:\/\/blogsaverroes.juntadeandalucia.es\/ceipjosegillopez\/wp-json\/wp\/v2\/comments?post=436"}],"version-history":[{"count":10,"href":"https:\/\/blogsaverroes.juntadeandalucia.es\/ceipjosegillopez\/wp-json\/wp\/v2\/pages\/436\/revisions"}],"predecessor-version":[{"id":2379,"href":"https:\/\/blogsaverroes.juntadeandalucia.es\/ceipjosegillopez\/wp-json\/wp\/v2\/pages\/436\/revisions\/2379"}],"wp:attachment":[{"href":"https:\/\/blogsaverroes.juntadeandalucia.es\/ceipjosegillopez\/wp-json\/wp\/v2\/media?parent=436"}],"curies":[{"name":"wp","href":"https:\/\/api.w.org\/{rel}","templated":true}]}}

Ed. Primaria. 3º ciclo

<p><img loading="lazy" decoding="async" class="alignnone size-medium wp-image-1617" src="http://blogsaverroes.juntadeandalucia.es/ceipjosegillopez/files/2015/03/educacion3-300x161.png" alt="educacion3" width="300" height="161" srcset="https://blogsaverroes.juntadeandalucia.es/ceipjosegillopez/files/2015/03/educacion3-300x161.png 300w, https://blogsaverroes.juntadeandalucia.es/ceipjosegillopez/files/2015/03/educacion3.png 640w" sizes="(max-width: 300px) 100vw, 300px" /></p>
<p>&nbsp;<br />
&nbsp; <a title="Orden 17/03/2015" href="http://www.adideandalucia.es/normas/ordenes/Orden17marzo2015CurriculoPrimaria.pdf" target="_blank" rel="noopener noreferrer">Orden de 17 de marzo de 2015</a>, por la que se desarrolla el currículo correspondiente a la educación Primaria en Andalucía.</p>
<div style="text-align: center">
<div style="margin: 8px 0px 4px"><a href="https://issuu.com/johnnymalaga/docs/programaci_n_3__ciclo">Programación 3º Ciclo 2020-2021</a></div>
<div style="text-align: center">&nbsp;</div>
<div style="margin: 4px 0px 8px"><a href="https://issuu.com/johnnymalaga/docs/programaci_n_3__ciclo"><img decoding="async" src="https://mm.issuu.com/document/201113090923-9a3d251c2e23cf6bda4a3c704225f720/1/spread.jpg" alt="https://mm.issuu.com/document/201113090923-9a3d251c2e23cf6bda4a3c704225f720/1/spread.jpg"></a></div>
</div>

<p>&nbsp; &nbsp; Orden de 17 de marzo de 2015, por la que se desarrolla el currículo correspondiente a la educación Primaria en Andalucía. Programación 3º Ciclo 2020-2021 &nbsp;</p>
