{"id":80,"date":"2015-03-16T06:57:36","date_gmt":"2015-03-16T06:57:36","guid":{"rendered":"http:\/\/blogsaverroes.juntadeandalucia.es\/pre\/ceip\/?page_id=80"},"modified":"2017-02-20T13:25:53","modified_gmt":"2017-02-20T12:25:53","slug":"curso-escolar","status":"publish","type":"page","link":"https:\/\/blogsaverroes.juntadeandalucia.es\/ceipjosegillopez\/curso-escolar\/","title":{"rendered":"Curso escolar"},"content":{"rendered":"<p>El presente curso escolar se ha iniciado con las novedades del descenso de incorporaciones en el primer curso de Infantil de alumnado de 3 a\u00f1os, qued\u00e1ndose en una sola l\u00ednea, y las modificaciones introducidas por el cambio legislativo en varios cursos de Primaria. La llegada de la Ley Org\u00e1nica para la Mejora de la Calidad Educativa (Lomce) impone un reajuste en los horarios ya que introduce la asignatura de Lengua Francesa en los cursos de 3\u00ba y 5\u00ba de Educaci\u00f3n Primaria para el presente curso escolar 2016\/2017.<\/p>\n","protected":false},"excerpt":{"rendered":"<p>El presente curso escolar se ha iniciado con las novedades del descenso de incorporaciones en el primer curso de Infantil de alumnado de 3 a\u00f1os, qued\u00e1ndose en una sola l\u00ednea, y las modificaciones introducidas&#46;&#46;&#46;<\/p>\n","protected":false},"author":1,"featured_media":0,"parent":0,"menu_order":0,"comment_status":"open","ping_status":"open","template":"","meta":{"ngg_post_thumbnail":0,"footnotes":"","_mc_calendar":[]},"aioseo_notices":[],"_links":{"self":[{"href":"https:\/\/blogsaverroes.juntadeandalucia.es\/ceipjosegillopez\/wp-json\/wp\/v2\/pages\/80"}],"collection":[{"href":"https:\/\/blogsaverroes.juntadeandalucia.es\/ceipjosegillopez\/wp-json\/wp\/v2\/pages"}],"about":[{"href":"https:\/\/blogsaverroes.juntadeandalucia.es\/ceipjosegillopez\/wp-json\/wp\/v2\/types\/page"}],"author":[{"embeddable":true,"href":"https:\/\/blogsaverroes.juntadeandalucia.es\/ceipjosegillopez\/wp-json\/wp\/v2\/users\/1"}],"replies":[{"embeddable":true,"href":"https:\/\/blogsaverroes.juntadeandalucia.es\/ceipjosegillopez\/wp-json\/wp\/v2\/comments?post=80"}],"version-history":[{"count":3,"href":"https:\/\/blogsaverroes.juntadeandalucia.es\/ceipjosegillopez\/wp-json\/wp\/v2\/pages\/80\/revisions"}],"predecessor-version":[{"id":2169,"href":"https:\/\/blogsaverroes.juntadeandalucia.es\/ceipjosegillopez\/wp-json\/wp\/v2\/pages\/80\/revisions\/2169"}],"wp:attachment":[{"href":"https:\/\/blogsaverroes.juntadeandalucia.es\/ceipjosegillopez\/wp-json\/wp\/v2\/media?parent=80"}],"curies":[{"name":"wp","href":"https:\/\/api.w.org\/{rel}","templated":true}]}}