{"id":33,"date":"2020-01-10T09:28:18","date_gmt":"2020-01-10T08:28:18","guid":{"rendered":"http:\/\/blogsaverroes.juntadeandalucia.es\/pre\/nuevoies2v2\/?page_id=33"},"modified":"2025-04-10T15:39:43","modified_gmt":"2025-04-10T14:39:43","slug":"ampa","status":"publish","type":"page","link":"https:\/\/blogsaverroes.juntadeandalucia.es\/ceipjosehurtado\/ampa\/","title":{"rendered":"\u00bfQUE ES EL AMPA?"},"content":{"rendered":"<p>El&nbsp;<strong>AMPA<\/strong>&nbsp;es una asociaci\u00f3n sin \u00e1nimo de lucro que formada por los padres y madres de todo el alumnado del Colegio.<\/p>\n<p style=\"text-align: justify\">Desde el AMPA podemos contribuir a la mejora de la calidad de la educaci\u00f3n, la convivencia del centro y de las instalaciones.<\/p>\n<h3>\u00bfPor qu\u00e9 es importante vuestra participaci\u00f3n?<\/h3>\n<p style=\"text-align: justify\">En el colegio existen espacios de participaci\u00f3n, siendo el AMPA &nbsp;el \u00fanico espacio de participaci\u00f3n aut\u00f3nomo de padres y madres. El AMPA es importante porque:<\/p>\n<ul>\n<li style=\"text-align: justify\">Somos corresponsables de la educaci\u00f3n que nuestros hijos\/as reciben en el colegio.<\/li>\n<li style=\"text-align: justify\">Es un espacio para aportar iniciativas y trabajar con la direcci\u00f3n del Centro, sin depender de esta.<\/li>\n<\/ul>\n<h3>\u00bfC\u00f3mo puedes participar?<\/h3>\n<p>Participar en el AMPA es muy f\u00e1cil y cada uno decide el nivel de implicaci\u00f3n.<\/p>\n<ul>\n<li style=\"text-align: justify\">Podemos asociarnos en cualquier momento, aunque se entrega a las familias una ficha de inscripci\u00f3n con la matr\u00edcula en la que se indica la cuota anual por cada familia (la cuota es por familia no por ni\u00f1o\/a)<\/li>\n<li style=\"text-align: justify\">Podemos tambi\u00e9n participar a trav\u00e9s de las asambleas, incorpor\u00e1ndote a las reuniones&nbsp;abiertas que se convoquen.<\/li>\n<li style=\"text-align: justify\">Podemos colaborar en los diferentes grupos de trabajo o&nbsp;en actividades puntuales que se organizan desde el AMPA a lo largo del curso.<\/li>\n<li style=\"text-align: justify\">Podemos proponer iniciativas, plantear temas de debate, organizar actividades, etc., &nbsp;dirigi\u00e9ndote a cualquier miembro de la junta directiva o a trav\u00e9s del blog.<\/li>\n<\/ul>\n<p>Como ves, hay muchas formas de participar y es muy importante que m\u00e1s padres y madres pasemos a la participa-ACCI\u00d3N,&nbsp;&nbsp;de forma activa y colectiva.<\/p>\n<h3>\u00bfPara qu\u00e9 sirve?<\/h3>\n<ul>\n<li style=\"text-align: justify\">Para defender y velar por el derecho a una educaci\u00f3n de calidad, democr\u00e1tica, atendiendo a las necesidades de todos los ni\u00f1os\/as &nbsp;y cr\u00edtica.<\/li>\n<li style=\"text-align: justify\">Para promover la participaci\u00f3n de padres y madres en la vida del centro, defendiendo los intereses del alumnado y de toda la comunidad educativa.<\/li>\n<li style=\"text-align: justify\">Para buscar soluciones de forma colectiva a temas relacionados con la ense\u00f1anza y educaci\u00f3n de nuestros hijos\/as.<\/li>\n<li style=\"text-align: justify\">Para crear espacios de encuentro y trabajo en el resto de la comunidad educativa y con el entorno.<\/li>\n<li style=\"text-align: justify\">Para crear espacios de reflexi\u00f3n y participaci\u00f3n compartida sobre la educaci\u00f3n de nuestros hijos\/as<br \/>\nPara participar en la gesti\u00f3n del colegio.<\/li>\n<\/ul>\n<h3>\u00bfC\u00f3mo se financia?<\/h3>\n<p style=\"text-align: justify\">El AMPA &nbsp;se financia a trav\u00e9s de las cuotas de socios\/as.<br \/>\nLa cuota de socios\/as es el \u00fanico pago que realizan las familias y que gestiona el AMPA para el beneficio exclusivo de la comunidad educativa y en definitiva de la educaci\u00f3n que reciben&nbsp; nuestros hijos\/as en el centro.<\/p>\n<p>&nbsp;<\/p>\n<p style=\"font-weight: 400\">Las asociaciones de padres y madres del alumnado constituidas en cada centro podr\u00e1n:&nbsp;<\/p>\n<ol style=\"font-weight: 400\">\n<li style=\"text-align: justify\">Elevar al Consejo Escolar propuestas para la elaboraci\u00f3n del Plan de Centro.<\/li>\n<li style=\"text-align: justify\">Informar al Consejo Escolar de aquellos aspectos de la marcha del centro que consideren oportunos.<\/li>\n<li style=\"text-align: justify\">Informar a todos los miembros de la comunidad educativa de su actividad.<\/li>\n<li style=\"text-align: justify\">Asistir a los padres, madres o tutores legales del alumnado en todo aquello que concierna a la educaci\u00f3n de sus hijos e hijas o pupilos.<\/li>\n<li style=\"text-align: justify\">Colaborar en la actividad educativa del centro.<\/li>\n<li style=\"text-align: justify\">Recibir informaci\u00f3n del Consejo Escolar sobre los temas tratados por el mismo, as\u00ed como recibir el orden del d\u00eda de las reuniones de dicho Consejo antes de su realizaci\u00f3n, con el objeto de poder elaborar propuestas.<\/li>\n<li style=\"text-align: justify\">Elaborar informes para el Consejo Escolar a iniciativa propia o a petici\u00f3n de este.<\/li>\n<li style=\"text-align: justify\">Formular propuestas para la realizaci\u00f3n de actividades complementarias y extraescolares y colaborar en el desarrollo de las mismas.<\/li>\n<li style=\"text-align: justify\">Conocer los resultados acad\u00e9micos globales y la valoraci\u00f3n que de los mismos realice el Consejo Escolar.<\/li>\n<li style=\"text-align: justify\">Recibir un ejemplar del Plan de Centro y de sus modificaciones, as\u00ed como de la memoria de autoevaluaci\u00f3n.<\/li>\n<li style=\"text-align: justify\">Recibir informaci\u00f3n de las actividades y r\u00e9gimen de funcionamiento del centro, as\u00ed como de las evaluaciones de que haya podido ser objeto.<\/li>\n<li style=\"text-align: justify\">Recibir informaci\u00f3n sobre los libros de texto y los materiales did\u00e1cticos adoptados por el instituto.<\/li>\n<li style=\"text-align: justify\">Fomentar la colaboraci\u00f3n entre todos los miembros de la comunidad educativa.<\/li>\n<li style=\"text-align: justify\">Promover la participaci\u00f3n de los padres y madres del alumnado en la gesti\u00f3n del centro.<\/li>\n<li style=\"text-align: justify\">Utilizar las instalaciones del centro en los t\u00e9rminos que establezca el Consejo Escolar.<\/li>\n<\/ol>\n<p style=\"font-weight: 400;text-align: justify\">Nuestro correo electr\u00f3nico (ampajosehurtado@gmail.com) est\u00e1 en funcionamiento y en breve empezar\u00e9is a recibir noticias de las distintas comisiones. Las reuniones del ampa pasaran a celebrarse el \u00faltimo lunes de cada mes. Os iremos convocando y anim\u00e1ndoos a participar. Por \u00faltimo, os deseamos un buen curso escolar!<\/p>\n","protected":false},"excerpt":{"rendered":"<p>El&nbsp;AMPA&nbsp;es una asociaci\u00f3n sin \u00e1nimo de lucro que formada por los padres y madres de todo el alumnado del Colegio. Desde el AMPA podemos contribuir a la mejora de la calidad de la educaci\u00f3n, la convivencia del centro y de las instalaciones. \u00bfPor qu\u00e9 es importante vuestra participaci\u00f3n? En el colegio existen espacios de participaci\u00f3n, &hellip; <\/p>\n<p class=\"link-more\"><a href=\"https:\/\/blogsaverroes.juntadeandalucia.es\/ceipjosehurtado\/ampa\/\" class=\"more-link\">Continuar leyendo<span class=\"screen-reader-text\"> &#8220;\u00bfQUE ES EL AMPA?&#8221;<\/span><\/a><\/p>\n","protected":false},"author":15506,"featured_media":0,"parent":0,"menu_order":0,"comment_status":"closed","ping_status":"closed","template":"","meta":{"ngg_post_thumbnail":0,"footnotes":""},"aioseo_notices":[],"_links":{"self":[{"href":"https:\/\/blogsaverroes.juntadeandalucia.es\/ceipjosehurtado\/wp-json\/wp\/v2\/pages\/33"}],"collection":[{"href":"https:\/\/blogsaverroes.juntadeandalucia.es\/ceipjosehurtado\/wp-json\/wp\/v2\/pages"}],"about":[{"href":"https:\/\/blogsaverroes.juntadeandalucia.es\/ceipjosehurtado\/wp-json\/wp\/v2\/types\/page"}],"author":[{"embeddable":true,"href":"https:\/\/blogsaverroes.juntadeandalucia.es\/ceipjosehurtado\/wp-json\/wp\/v2\/users\/15506"}],"replies":[{"embeddable":true,"href":"https:\/\/blogsaverroes.juntadeandalucia.es\/ceipjosehurtado\/wp-json\/wp\/v2\/comments?post=33"}],"version-history":[{"count":6,"href":"https:\/\/blogsaverroes.juntadeandalucia.es\/ceipjosehurtado\/wp-json\/wp\/v2\/pages\/33\/revisions"}],"predecessor-version":[{"id":1397,"href":"https:\/\/blogsaverroes.juntadeandalucia.es\/ceipjosehurtado\/wp-json\/wp\/v2\/pages\/33\/revisions\/1397"}],"wp:attachment":[{"href":"https:\/\/blogsaverroes.juntadeandalucia.es\/ceipjosehurtado\/wp-json\/wp\/v2\/media?parent=33"}],"curies":[{"name":"wp","href":"https:\/\/api.w.org\/{rel}","templated":true}]}}