{"id":465,"date":"2020-12-18T08:58:00","date_gmt":"2020-12-18T07:58:00","guid":{"rendered":"https:\/\/blogsaverroes.juntadeandalucia.es\/pre\/plantilla-chalk\/?page_id=465"},"modified":"2023-02-16T11:13:59","modified_gmt":"2023-02-16T10:13:59","slug":"contactar-con-el-centro","status":"publish","type":"page","link":"https:\/\/blogsaverroes.juntadeandalucia.es\/ceipjosehurtado\/contactar-con-el-centro\/","title":{"rendered":"Contactar"},"content":{"rendered":"<p>&nbsp;&nbsp;&nbsp; &nbsp;Si desea ponerse en contacto con nuestro Centro, puede hacerlo usando alguno de los siguientes medios:<\/p>\n<ul>\n<li>Por email:\n<ul>\n<li>18003764.edu@juntadeandalucia.es<\/li>\n<\/ul>\n<\/li>\n<li>Por tel\u00e9fono:\n<ul>\n<li><a href=\"https:\/\/www.google.com\/search?q=ceip+jose+hurtado&amp;rlz=1C1CHBF_esES1023ES1023&amp;oq=ceip+jo&amp;aqs=chrome.0.69i59j46i175i199i512j69i57j46i175i199i512l2j69i60l3.1328j0j7&amp;sourceid=chrome&amp;ie=UTF-8#\" data-dtype=\"d3ph\" data-local-attribute=\"d3ph\" data-ved=\"2ahUKEwic-9T24Jn9AhULT6QEHdcQCJwQkAgoAHoECEoQAw\"><span aria-label=\"Llamar al n\u00famero de tel\u00e9fono 958 89 34 84\">958 89 34 84<\/span><\/a><\/li>\n<\/ul>\n<\/li>\n<li>Por correo postal a la direcci\u00f3n: CEIP Jos\u00e9 Hurtado. C\/ Molinos, 55. 18009 Granada.<\/li>\n<\/ul>\n<p><iframe loading=\"lazy\" src=\"https:\/\/www.google.com\/maps\/embed?pb=!1m18!1m12!1m3!1d3179.2010209422792!2d-3.593118385209059!3d37.17169345440029!2m3!1f0!2f0!3f0!3m2!1i1024!2i768!4f13.1!3m3!1m2!1s0xd71fcba76395c5b%3A0x71a9ab8967634c99!2sCEIP%20Jos%C3%A9%20Hurtado!5e0!3m2!1ses!2ses!4v1660127838292!5m2!1ses!2ses\" width=\"100%\" height=\"458\"><\/iframe><\/p>\n","protected":false},"excerpt":{"rendered":"<p>&nbsp;&nbsp;&nbsp; &nbsp;Si desea ponerse en contacto con nuestro Centro, puede hacerlo usando alguno de los siguientes medios: Por email: 18003764.edu@juntadeandalucia.es Por tel\u00e9fono: 958 89 34 84 Por correo postal a la direcci\u00f3n: CEIP Jos\u00e9 Hurtado. C\/ Molinos, 55. 18009 Granada.<\/p>\n","protected":false},"author":15506,"featured_media":0,"parent":0,"menu_order":0,"comment_status":"closed","ping_status":"closed","template":"","meta":{"ngg_post_thumbnail":0,"footnotes":""},"aioseo_notices":[],"_links":{"self":[{"href":"https:\/\/blogsaverroes.juntadeandalucia.es\/ceipjosehurtado\/wp-json\/wp\/v2\/pages\/465"}],"collection":[{"href":"https:\/\/blogsaverroes.juntadeandalucia.es\/ceipjosehurtado\/wp-json\/wp\/v2\/pages"}],"about":[{"href":"https:\/\/blogsaverroes.juntadeandalucia.es\/ceipjosehurtado\/wp-json\/wp\/v2\/types\/page"}],"author":[{"embeddable":true,"href":"https:\/\/blogsaverroes.juntadeandalucia.es\/ceipjosehurtado\/wp-json\/wp\/v2\/users\/15506"}],"replies":[{"embeddable":true,"href":"https:\/\/blogsaverroes.juntadeandalucia.es\/ceipjosehurtado\/wp-json\/wp\/v2\/comments?post=465"}],"version-history":[{"count":8,"href":"https:\/\/blogsaverroes.juntadeandalucia.es\/ceipjosehurtado\/wp-json\/wp\/v2\/pages\/465\/revisions"}],"predecessor-version":[{"id":699,"href":"https:\/\/blogsaverroes.juntadeandalucia.es\/ceipjosehurtado\/wp-json\/wp\/v2\/pages\/465\/revisions\/699"}],"wp:attachment":[{"href":"https:\/\/blogsaverroes.juntadeandalucia.es\/ceipjosehurtado\/wp-json\/wp\/v2\/media?parent=465"}],"curies":[{"name":"wp","href":"https:\/\/api.w.org\/{rel}","templated":true}]}}