{"id":2374,"date":"2021-02-19T17:50:26","date_gmt":"2021-02-19T16:50:26","guid":{"rendered":"https:\/\/blogsaverroes.juntadeandalucia.es\/ceipjosemariadelcampo\/?page_id=2374"},"modified":"2021-09-16T19:39:16","modified_gmt":"2021-09-16T18:39:16","slug":"pasen-3","status":"publish","type":"page","link":"https:\/\/blogsaverroes.juntadeandalucia.es\/ceipjosemariadelcampo\/pasen-3\/","title":{"rendered":"Pasen"},"content":{"rendered":"<p>[et_pb_section fb_built=&#8221;1&#8243; _builder_version=&#8221;4.5.0&#8243; min_height=&#8221;750px&#8221; custom_padding=&#8221;0px||98px|||&#8221; z_index_tablet=&#8221;500&#8243; box_shadow_horizontal_tablet=&#8221;0px&#8221; box_shadow_vertical_tablet=&#8221;0px&#8221; box_shadow_blur_tablet=&#8221;40px&#8221; box_shadow_spread_tablet=&#8221;0px&#8221;][et_pb_row column_structure=&#8221;2_3,1_3&#8243; _builder_version=&#8221;4.5.0&#8243; _module_preset=&#8221;default&#8221; custom_margin=&#8221;|134px||auto||&#8221; border_width_bottom=&#8221;6px&#8221;][et_pb_column type=&#8221;2_3&#8243; _builder_version=&#8221;4.5.0&#8243; _module_preset=&#8221;default&#8221;][et_pb_image src=&#8221;https:\/\/blogsaverroes.juntadeandalucia.es\/ceipjosemariadelcampo\/files\/2020\/02\/PLATAFORMA-pasen-e1613644185695.jpg&#8221; title_text=&#8221;PLATAFORMA pasen&#8221; align=&#8221;center&#8221; _builder_version=&#8221;4.5.0&#8243; _module_preset=&#8221;default&#8221;][\/et_pb_image][\/et_pb_column][et_pb_column type=&#8221;1_3&#8243; _builder_version=&#8221;4.5.0&#8243; _module_preset=&#8221;default&#8221;][et_pb_text _builder_version=&#8221;4.5.0&#8243; _module_preset=&#8221;default&#8221; text_font_size=&#8221;19px&#8221; width=&#8221;116%&#8221; custom_margin=&#8221;100px|95px||-50px|false|false&#8221; custom_padding=&#8221;|0px||0px||&#8221;]<\/p>\n<h1 style=\"text-align: center\"><\/h1>\n<h1 style=\"text-align: center\"><\/h1>\n<h1 style=\"text-align: center\"><span style=\"font-size: 36pt;font-family: verdana, geneva, sans-serif\"><strong>TUTORIALES<\/strong><\/span><\/h1>\n<p>[\/et_pb_text][\/et_pb_column][\/et_pb_row][et_pb_row _builder_version=&#8221;3.25&#8243; background_size=&#8221;initial&#8221; background_position=&#8221;top_left&#8221; background_repeat=&#8221;repeat&#8221; custom_margin=&#8221;|auto|105px|auto||&#8221; locked=&#8221;off&#8221;][et_pb_column type=&#8221;4_4&#8243; _builder_version=&#8221;3.25&#8243; custom_padding=&#8221;|||&#8221; custom_padding__hover=&#8221;|||&#8221;][et_pb_toggle title=&#8221;Introducci\u00f3n a PASEN&#8221; open_toggle_text_color=&#8221;#174912&#8243; closed_toggle_text_color=&#8221;#ffffff&#8221; closed_toggle_background_color=&#8221;#174912&#8243; _builder_version=&#8221;4.5.0&#8243; _module_preset=&#8221;default&#8221; title_font=&#8221;|700|||||||&#8221;]<\/p>\n<p style=\"text-align: justify\">PASEN es un servicio de la Consejer\u00eda de Educaci\u00f3n que permite la comunicaci\u00f3n entre los distintos miembros de la comunidad educativa (tutores\/as legales, alumnado, cargos directivos y profesorado).\u00a0<\/p>\n<p style=\"text-align: justify\">Este servicio de valor a\u00f1adido se apoya en una aplicaci\u00f3n Web que act\u00faa de canal de comunicaci\u00f3n y que ofrece a todos los agentes de\u00a0\u00a0la Comunidad Educativa la posibilidad de mantener un di\u00e1logo fluido y cotidiano, a\u00fan para aquellos que por diversos motivos, \u00a0ya \u00a0sean \u00a0personales, \u00a0laborales \u00a0o \u00a0de cualquier \u00a0otro \u00a0origen, \u00a0no puedan llevarlo a cabo del modo tradicional haciendo efectiva el concepto de la tutor\u00eda electr\u00f3nica.<\/p>\n<p style=\"text-align: justify\"><iframe loading=\"lazy\" src=\"\/\/www.youtube.com\/embed\/7ShGT1uK_Wg\" width=\"480\" height=\"270\" frameborder=\"0\"><\/iframe><\/p>\n<p>[\/et_pb_toggle][et_pb_toggle title=&#8221;iPasen es la versi\u00f3n para m\u00f3viles y tablets de PASEN&#8221; open_toggle_text_color=&#8221;#174912&#8243; closed_toggle_text_color=&#8221;#ffffff&#8221; closed_toggle_background_color=&#8221;#174912&#8243; _builder_version=&#8221;4.5.0&#8243; _module_preset=&#8221;default&#8221; title_font=&#8221;|700|||||||&#8221; hover_enabled=&#8221;0&#8243;]<\/p>\n<section class=\"cuerpo detalle_html\">\n<div class=\"inner_cuerpo\">\n<p>PASEN es el m\u00f3dulo de S\u00e9neca que permite la comunicaci\u00f3n entre los centros educativos y las familias, tutores legales y alumnado.<\/p>\n<p>Pueden descargarse las versiones de iPasen para iOS y Android. Ambas est\u00e1n disponibles en sus respectivos repositorios de la\u00a0<strong>AppStore\u00a0<\/strong>y\u00a0<strong>Google Play<\/strong><\/p>\n<p><span style=\"text-decoration: underline\"><span style=\"color: #3366ff\"><a href=\"https:\/\/view.genial.ly\/5e2ea8fa35ef460490c50afd\" target=\"_blank\" rel=\"noopener noreferrer\" style=\"color: #3366ff\"><strong>Funcionalidades:<\/strong><\/a><\/span><\/span><\/p>\n<ul>\n<li>Acceso con el mismo usuario\/contrase\u00f1a que a la aplicaci\u00f3n web PASEN.<\/li>\n<li>Cambio de contrase\u00f1a y acceso a &#8216;Mis datos&#8217; con toda la informaci\u00f3n de usuario relevante para el sistema.<\/li>\n<li>Acceso a la Mensajer\u00eda interna.<\/li>\n<li>Acceso a la Agenda personal.<\/li>\n<li>Consultas de los datos del centro educativo.<\/li>\n<li>Consulta del Calendario escolar oficial.<\/li>\n<li>Consulta del Tabl\u00f3n de anuncios.<\/li>\n<li>Consulta del Horario escolar de sus hijos.<\/li>\n<li>Consulta, justificaci\u00f3n y comunicaci\u00f3n de ausencias de sus hijos.<\/li>\n<li>Consulta de las Calificaciones en cualquier materia.<\/li>\n<li>Consulta de las actividades evaluables, tareas, controles, etc, creados en los Cuadernos de clase del profesorado.<\/li>\n<li>Consulta de las Observaciones que se hayan introducido por parte del profesorado sobre la marcha de sus hijos.<\/li>\n<li>Recepci\u00f3n de Notificaciones enviadas desde S\u00e9neca por ausencias de sus hijos o cualquier otro tipo de mensaje.<\/li>\n<li>Subida de la foto del alumnado a su ficha.<\/li>\n<\/ul>\n<\/div>\n<\/section>\n<section class=\"section_widget_abaco contenidos cont_relacionados_normativa\">\n<header>\n<h1 class=\"titulo\"><span style=\"font-size: 18pt\">Enlaces de descarga<\/span><\/h1>\n<\/header>\n<div class=\"wrapper-listado vista_listado\">\n<ul class=\"listado\">\n<li class=\"item item_listado\">\n<div class=\"inner-item\"><span style=\"text-decoration: underline;color: #0000ff\">\u00a0<a class=\"ico_enlaceExt\" style=\"color: #0000ff;text-decoration: underline\" title=\"Ir a: iPasen para Android\" href=\"https:\/\/play.google.com\/store\/apps\/details?id=juntadeandalucia.ced.pasen\" target=\"_blank\" rel=\"noopener noreferrer\">iPasen para Android<\/a><\/span><\/div>\n<\/li>\n<li class=\"item item_listado\">\n<div class=\"inner-item\"><span style=\"text-decoration: underline\"><span style=\"color: #0000ff;text-decoration: underline\">\u00a0<a class=\"ico_enlaceExt\" style=\"color: #0000ff;text-decoration: underline\" title=\"Ir a: iPasen para iOS\" href=\"https:\/\/itunes.apple.com\/es\/app\/ipasen\/id511127024?l=en&amp;mt=8\" target=\"_blank\" rel=\"noopener noreferrer\">iPasen para iOS<\/a><\/span><\/span><\/div>\n<\/li>\n<\/ul>\n<\/div>\n<\/section>\n<p>[\/et_pb_toggle][et_pb_toggle title=&#8221;Autologin en  iPASEN&#8221; open_toggle_text_color=&#8221;#174912&#8243; closed_toggle_text_color=&#8221;#ffffff&#8221; closed_toggle_background_color=&#8221;#174912&#8243; _builder_version=&#8221;4.5.0&#8243; _module_preset=&#8221;default&#8221; title_font=&#8221;|700|||||||&#8221;]<\/p>\n<p>Est\u00e1 disponible un nuevo procedimiento de &#8220;autologin&#8221; para usuarios con perfiles tutor\/a legal y alumnado (tanto emancipado como no), mediante el cual cualquier padre\/madre o alumno\/a podr\u00e1 realizar un proceso de &#8220;autologin&#8221; para obtener las credenciales de acceso a PASEN.<\/p>\n<p style=\"text-align: justify\">Para realizar el &#8220;autologin&#8221; a trav\u00e9s de la aplicaci\u00f3n web o de la app iPasen, las familias deber\u00e1n pinchar en el enlace &#8216;No tengo acceso&#8217; de la pantalla de login. Se requerir\u00e1n tres datos: El NIF, una fecha de nacimiento (de algunos de sus hijos\/as o la suya propia) y un n\u00famero de tel\u00e9fono m\u00f3vil donde recibir\u00e1 por SMS las credenciales. Este \u00faltimo deber\u00e1 coincidir con el que consta en S\u00e9neca para los tutores legales o para el alumnado.<\/p>\n<p><img loading=\"lazy\" decoding=\"async\" class=\"aligncenter size-medium wp-image-2196\" src=\"https:\/\/blogsaverroes.juntadeandalucia.es\/ceipjosemariadelcampo\/files\/2021\/02\/PASEN-Consejer\u00eda-de-Educaci\u00f3n-300x265.png\" alt=\"\" width=\"300\" height=\"265\" srcset=\"https:\/\/blogsaverroes.juntadeandalucia.es\/ceipjosemariadelcampo\/files\/2021\/02\/PASEN-Consejer\u00eda-de-Educaci\u00f3n-300x265.png 300w, https:\/\/blogsaverroes.juntadeandalucia.es\/ceipjosemariadelcampo\/files\/2021\/02\/PASEN-Consejer\u00eda-de-Educaci\u00f3n.png 352w\" sizes=\"(max-width: 300px) 100vw, 300px\" \/><\/p>\n<p>Videotutorial sobre c\u00f3mo realizar el autologin en la app iPasen:<\/p>\n<p><iframe loading=\"lazy\" src=\"\/\/www.youtube.com\/embed\/cHLova48ULE\" width=\"480\" height=\"270\" frameborder=\"0\"><\/iframe><\/p>\n<p>[\/et_pb_toggle][\/et_pb_column][\/et_pb_row][\/et_pb_section]<\/p>\n","protected":false},"excerpt":{"rendered":"<p>TUTORIALESPASEN es un servicio de la Consejer\u00eda de Educaci\u00f3n que permite la comunicaci\u00f3n entre los distintos miembros de la comunidad educativa (tutores\/as legales, alumnado, cargos directivos y profesorado).\u00a0 Este servicio de valor a\u00f1adido se apoya en una aplicaci\u00f3n Web que act\u00faa de canal de comunicaci\u00f3n y que ofrece a todos los agentes de\u00a0\u00a0la Comunidad Educativa [&hellip;]<\/p>\n","protected":false},"author":12093,"featured_media":0,"parent":0,"menu_order":0,"comment_status":"closed","ping_status":"closed","template":"","meta":{"_et_pb_use_builder":"on","_et_pb_old_content":"","_et_gb_content_width":"","ngg_post_thumbnail":0,"footnotes":""},"aioseo_notices":[],"_links":{"self":[{"href":"https:\/\/blogsaverroes.juntadeandalucia.es\/ceipjosemariadelcampo\/wp-json\/wp\/v2\/pages\/2374"}],"collection":[{"href":"https:\/\/blogsaverroes.juntadeandalucia.es\/ceipjosemariadelcampo\/wp-json\/wp\/v2\/pages"}],"about":[{"href":"https:\/\/blogsaverroes.juntadeandalucia.es\/ceipjosemariadelcampo\/wp-json\/wp\/v2\/types\/page"}],"author":[{"embeddable":true,"href":"https:\/\/blogsaverroes.juntadeandalucia.es\/ceipjosemariadelcampo\/wp-json\/wp\/v2\/users\/12093"}],"replies":[{"embeddable":true,"href":"https:\/\/blogsaverroes.juntadeandalucia.es\/ceipjosemariadelcampo\/wp-json\/wp\/v2\/comments?post=2374"}],"version-history":[{"count":8,"href":"https:\/\/blogsaverroes.juntadeandalucia.es\/ceipjosemariadelcampo\/wp-json\/wp\/v2\/pages\/2374\/revisions"}],"predecessor-version":[{"id":2808,"href":"https:\/\/blogsaverroes.juntadeandalucia.es\/ceipjosemariadelcampo\/wp-json\/wp\/v2\/pages\/2374\/revisions\/2808"}],"wp:attachment":[{"href":"https:\/\/blogsaverroes.juntadeandalucia.es\/ceipjosemariadelcampo\/wp-json\/wp\/v2\/media?parent=2374"}],"curies":[{"name":"wp","href":"https:\/\/api.w.org\/{rel}","templated":true}]}}

<p>[et_pb_section fb_built=&#8221;1&#8243; _builder_version=&#8221;4.5.0&#8243; min_height=&#8221;750px&#8221; custom_padding=&#8221;0px||98px|||&#8221; z_index_tablet=&#8221;500&#8243; box_shadow_horizontal_tablet=&#8221;0px&#8221; box_shadow_vertical_tablet=&#8221;0px&#8221; box_shadow_blur_tablet=&#8221;40px&#8221; box_shadow_spread_tablet=&#8221;0px&#8221;][et_pb_row column_structure=&#8221;2_3,1_3&#8243; _builder_version=&#8221;4.5.0&#8243; _module_preset=&#8221;default&#8221; custom_margin=&#8221;|134px||auto||&#8221; border_width_bottom=&#8221;6px&#8221;][et_pb_column type=&#8221;2_3&#8243; _builder_version=&#8221;4.5.0&#8243; _module_preset=&#8221;default&#8221;][et_pb_image src=&#8221;https://blogsaverroes.juntadeandalucia.es/ceipjosemariadelcampo/files/2020/02/PLATAFORMA-pasen-e1613644185695.jpg&#8221; title_text=&#8221;PLATAFORMA pasen&#8221; align=&#8221;center&#8221; _builder_version=&#8221;4.5.0&#8243; _module_preset=&#8221;default&#8221;][/et_pb_image][/et_pb_column][et_pb_column type=&#8221;1_3&#8243; _builder_version=&#8221;4.5.0&#8243; _module_preset=&#8221;default&#8221;][et_pb_text _builder_version=&#8221;4.5.0&#8243; _module_preset=&#8221;default&#8221; text_font_size=&#8221;19px&#8221; width=&#8221;116%&#8221; custom_margin=&#8221;100px|95px||-50px|false|false&#8221; custom_padding=&#8221;|0px||0px||&#8221;]</p>
<h1 style="text-align: center"></h1>
<h1 style="text-align: center"></h1>
<h1 style="text-align: center"><span style="font-size: 36pt;font-family: verdana, geneva, sans-serif"><strong>TUTORIALES</strong></span></h1>
<p>[/et_pb_text][/et_pb_column][/et_pb_row][et_pb_row _builder_version=&#8221;3.25&#8243; background_size=&#8221;initial&#8221; background_position=&#8221;top_left&#8221; background_repeat=&#8221;repeat&#8221; custom_margin=&#8221;|auto|105px|auto||&#8221; locked=&#8221;off&#8221;][et_pb_column type=&#8221;4_4&#8243; _builder_version=&#8221;3.25&#8243; custom_padding=&#8221;|||&#8221; custom_padding__hover=&#8221;|||&#8221;][et_pb_toggle title=&#8221;Introducción a PASEN&#8221; open_toggle_text_color=&#8221;#174912&#8243; closed_toggle_text_color=&#8221;#ffffff&#8221; closed_toggle_background_color=&#8221;#174912&#8243; _builder_version=&#8221;4.5.0&#8243; _module_preset=&#8221;default&#8221; title_font=&#8221;|700|||||||&#8221;]</p>
<p style="text-align: justify">PASEN es un servicio de la Consejería de Educación que permite la comunicación entre los distintos miembros de la comunidad educativa (tutores/as legales, alumnado, cargos directivos y profesorado). </p>
<p style="text-align: justify">Este servicio de valor añadido se apoya en una aplicación Web que actúa de canal de comunicación y que ofrece a todos los agentes de  la Comunidad Educativa la posibilidad de mantener un diálogo fluido y cotidiano, aún para aquellos que por diversos motivos,  ya  sean  personales,  laborales  o  de cualquier  otro  origen,  no puedan llevarlo a cabo del modo tradicional haciendo efectiva el concepto de la tutoría electrónica.</p>
<p style="text-align: justify"><iframe loading="lazy" src="//www.youtube.com/embed/7ShGT1uK_Wg" width="480" height="270" frameborder="0"></iframe></p>
<p>[/et_pb_toggle][et_pb_toggle title=&#8221;iPasen es la versión para móviles y tablets de PASEN&#8221; open_toggle_text_color=&#8221;#174912&#8243; closed_toggle_text_color=&#8221;#ffffff&#8221; closed_toggle_background_color=&#8221;#174912&#8243; _builder_version=&#8221;4.5.0&#8243; _module_preset=&#8221;default&#8221; title_font=&#8221;|700|||||||&#8221; hover_enabled=&#8221;0&#8243;]</p>
<section class="cuerpo detalle_html">
<div class="inner_cuerpo">
<p>PASEN es el módulo de Séneca que permite la comunicación entre los centros educativos y las familias, tutores legales y alumnado.</p>
<p>Pueden descargarse las versiones de iPasen para iOS y Android. Ambas están disponibles en sus respectivos repositorios de la <strong>AppStore </strong>y <strong>Google Play</strong></p>
<p><span style="text-decoration: underline"><span style="color: #3366ff"><a href="https://view.genial.ly/5e2ea8fa35ef460490c50afd" target="_blank" rel="noopener noreferrer" style="color: #3366ff"><strong>Funcionalidades:</strong></a></span></span></p>
<ul>
<li>Acceso con el mismo usuario/contraseña que a la aplicación web PASEN.</li>
<li>Cambio de contraseña y acceso a &#8216;Mis datos&#8217; con toda la información de usuario relevante para el sistema.</li>
<li>Acceso a la Mensajería interna.</li>
<li>Acceso a la Agenda personal.</li>
<li>Consultas de los datos del centro educativo.</li>
<li>Consulta del Calendario escolar oficial.</li>
<li>Consulta del Tablón de anuncios.</li>
<li>Consulta del Horario escolar de sus hijos.</li>
<li>Consulta, justificación y comunicación de ausencias de sus hijos.</li>
<li>Consulta de las Calificaciones en cualquier materia.</li>
<li>Consulta de las actividades evaluables, tareas, controles, etc, creados en los Cuadernos de clase del profesorado.</li>
<li>Consulta de las Observaciones que se hayan introducido por parte del profesorado sobre la marcha de sus hijos.</li>
<li>Recepción de Notificaciones enviadas desde Séneca por ausencias de sus hijos o cualquier otro tipo de mensaje.</li>
<li>Subida de la foto del alumnado a su ficha.</li>
</ul>
</div>
</section>
<section class="section_widget_abaco contenidos cont_relacionados_normativa">
<header>
<h1 class="titulo"><span style="font-size: 18pt">Enlaces de descarga</span></h1>
</header>
<div class="wrapper-listado vista_listado">
<ul class="listado">
<li class="item item_listado">
<div class="inner-item"><span style="text-decoration: underline;color: #0000ff"> <a class="ico_enlaceExt" style="color: #0000ff;text-decoration: underline" title="Ir a: iPasen para Android" href="https://play.google.com/store/apps/details?id=juntadeandalucia.ced.pasen" target="_blank" rel="noopener noreferrer">iPasen para Android</a></span></div>
</li>
<li class="item item_listado">
<div class="inner-item"><span style="text-decoration: underline"><span style="color: #0000ff;text-decoration: underline"> <a class="ico_enlaceExt" style="color: #0000ff;text-decoration: underline" title="Ir a: iPasen para iOS" href="https://itunes.apple.com/es/app/ipasen/id511127024?l=en&amp;mt=8" target="_blank" rel="noopener noreferrer">iPasen para iOS</a></span></span></div>
</li>
</ul>
</div>
</section>
<p>[/et_pb_toggle][et_pb_toggle title=&#8221;Autologin en  iPASEN&#8221; open_toggle_text_color=&#8221;#174912&#8243; closed_toggle_text_color=&#8221;#ffffff&#8221; closed_toggle_background_color=&#8221;#174912&#8243; _builder_version=&#8221;4.5.0&#8243; _module_preset=&#8221;default&#8221; title_font=&#8221;|700|||||||&#8221;]</p>
<p>Está disponible un nuevo procedimiento de &#8220;autologin&#8221; para usuarios con perfiles tutor/a legal y alumnado (tanto emancipado como no), mediante el cual cualquier padre/madre o alumno/a podrá realizar un proceso de &#8220;autologin&#8221; para obtener las credenciales de acceso a PASEN.</p>
<p style="text-align: justify">Para realizar el &#8220;autologin&#8221; a través de la aplicación web o de la app iPasen, las familias deberán pinchar en el enlace &#8216;No tengo acceso&#8217; de la pantalla de login. Se requerirán tres datos: El NIF, una fecha de nacimiento (de algunos de sus hijos/as o la suya propia) y un número de teléfono móvil donde recibirá por SMS las credenciales. Este último deberá coincidir con el que consta en Séneca para los tutores legales o para el alumnado.</p>
<p><img loading="lazy" decoding="async" class="aligncenter size-medium wp-image-2196" src="https://blogsaverroes.juntadeandalucia.es/ceipjosemariadelcampo/files/2021/02/PASEN-Consejería-de-Educación-300x265.png" alt="" width="300" height="265" srcset="https://blogsaverroes.juntadeandalucia.es/ceipjosemariadelcampo/files/2021/02/PASEN-Consejería-de-Educación-300x265.png 300w, https://blogsaverroes.juntadeandalucia.es/ceipjosemariadelcampo/files/2021/02/PASEN-Consejería-de-Educación.png 352w" sizes="(max-width: 300px) 100vw, 300px" /></p>
<p>Videotutorial sobre cómo realizar el autologin en la app iPasen:</p>
<p><iframe loading="lazy" src="//www.youtube.com/embed/cHLova48ULE" width="480" height="270" frameborder="0"></iframe></p>
<p>[/et_pb_toggle][/et_pb_column][/et_pb_row][/et_pb_section]</p>

<p>TUTORIALESPASEN es un servicio de la Consejería de Educación que permite la comunicación entre los distintos miembros de la comunidad educativa (tutores/as legales, alumnado, cargos directivos y profesorado).  Este servicio de valor añadido se apoya en una aplicación Web que actúa de canal de comunicación y que ofrece a todos los agentes de  la Comunidad Educativa [&hellip;]</p>
