{"id":845,"date":"2020-12-18T08:40:01","date_gmt":"2020-12-18T07:40:01","guid":{"rendered":"https:\/\/blogsaverroes.juntadeandalucia.es\/pre\/plantilla-pencil\/?page_id=845"},"modified":"2026-02-03T12:04:41","modified_gmt":"2026-02-03T11:04:41","slug":"aula-matinal","status":"publish","type":"page","link":"https:\/\/blogsaverroes.juntadeandalucia.es\/ceipjosemariadelcampo\/aula-matinal\/","title":{"rendered":"Aula matinal"},"content":{"rendered":"<p>[et_pb_section fb_built=&#8221;1&#8243; _builder_version=&#8221;4.16&#8243; min_height=&#8221;843px&#8221; custom_margin=&#8221;||-3px|||&#8221; custom_padding=&#8221;0px||0px|&#8221; z_index_tablet=&#8221;500&#8243; box_shadow_horizontal_tablet=&#8221;0px&#8221; box_shadow_vertical_tablet=&#8221;0px&#8221; box_shadow_blur_tablet=&#8221;40px&#8221; box_shadow_spread_tablet=&#8221;0px&#8221; global_colors_info=&#8221;{}&#8221;][et_pb_row _builder_version=&#8221;4.16&#8243; background_size=&#8221;initial&#8221; background_position=&#8221;top_left&#8221; background_repeat=&#8221;repeat&#8221; global_colors_info=&#8221;{}&#8221;][et_pb_column type=&#8221;4_4&#8243; _builder_version=&#8221;4.16&#8243; custom_padding=&#8221;|||&#8221; global_colors_info=&#8221;{}&#8221; custom_padding__hover=&#8221;|||&#8221;][et_pb_image src=&#8221;https:\/\/blogsaverroes.juntadeandalucia.es\/ceipjosemariadelcampo\/files\/2020\/01\/cabecera-interior-2-1.jpg&#8221; title_text=&#8221;cabecera-interior-2-1&#8243; admin_label=&#8221;Imagen de la portada&#8221; _builder_version=&#8221;4.16&#8243; z_index_tablet=&#8221;500&#8243; box_shadow_horizontal_tablet=&#8221;0px&#8221; box_shadow_vertical_tablet=&#8221;0px&#8221; box_shadow_blur_tablet=&#8221;40px&#8221; box_shadow_spread_tablet=&#8221;0px&#8221; global_colors_info=&#8221;{}&#8221;][\/et_pb_image][\/et_pb_column][\/et_pb_row][et_pb_row column_structure=&#8221;1_2,1_2&#8243; _builder_version=&#8221;4.16&#8243; _module_preset=&#8221;default&#8221; custom_padding=&#8221;2px|||||&#8221; global_colors_info=&#8221;{}&#8221;][et_pb_column type=&#8221;1_2&#8243; _builder_version=&#8221;4.16&#8243; _module_preset=&#8221;default&#8221; global_colors_info=&#8221;{}&#8221;][et_pb_text _builder_version=&#8221;4.24.2&#8243; _module_preset=&#8221;default&#8221; width=&#8221;100%&#8221; custom_padding=&#8221;||0px|||&#8221; global_colors_info=&#8221;{}&#8221;]<\/p>\n<h1><span style=\"color: #008000\">Aula matinal<\/span><\/h1>\n<p style=\"text-align: justify\">La empresa que gestiona el servicio de aula matinal de nuestro Centro es <strong>Actividades CPM<\/strong><\/p>\n<p>[\/et_pb_text][\/et_pb_column][et_pb_column type=&#8221;1_2&#8243; _builder_version=&#8221;4.16&#8243; _module_preset=&#8221;default&#8221; global_colors_info=&#8221;{}&#8221;][et_pb_text _builder_version=&#8221;4.24.2&#8243; _module_preset=&#8221;default&#8221; hover_enabled=&#8221;0&#8243; global_colors_info=&#8221;{}&#8221; sticky_enabled=&#8221;0&#8243;]<\/p>\n<p><img loading=\"lazy\" decoding=\"async\" src=\"https:\/\/blogsaverroes.juntadeandalucia.es\/ceipjosemariadelcampo\/files\/2026\/02\/logo-CPM.png\" width=\"242\" height=\"151\" alt=\"\" class=\"wp-image-3619 aligncenter size-full\" \/><\/p>\n<p>[\/et_pb_text][\/et_pb_column][\/et_pb_row][et_pb_row _builder_version=&#8221;4.16&#8243; _module_preset=&#8221;default&#8221; min_height=&#8221;74px&#8221; locked=&#8221;off&#8221; global_colors_info=&#8221;{}&#8221;][et_pb_column type=&#8221;4_4&#8243; _builder_version=&#8221;4.16&#8243; _module_preset=&#8221;default&#8221; global_colors_info=&#8221;{}&#8221;][et_pb_text _builder_version=&#8221;4.16&#8243; _module_preset=&#8221;default&#8221; text_font=&#8221;|800|||||||&#8221; text_text_color=&#8221;#e02b20&#8243; text_font_size=&#8221;22px&#8221; border_width_bottom=&#8221;3px&#8221; global_colors_info=&#8221;{}&#8221;]<\/p>\n<p style=\"text-align: center\">INFORMACI\u00d3N DE INTER\u00c9S<\/p>\n<p>[\/et_pb_text][et_pb_text _builder_version=&#8221;4.24.2&#8243; _module_preset=&#8221;default&#8221; width=&#8221;100%&#8221; locked=&#8221;off&#8221; global_colors_info=&#8221;{}&#8221;]<\/p>\n<ul>\n<li>Las solicitudes de alta, baja y bonificaci\u00f3n del servicio de aula matinal pueden solicitarse presencialmente en el horario habitual de la\u00a0 Secretar\u00eda del Centro o descargarlas desde esta p\u00e1gina web en la pesta\u00f1a <strong><span style=\"color: #0000ff\"><a href=\"https:\/\/blogsaverroes.juntadeandalucia.es\/ceipjosemariadelcampo\/impresos\/\" target=\"_blank\" rel=\"noopener noreferrer\" style=\"color: #0000ff;text-decoration: underline\">Plan de Apertura\/Impreso<\/a><\/span><span style=\"color: #0000ff\"><a href=\"https:\/\/blogsaverroes.juntadeandalucia.es\/ceipjosemariadelcampo\/impresos\/\" target=\"_blank\" rel=\"noopener noreferrer\" style=\"color: #0000ff;text-decoration: underline\">s<\/a><\/span><span style=\"color: #0000ff\"><a href=\"https:\/\/blogsaverroes.juntadeandalucia.es\/ceipjosemariadelcampo\/impresos\/\" target=\"_blank\" rel=\"noopener noreferrer\" style=\"color: #0000ff;text-decoration: underline\">.<\/a><\/span><\/strong><\/li>\n<li>Si realiza un cambio en su n\u00famero de cuenta, lo debe comunicar tanto al Centro\u00a0<span>(de forma presencial, en horario de Secretar\u00eda, o a trav\u00e9s del correo electr\u00f3nico<strong> <span style=\"color: #3366ff\"><a href=\"mailto:41004265.secretaria@g.educaand.es\" target=\"_blank\" rel=\"noopener\" style=\"color: #3366ff\">41004265.secretaria@g.educaand.es<\/a><\/span><\/strong><span style=\"color: #333333\">,<\/span> como a la empresa.<\/span><\/li>\n<\/ul>\n<p>[\/et_pb_text][\/et_pb_column][\/et_pb_row][et_pb_row column_structure=&#8221;3_5,2_5&#8243; _builder_version=&#8221;4.16&#8243; _module_preset=&#8221;default&#8221; min_height=&#8221;289px&#8221; custom_margin=&#8221;|auto|-7px|auto||&#8221; custom_padding=&#8221;||0px|||&#8221; locked=&#8221;off&#8221; global_colors_info=&#8221;{}&#8221;][et_pb_column type=&#8221;3_5&#8243; _builder_version=&#8221;4.16&#8243; _module_preset=&#8221;default&#8221; global_colors_info=&#8221;{}&#8221;][et_pb_toggle title=&#8221;Para saber m\u00e1s&#8221; open_toggle_text_color=&#8221;#003506&#8243; closed_toggle_background_color=&#8221;#a6e0d4&#8243; _builder_version=&#8221;4.24.2&#8243; _module_preset=&#8221;default&#8221; title_text_color=&#8221;#6b6b6b&#8221; title_font=&#8221;|600|||||||&#8221; closed_title_font=&#8221;|700|||||||&#8221; custom_margin=&#8221;0px|-22px|||false|false&#8221; hover_enabled=&#8221;0&#8243; border_radii=&#8221;off|18px|18px||&#8221; border_color_all=&#8221;rgba(0,0,0,0)&#8221; global_colors_info=&#8221;{}&#8221; sticky_enabled=&#8221;0&#8243;]<\/p>\n<p>A partir del mes de enero de 2026, la empresa que gestionar\u00e1 el servicio de Aula Matinal es Actividades CPM, SL.<\/p>\n<p>Todas las consultas sobre los d\u00edas de asistencia, recibos, incidencia, etc se podr\u00e1n realizar a trav\u00e9s del siguiente enlace: <a href=\"https:\/\/cpm.ateneaerp.es\/\" target=\"_blank\" rel=\"noopener\">https:\/\/cpm.ateneaerp.es<\/a><\/p>\n<p>[\/et_pb_toggle][et_pb_toggle title=&#8221;Solicitudes de bonificaci\u00f3n&#8221; open_toggle_text_color=&#8221;#003506&#8243; closed_toggle_background_color=&#8221;#a6e0d4&#8243; _builder_version=&#8221;4.24.2&#8243; _module_preset=&#8221;default&#8221; title_text_color=&#8221;#6b6b6b&#8221; title_font=&#8221;|600|||||||&#8221; closed_title_font=&#8221;|700|||||||&#8221; min_height=&#8221;54px&#8221; custom_margin=&#8221;-30px|-22px|||false|false&#8221; border_radii=&#8221;off|||18px|18px&#8221; border_color_all=&#8221;rgba(0,0,0,0)&#8221; box_shadow_style=&#8221;preset3&#8243; box_shadow_color=&#8221;rgba(0,0,0,0)&#8221; locked=&#8221;off&#8221; global_colors_info=&#8221;{}&#8221;]<\/p>\n<p>Las solicitudes de bonificaci\u00f3n para el servicio del aula matinal deber\u00e1n presentarse del<strong> 1 al 7 de septiembre, <\/strong>o en los<strong> tres d\u00edas naturales siguientes <\/strong>a la admisi\u00f3n en el servicio del aula matinal, si \u00e9sta se produjera durante el curso escolar.<\/p>\n<p>[\/et_pb_toggle][\/et_pb_column][et_pb_column type=&#8221;2_5&#8243; _builder_version=&#8221;4.16&#8243; _module_preset=&#8221;default&#8221; global_colors_info=&#8221;{}&#8221;][et_pb_image src=&#8221;https:\/\/blogsaverroes.juntadeandalucia.es\/ceipjosemariadelcampo\/files\/2021\/02\/aula-matinal.jpg&#8221; title_text=&#8221;aula matinal&#8221; align=&#8221;center&#8221; _builder_version=&#8221;4.24.2&#8243; _module_preset=&#8221;default&#8221; min_height=&#8221;70px&#8221; custom_margin=&#8221;50px||||false|false&#8221; custom_padding=&#8221;||0px|151px||&#8221; global_colors_info=&#8221;{}&#8221;][\/et_pb_image][\/et_pb_column][\/et_pb_row][et_pb_row _builder_version=&#8221;4.16&#8243; _module_preset=&#8221;default&#8221; locked=&#8221;off&#8221; global_colors_info=&#8221;{}&#8221;][et_pb_column type=&#8221;4_4&#8243; _builder_version=&#8221;4.16&#8243; _module_preset=&#8221;default&#8221; global_colors_info=&#8221;{}&#8221;][et_pb_text _builder_version=&#8221;4.24.2&#8243; _module_preset=&#8221;default&#8221; hover_enabled=&#8221;0&#8243; global_colors_info=&#8221;{}&#8221; sticky_enabled=&#8221;0&#8243;]<\/p>\n<p style=\"text-align: left\"><span style=\"text-decoration: underline\">M\u00e1s informaci\u00f3n:<\/span><\/p>\n<table style=\"width: 380px;height: 145px\">\n<tbody>\n<tr style=\"height: 31px\">\n<td style=\"width: 84.35px;text-align: center;height: 31px\"><img loading=\"lazy\" decoding=\"async\" src=\"https:\/\/blogsaverroes.juntadeandalucia.es\/ceipjosemariadelcampo\/files\/2025\/06\/telefono.png\" width=\"45\" height=\"46\" alt=\"\" class=\"wp-image-3525 aligncenter size-full\" srcset=\"https:\/\/blogsaverroes.juntadeandalucia.es\/ceipjosemariadelcampo\/files\/2025\/06\/telefono.png 223w, https:\/\/blogsaverroes.juntadeandalucia.es\/ceipjosemariadelcampo\/files\/2025\/06\/telefono-150x150.png 150w\" sizes=\"(max-width: 45px) 100vw, 45px\" \/><\/td>\n<td style=\"width: 282.05px;height: 31px\">\n<p>953 352 972<\/p>\n<\/td>\n<\/tr>\n<tr>\n<td style=\"width: 84.35px\"><img loading=\"lazy\" decoding=\"async\" src=\"https:\/\/blogsaverroes.juntadeandalucia.es\/ceipjosemariadelcampo\/files\/2025\/06\/correo-electronico-300x300.png\" width=\"49\" height=\"49\" alt=\"\" class=\"wp-image-3524 aligncenter size-medium\" \/><\/td>\n<td style=\"width: 282.05px;text-align: left\"><a href=\"mailto:colegios@grupo-senda.com\" target=\"_blank\" rel=\"noopener\">info@actividadescpm.com<\/a><\/td>\n<\/tr>\n<tr style=\"height: 31px\">\n<td style=\"width: 84.35px;height: 31px\"><img loading=\"lazy\" decoding=\"async\" src=\"https:\/\/blogsaverroes.juntadeandalucia.es\/ceipjosemariadelcampo\/files\/2025\/06\/149441737_dc143b1c-4789-430a-bdbd-b50289d8c553-300x300.jpg\" width=\"54\" height=\"54\" alt=\"\" class=\"wp-image-3523 aligncenter size-medium\" srcset=\"https:\/\/blogsaverroes.juntadeandalucia.es\/ceipjosemariadelcampo\/files\/2025\/06\/149441737_dc143b1c-4789-430a-bdbd-b50289d8c553-300x300.jpg 300w, https:\/\/blogsaverroes.juntadeandalucia.es\/ceipjosemariadelcampo\/files\/2025\/06\/149441737_dc143b1c-4789-430a-bdbd-b50289d8c553-1024x1024.jpg 1024w, https:\/\/blogsaverroes.juntadeandalucia.es\/ceipjosemariadelcampo\/files\/2025\/06\/149441737_dc143b1c-4789-430a-bdbd-b50289d8c553-768x768.jpg 768w, https:\/\/blogsaverroes.juntadeandalucia.es\/ceipjosemariadelcampo\/files\/2025\/06\/149441737_dc143b1c-4789-430a-bdbd-b50289d8c553-1080x1080.jpg 1080w\" sizes=\"(max-width: 54px) 100vw, 54px\" \/><\/td>\n<td style=\"width: 282.05px;text-align: left;height: 31px\"><a href=\"https:\/\/www.actividadescpm.com\/\" target=\"_blank\" rel=\"noopener\">www.actividadescpm.com<\/a><\/td>\n<\/tr>\n<\/tbody>\n<\/table>\n<p>[\/et_pb_text][\/et_pb_column][\/et_pb_row][\/et_pb_section]<\/p>\n","protected":false},"excerpt":{"rendered":"<p>Aula matinal La empresa que gestiona el servicio de aula matinal de nuestro Centro es Actividades CPMINFORMACI\u00d3N DE INTER\u00c9S Las solicitudes de alta, baja y bonificaci\u00f3n del servicio de aula matinal pueden solicitarse presencialmente en el horario habitual de la\u00a0 Secretar\u00eda del Centro o descargarlas desde esta p\u00e1gina web en la pesta\u00f1a Plan de Apertura\/Impresos. [&hellip;]<\/p>\n","protected":false},"author":7051,"featured_media":0,"parent":0,"menu_order":0,"comment_status":"closed","ping_status":"closed","template":"","meta":{"_et_pb_use_builder":"on","_et_pb_old_content":"","_et_gb_content_width":"","ngg_post_thumbnail":0,"footnotes":""},"aioseo_notices":[],"_links":{"self":[{"href":"https:\/\/blogsaverroes.juntadeandalucia.es\/ceipjosemariadelcampo\/wp-json\/wp\/v2\/pages\/845"}],"collection":[{"href":"https:\/\/blogsaverroes.juntadeandalucia.es\/ceipjosemariadelcampo\/wp-json\/wp\/v2\/pages"}],"about":[{"href":"https:\/\/blogsaverroes.juntadeandalucia.es\/ceipjosemariadelcampo\/wp-json\/wp\/v2\/types\/page"}],"author":[{"embeddable":true,"href":"https:\/\/blogsaverroes.juntadeandalucia.es\/ceipjosemariadelcampo\/wp-json\/wp\/v2\/users\/7051"}],"replies":[{"embeddable":true,"href":"https:\/\/blogsaverroes.juntadeandalucia.es\/ceipjosemariadelcampo\/wp-json\/wp\/v2\/comments?post=845"}],"version-history":[{"count":60,"href":"https:\/\/blogsaverroes.juntadeandalucia.es\/ceipjosemariadelcampo\/wp-json\/wp\/v2\/pages\/845\/revisions"}],"predecessor-version":[{"id":3622,"href":"https:\/\/blogsaverroes.juntadeandalucia.es\/ceipjosemariadelcampo\/wp-json\/wp\/v2\/pages\/845\/revisions\/3622"}],"wp:attachment":[{"href":"https:\/\/blogsaverroes.juntadeandalucia.es\/ceipjosemariadelcampo\/wp-json\/wp\/v2\/media?parent=845"}],"curies":[{"name":"wp","href":"https:\/\/api.w.org\/{rel}","templated":true}]}}

<p>[et_pb_section fb_built=&#8221;1&#8243; _builder_version=&#8221;4.16&#8243; min_height=&#8221;843px&#8221; custom_margin=&#8221;||-3px|||&#8221; custom_padding=&#8221;0px||0px|&#8221; z_index_tablet=&#8221;500&#8243; box_shadow_horizontal_tablet=&#8221;0px&#8221; box_shadow_vertical_tablet=&#8221;0px&#8221; box_shadow_blur_tablet=&#8221;40px&#8221; box_shadow_spread_tablet=&#8221;0px&#8221; global_colors_info=&#8221;{}&#8221;][et_pb_row _builder_version=&#8221;4.16&#8243; background_size=&#8221;initial&#8221; background_position=&#8221;top_left&#8221; background_repeat=&#8221;repeat&#8221; global_colors_info=&#8221;{}&#8221;][et_pb_column type=&#8221;4_4&#8243; _builder_version=&#8221;4.16&#8243; custom_padding=&#8221;|||&#8221; global_colors_info=&#8221;{}&#8221; custom_padding__hover=&#8221;|||&#8221;][et_pb_image src=&#8221;https://blogsaverroes.juntadeandalucia.es/ceipjosemariadelcampo/files/2020/01/cabecera-interior-2-1.jpg&#8221; title_text=&#8221;cabecera-interior-2-1&#8243; admin_label=&#8221;Imagen de la portada&#8221; _builder_version=&#8221;4.16&#8243; z_index_tablet=&#8221;500&#8243; box_shadow_horizontal_tablet=&#8221;0px&#8221; box_shadow_vertical_tablet=&#8221;0px&#8221; box_shadow_blur_tablet=&#8221;40px&#8221; box_shadow_spread_tablet=&#8221;0px&#8221; global_colors_info=&#8221;{}&#8221;][/et_pb_image][/et_pb_column][/et_pb_row][et_pb_row column_structure=&#8221;1_2,1_2&#8243; _builder_version=&#8221;4.16&#8243; _module_preset=&#8221;default&#8221; custom_padding=&#8221;2px|||||&#8221; global_colors_info=&#8221;{}&#8221;][et_pb_column type=&#8221;1_2&#8243; _builder_version=&#8221;4.16&#8243; _module_preset=&#8221;default&#8221; global_colors_info=&#8221;{}&#8221;][et_pb_text _builder_version=&#8221;4.24.2&#8243; _module_preset=&#8221;default&#8221; width=&#8221;100%&#8221; custom_padding=&#8221;||0px|||&#8221; global_colors_info=&#8221;{}&#8221;]</p>
<h1><span style="color: #008000">Aula matinal</span></h1>
<p style="text-align: justify">La empresa que gestiona el servicio de aula matinal de nuestro Centro es <strong>Actividades CPM</strong></p>
<p>[/et_pb_text][/et_pb_column][et_pb_column type=&#8221;1_2&#8243; _builder_version=&#8221;4.16&#8243; _module_preset=&#8221;default&#8221; global_colors_info=&#8221;{}&#8221;][et_pb_text _builder_version=&#8221;4.24.2&#8243; _module_preset=&#8221;default&#8221; hover_enabled=&#8221;0&#8243; global_colors_info=&#8221;{}&#8221; sticky_enabled=&#8221;0&#8243;]</p>
<p><img loading="lazy" decoding="async" src="https://blogsaverroes.juntadeandalucia.es/ceipjosemariadelcampo/files/2026/02/logo-CPM.png" width="242" height="151" alt="" class="wp-image-3619 aligncenter size-full" /></p>
<p>[/et_pb_text][/et_pb_column][/et_pb_row][et_pb_row _builder_version=&#8221;4.16&#8243; _module_preset=&#8221;default&#8221; min_height=&#8221;74px&#8221; locked=&#8221;off&#8221; global_colors_info=&#8221;{}&#8221;][et_pb_column type=&#8221;4_4&#8243; _builder_version=&#8221;4.16&#8243; _module_preset=&#8221;default&#8221; global_colors_info=&#8221;{}&#8221;][et_pb_text _builder_version=&#8221;4.16&#8243; _module_preset=&#8221;default&#8221; text_font=&#8221;|800|||||||&#8221; text_text_color=&#8221;#e02b20&#8243; text_font_size=&#8221;22px&#8221; border_width_bottom=&#8221;3px&#8221; global_colors_info=&#8221;{}&#8221;]</p>
<p style="text-align: center">INFORMACIÓN DE INTERÉS</p>
<p>[/et_pb_text][et_pb_text _builder_version=&#8221;4.24.2&#8243; _module_preset=&#8221;default&#8221; width=&#8221;100%&#8221; locked=&#8221;off&#8221; global_colors_info=&#8221;{}&#8221;]</p>
<ul>
<li>Las solicitudes de alta, baja y bonificación del servicio de aula matinal pueden solicitarse presencialmente en el horario habitual de la  Secretaría del Centro o descargarlas desde esta página web en la pestaña <strong><span style="color: #0000ff"><a href="https://blogsaverroes.juntadeandalucia.es/ceipjosemariadelcampo/impresos/" target="_blank" rel="noopener noreferrer" style="color: #0000ff;text-decoration: underline">Plan de Apertura/Impreso</a></span><span style="color: #0000ff"><a href="https://blogsaverroes.juntadeandalucia.es/ceipjosemariadelcampo/impresos/" target="_blank" rel="noopener noreferrer" style="color: #0000ff;text-decoration: underline">s</a></span><span style="color: #0000ff"><a href="https://blogsaverroes.juntadeandalucia.es/ceipjosemariadelcampo/impresos/" target="_blank" rel="noopener noreferrer" style="color: #0000ff;text-decoration: underline">.</a></span></strong></li>
<li>Si realiza un cambio en su número de cuenta, lo debe comunicar tanto al Centro <span>(de forma presencial, en horario de Secretaría, o a través del correo electrónico<strong> <span style="color: #3366ff"><a href="mailto:41004265.secretaria@g.educaand.es" target="_blank" rel="noopener" style="color: #3366ff">41004265.secretaria@g.educaand.es</a></span></strong><span style="color: #333333">,</span> como a la empresa.</span></li>
</ul>
<p>[/et_pb_text][/et_pb_column][/et_pb_row][et_pb_row column_structure=&#8221;3_5,2_5&#8243; _builder_version=&#8221;4.16&#8243; _module_preset=&#8221;default&#8221; min_height=&#8221;289px&#8221; custom_margin=&#8221;|auto|-7px|auto||&#8221; custom_padding=&#8221;||0px|||&#8221; locked=&#8221;off&#8221; global_colors_info=&#8221;{}&#8221;][et_pb_column type=&#8221;3_5&#8243; _builder_version=&#8221;4.16&#8243; _module_preset=&#8221;default&#8221; global_colors_info=&#8221;{}&#8221;][et_pb_toggle title=&#8221;Para saber más&#8221; open_toggle_text_color=&#8221;#003506&#8243; closed_toggle_background_color=&#8221;#a6e0d4&#8243; _builder_version=&#8221;4.24.2&#8243; _module_preset=&#8221;default&#8221; title_text_color=&#8221;#6b6b6b&#8221; title_font=&#8221;|600|||||||&#8221; closed_title_font=&#8221;|700|||||||&#8221; custom_margin=&#8221;0px|-22px|||false|false&#8221; hover_enabled=&#8221;0&#8243; border_radii=&#8221;off|18px|18px||&#8221; border_color_all=&#8221;rgba(0,0,0,0)&#8221; global_colors_info=&#8221;{}&#8221; sticky_enabled=&#8221;0&#8243;]</p>
<p>A partir del mes de enero de 2026, la empresa que gestionará el servicio de Aula Matinal es Actividades CPM, SL.</p>
<p>Todas las consultas sobre los días de asistencia, recibos, incidencia, etc se podrán realizar a través del siguiente enlace: <a href="https://cpm.ateneaerp.es/" target="_blank" rel="noopener">https://cpm.ateneaerp.es</a></p>
<p>[/et_pb_toggle][et_pb_toggle title=&#8221;Solicitudes de bonificación&#8221; open_toggle_text_color=&#8221;#003506&#8243; closed_toggle_background_color=&#8221;#a6e0d4&#8243; _builder_version=&#8221;4.24.2&#8243; _module_preset=&#8221;default&#8221; title_text_color=&#8221;#6b6b6b&#8221; title_font=&#8221;|600|||||||&#8221; closed_title_font=&#8221;|700|||||||&#8221; min_height=&#8221;54px&#8221; custom_margin=&#8221;-30px|-22px|||false|false&#8221; border_radii=&#8221;off|||18px|18px&#8221; border_color_all=&#8221;rgba(0,0,0,0)&#8221; box_shadow_style=&#8221;preset3&#8243; box_shadow_color=&#8221;rgba(0,0,0,0)&#8221; locked=&#8221;off&#8221; global_colors_info=&#8221;{}&#8221;]</p>
<p>Las solicitudes de bonificación para el servicio del aula matinal deberán presentarse del<strong> 1 al 7 de septiembre, </strong>o en los<strong> tres días naturales siguientes </strong>a la admisión en el servicio del aula matinal, si ésta se produjera durante el curso escolar.</p>
<p>[/et_pb_toggle][/et_pb_column][et_pb_column type=&#8221;2_5&#8243; _builder_version=&#8221;4.16&#8243; _module_preset=&#8221;default&#8221; global_colors_info=&#8221;{}&#8221;][et_pb_image src=&#8221;https://blogsaverroes.juntadeandalucia.es/ceipjosemariadelcampo/files/2021/02/aula-matinal.jpg&#8221; title_text=&#8221;aula matinal&#8221; align=&#8221;center&#8221; _builder_version=&#8221;4.24.2&#8243; _module_preset=&#8221;default&#8221; min_height=&#8221;70px&#8221; custom_margin=&#8221;50px||||false|false&#8221; custom_padding=&#8221;||0px|151px||&#8221; global_colors_info=&#8221;{}&#8221;][/et_pb_image][/et_pb_column][/et_pb_row][et_pb_row _builder_version=&#8221;4.16&#8243; _module_preset=&#8221;default&#8221; locked=&#8221;off&#8221; global_colors_info=&#8221;{}&#8221;][et_pb_column type=&#8221;4_4&#8243; _builder_version=&#8221;4.16&#8243; _module_preset=&#8221;default&#8221; global_colors_info=&#8221;{}&#8221;][et_pb_text _builder_version=&#8221;4.24.2&#8243; _module_preset=&#8221;default&#8221; hover_enabled=&#8221;0&#8243; global_colors_info=&#8221;{}&#8221; sticky_enabled=&#8221;0&#8243;]</p>
<p style="text-align: left"><span style="text-decoration: underline">Más información:</span></p>
<table style="width: 380px;height: 145px">
<tbody>
<tr style="height: 31px">
<td style="width: 84.35px;text-align: center;height: 31px"><img loading="lazy" decoding="async" src="https://blogsaverroes.juntadeandalucia.es/ceipjosemariadelcampo/files/2025/06/telefono.png" width="45" height="46" alt="" class="wp-image-3525 aligncenter size-full" srcset="https://blogsaverroes.juntadeandalucia.es/ceipjosemariadelcampo/files/2025/06/telefono.png 223w, https://blogsaverroes.juntadeandalucia.es/ceipjosemariadelcampo/files/2025/06/telefono-150x150.png 150w" sizes="(max-width: 45px) 100vw, 45px" /></td>
<td style="width: 282.05px;height: 31px">
<p>953 352 972</p>
</td>
</tr>
<tr>
<td style="width: 84.35px"><img loading="lazy" decoding="async" src="https://blogsaverroes.juntadeandalucia.es/ceipjosemariadelcampo/files/2025/06/correo-electronico-300x300.png" width="49" height="49" alt="" class="wp-image-3524 aligncenter size-medium" /></td>
<td style="width: 282.05px;text-align: left"><a href="mailto:colegios@grupo-senda.com" target="_blank" rel="noopener">info@actividadescpm.com</a></td>
</tr>
<tr style="height: 31px">
<td style="width: 84.35px;height: 31px"><img loading="lazy" decoding="async" src="https://blogsaverroes.juntadeandalucia.es/ceipjosemariadelcampo/files/2025/06/149441737_dc143b1c-4789-430a-bdbd-b50289d8c553-300x300.jpg" width="54" height="54" alt="" class="wp-image-3523 aligncenter size-medium" srcset="https://blogsaverroes.juntadeandalucia.es/ceipjosemariadelcampo/files/2025/06/149441737_dc143b1c-4789-430a-bdbd-b50289d8c553-300x300.jpg 300w, https://blogsaverroes.juntadeandalucia.es/ceipjosemariadelcampo/files/2025/06/149441737_dc143b1c-4789-430a-bdbd-b50289d8c553-1024x1024.jpg 1024w, https://blogsaverroes.juntadeandalucia.es/ceipjosemariadelcampo/files/2025/06/149441737_dc143b1c-4789-430a-bdbd-b50289d8c553-768x768.jpg 768w, https://blogsaverroes.juntadeandalucia.es/ceipjosemariadelcampo/files/2025/06/149441737_dc143b1c-4789-430a-bdbd-b50289d8c553-1080x1080.jpg 1080w" sizes="(max-width: 54px) 100vw, 54px" /></td>
<td style="width: 282.05px;text-align: left;height: 31px"><a href="https://www.actividadescpm.com/" target="_blank" rel="noopener">www.actividadescpm.com</a></td>
</tr>
</tbody>
</table>
<p>[/et_pb_text][/et_pb_column][/et_pb_row][/et_pb_section]</p>

<p>Aula matinal La empresa que gestiona el servicio de aula matinal de nuestro Centro es Actividades CPMINFORMACIÓN DE INTERÉS Las solicitudes de alta, baja y bonificación del servicio de aula matinal pueden solicitarse presencialmente en el horario habitual de la  Secretaría del Centro o descargarlas desde esta página web en la pestaña Plan de Apertura/Impresos. [&hellip;]</p>
