{"id":853,"date":"2020-12-18T08:50:47","date_gmt":"2020-12-18T07:50:47","guid":{"rendered":"https:\/\/blogsaverroes.juntadeandalucia.es\/pre\/plantilla-pencil\/?page_id=853"},"modified":"2023-07-21T13:40:59","modified_gmt":"2023-07-21T12:40:59","slug":"nuestra-historia","status":"publish","type":"page","link":"https:\/\/blogsaverroes.juntadeandalucia.es\/ceipjoseoliva\/nuestra-historia\/","title":{"rendered":"Historia"},"content":{"rendered":"<p>[et_pb_section fb_built=&#8221;1&#8243; _builder_version=&#8221;3.22&#8243; global_colors_info=&#8221;{}&#8221;][et_pb_row _builder_version=&#8221;4.14.5&#8243; background_size=&#8221;initial&#8221; background_position=&#8221;top_left&#8221; background_repeat=&#8221;repeat&#8221; hover_enabled=&#8221;0&#8243; global_colors_info=&#8221;{}&#8221; sticky_enabled=&#8221;0&#8243;][et_pb_column type=&#8221;4_4&#8243; _builder_version=&#8221;3.25&#8243; custom_padding=&#8221;|||&#8221; global_colors_info=&#8221;{}&#8221; custom_padding__hover=&#8221;|||&#8221;][et_pb_image title_text=&#8221;elcentro&#8221; admin_label=&#8221;Imagen de la portada&#8221; _builder_version=&#8221;4.14.5&#8243; background_color=&#8221;#7CDA24&#8243; z_index_tablet=&#8221;500&#8243; box_shadow_horizontal_tablet=&#8221;0px&#8221; box_shadow_vertical_tablet=&#8221;0px&#8221; box_shadow_blur_tablet=&#8221;40px&#8221; box_shadow_spread_tablet=&#8221;0px&#8221; global_colors_info=&#8221;{}&#8221;][\/et_pb_image][et_pb_text admin_label=&#8221;Texto descriptivo&#8221; _builder_version=&#8221;4.14.5&#8243; hover_enabled=&#8221;0&#8243; z_index_tablet=&#8221;500&#8243; text_text_shadow_horizontal_length_tablet=&#8221;0px&#8221; text_text_shadow_vertical_length_tablet=&#8221;0px&#8221; text_text_shadow_blur_strength_tablet=&#8221;1px&#8221; link_text_shadow_horizontal_length_tablet=&#8221;0px&#8221; link_text_shadow_vertical_length_tablet=&#8221;0px&#8221; link_text_shadow_blur_strength_tablet=&#8221;1px&#8221; ul_text_shadow_horizontal_length_tablet=&#8221;0px&#8221; ul_text_shadow_vertical_length_tablet=&#8221;0px&#8221; ul_text_shadow_blur_strength_tablet=&#8221;1px&#8221; ol_text_shadow_horizontal_length_tablet=&#8221;0px&#8221; ol_text_shadow_vertical_length_tablet=&#8221;0px&#8221; ol_text_shadow_blur_strength_tablet=&#8221;1px&#8221; quote_text_shadow_horizontal_length_tablet=&#8221;0px&#8221; quote_text_shadow_vertical_length_tablet=&#8221;0px&#8221; quote_text_shadow_blur_strength_tablet=&#8221;1px&#8221; header_text_shadow_horizontal_length_tablet=&#8221;0px&#8221; header_text_shadow_vertical_length_tablet=&#8221;0px&#8221; header_text_shadow_blur_strength_tablet=&#8221;1px&#8221; header_2_text_shadow_horizontal_length_tablet=&#8221;0px&#8221; header_2_text_shadow_vertical_length_tablet=&#8221;0px&#8221; header_2_text_shadow_blur_strength_tablet=&#8221;1px&#8221; header_3_text_shadow_horizontal_length_tablet=&#8221;0px&#8221; header_3_text_shadow_vertical_length_tablet=&#8221;0px&#8221; header_3_text_shadow_blur_strength_tablet=&#8221;1px&#8221; header_4_text_shadow_horizontal_length_tablet=&#8221;0px&#8221; header_4_text_shadow_vertical_length_tablet=&#8221;0px&#8221; header_4_text_shadow_blur_strength_tablet=&#8221;1px&#8221; header_5_text_shadow_horizontal_length_tablet=&#8221;0px&#8221; header_5_text_shadow_vertical_length_tablet=&#8221;0px&#8221; header_5_text_shadow_blur_strength_tablet=&#8221;1px&#8221; header_6_text_shadow_horizontal_length_tablet=&#8221;0px&#8221; header_6_text_shadow_vertical_length_tablet=&#8221;0px&#8221; header_6_text_shadow_blur_strength_tablet=&#8221;1px&#8221; box_shadow_horizontal_tablet=&#8221;0px&#8221; box_shadow_vertical_tablet=&#8221;0px&#8221; box_shadow_blur_tablet=&#8221;40px&#8221; box_shadow_spread_tablet=&#8221;0px&#8221; global_colors_info=&#8221;{}&#8221; sticky_enabled=&#8221;0&#8243;]<\/p>\n<h2>Nuestra Historia<\/h2>\n<p><span style=\"font-size: 14pt;font-family: arial, helvetica, sans-serif\">\u00a0La situaci\u00f3n geogr\u00e1fica de la barriada del Molino de la Vega dentro de la ciudad de Huelva, le ha dotado de unas caracter\u00edsticas muy especiales que han influido en la personalidad de sus habitantes.<\/span><\/p>\n<p><span style=\"font-size: 14pt;font-family: arial, helvetica, sans-serif\">\u00a0Una serie de barreras lo aislaban del resto de la ciudad de Huelva. Esto contribu\u00eda a que sus habitantes se sintieran &#8220;muy del Molino&#8221; lo que les anim\u00f3, desde siempre, a reivindicar mejoras para su barriada. En este sentido, el movimiento vecinal, capitaneado por miembros de su asociaci\u00f3n, reclam\u00f3 insistentemente en los \u00faltimos a\u00f1os de la d\u00e9cada de los setenta un colegio p\u00fablico que permitiese a sus hijos gozar del derecho constitucional a la educaci\u00f3n sin tener que salir de su barrio. Su tes\u00f3n y su entusiasmo obtuvo \u00e9xito y el sue\u00f1o se hizo realidad en el a\u00f1o 1.980: sol\u00f3 quedaba ponerle nombre.<\/span><\/p>\n<p><img decoding=\"async\" src=\"https:\/\/www.juntadeandalucia.es\/averroes\/centros-tic\/21003608\/helvia\/sitio\/upload\/img\/COLE2ESTILOGRA.JPG\" \/><\/p>\n<p>&nbsp;<\/p>\n<p><span style=\"font-size: 14pt;font-family: arial, helvetica, sans-serif\">Los vecinos quer\u00edan que se llamase Colegio Nacional del Molino de la Vega. Por otra parte, la Asociaci\u00f3n de Antiguos Alumnos del Colegio San Casiano ten\u00eda la promesa por parte de la administraci\u00f3n de que el pr\u00f3ximo Colegio que se inaugurase en Huelva capital llevar\u00eda el nombre de D.Jos\u00e9 Oliva, pedagogo de la corriente educativa del Instituto de Ense\u00f1anza Libre que hab\u00eda fundado y dirigido durante muchos a\u00f1os un colegio que con ese nombre tuvo sede en la calle Puerto.<\/span><\/p>\n<p><span style=\"font-size: 14pt;font-family: arial, helvetica, sans-serif\">La Administraci\u00f3n determin\u00f3, salom\u00f3nicamente, que el nombre del Colegio contentara a ambas partes; de ah\u00ed su nombre originario: Colegio Nacional del Molino de la Vega &#8220;Jos\u00e9 Oliva&#8221;. Su inauguraci\u00f3n, como recog\u00eda la placa que conmemoraba tal hecho, se llev\u00f3 a efecto el d\u00eda 10 de Octubre de 1980.<\/span><\/p>\n<p><img loading=\"lazy\" decoding=\"async\" class=\"\" src=\"https:\/\/www.juntadeandalucia.es\/averroes\/centros-tic\/21003608\/helvia\/sitio\/upload\/img\/Jose_Oliva.jpg\" width=\"79\" height=\"106\" \/><\/p>\n<p><em>D. Jos\u00e9 Oliva Atienza<\/em><\/p>\n<p><span style=\"font-size: 14pt;font-family: arial, helvetica, sans-serif\">\u00a0 \u00a0 M\u00e1s tarde, preceptos administrativos obligaron a cambiar tanto la placa como el nombre. La denominaci\u00f3n actual es <strong>COLEGIO P\u00daBLICO DE INFANTIL Y PRIMARIA &#8220;JOS\u00c9 OLIVA&#8221;.<\/strong><\/span><\/p>\n<p><span style=\"font-size: 14pt;font-family: arial, helvetica, sans-serif\"><strong>\u00a0\u00a0 <\/strong>Nuestro recuerdo y gratitud a cuantos miembros de la Comunidad Educativa (profesores, profesoras, miembros de la AMPA y otros),pusieron y ponen su esfuerzo y su profesionalidad en conseguir una mejor formaci\u00f3n integral de cuantos alumnos y alumnas pasaron y pasan por \u00e9l.<\/span><\/p>\n<p>&nbsp;<\/p>\n<p>[\/et_pb_text][\/et_pb_column][\/et_pb_row][et_pb_row column_structure=&#8221;1_3,1_3,1_3&#8243; _builder_version=&#8221;3.25&#8243; background_size=&#8221;initial&#8221; background_position=&#8221;top_left&#8221; background_repeat=&#8221;repeat&#8221; global_colors_info=&#8221;{}&#8221;][et_pb_column type=&#8221;1_3&#8243; _builder_version=&#8221;3.25&#8243; custom_padding=&#8221;|||&#8221; global_colors_info=&#8221;{}&#8221; custom_padding__hover=&#8221;|||&#8221;][\/et_pb_column][et_pb_column type=&#8221;1_3&#8243; _builder_version=&#8221;3.25&#8243; custom_padding=&#8221;|||&#8221; global_colors_info=&#8221;{}&#8221; custom_padding__hover=&#8221;|||&#8221;][\/et_pb_column][et_pb_column type=&#8221;1_3&#8243; _builder_version=&#8221;3.25&#8243; custom_padding=&#8221;|||&#8221; global_colors_info=&#8221;{}&#8221; custom_padding__hover=&#8221;|||&#8221;][\/et_pb_column][\/et_pb_row][\/et_pb_section]<\/p>\n","protected":false},"excerpt":{"rendered":"<p>Nuestra Historia \u00a0La situaci\u00f3n geogr\u00e1fica de la barriada del Molino de la Vega dentro de la ciudad de Huelva, le ha dotado de unas caracter\u00edsticas muy especiales que han influido en la personalidad de sus habitantes. \u00a0Una serie de barreras lo aislaban del resto de la ciudad de Huelva. Esto contribu\u00eda a que sus habitantes [&hellip;]<\/p>\n","protected":false},"author":18236,"featured_media":0,"parent":0,"menu_order":0,"comment_status":"closed","ping_status":"closed","template":"","meta":{"_et_pb_use_builder":"on","_et_pb_old_content":"","_et_gb_content_width":"","ngg_post_thumbnail":0,"footnotes":""},"aioseo_notices":[],"_links":{"self":[{"href":"https:\/\/blogsaverroes.juntadeandalucia.es\/ceipjoseoliva\/wp-json\/wp\/v2\/pages\/853"}],"collection":[{"href":"https:\/\/blogsaverroes.juntadeandalucia.es\/ceipjoseoliva\/wp-json\/wp\/v2\/pages"}],"about":[{"href":"https:\/\/blogsaverroes.juntadeandalucia.es\/ceipjoseoliva\/wp-json\/wp\/v2\/types\/page"}],"author":[{"embeddable":true,"href":"https:\/\/blogsaverroes.juntadeandalucia.es\/ceipjoseoliva\/wp-json\/wp\/v2\/users\/18236"}],"replies":[{"embeddable":true,"href":"https:\/\/blogsaverroes.juntadeandalucia.es\/ceipjoseoliva\/wp-json\/wp\/v2\/comments?post=853"}],"version-history":[{"count":12,"href":"https:\/\/blogsaverroes.juntadeandalucia.es\/ceipjoseoliva\/wp-json\/wp\/v2\/pages\/853\/revisions"}],"predecessor-version":[{"id":1305,"href":"https:\/\/blogsaverroes.juntadeandalucia.es\/ceipjoseoliva\/wp-json\/wp\/v2\/pages\/853\/revisions\/1305"}],"wp:attachment":[{"href":"https:\/\/blogsaverroes.juntadeandalucia.es\/ceipjoseoliva\/wp-json\/wp\/v2\/media?parent=853"}],"curies":[{"name":"wp","href":"https:\/\/api.w.org\/{rel}","templated":true}]}}

<p>[et_pb_section fb_built=&#8221;1&#8243; _builder_version=&#8221;3.22&#8243; global_colors_info=&#8221;{}&#8221;][et_pb_row _builder_version=&#8221;4.14.5&#8243; background_size=&#8221;initial&#8221; background_position=&#8221;top_left&#8221; background_repeat=&#8221;repeat&#8221; hover_enabled=&#8221;0&#8243; global_colors_info=&#8221;{}&#8221; sticky_enabled=&#8221;0&#8243;][et_pb_column type=&#8221;4_4&#8243; _builder_version=&#8221;3.25&#8243; custom_padding=&#8221;|||&#8221; global_colors_info=&#8221;{}&#8221; custom_padding__hover=&#8221;|||&#8221;][et_pb_image title_text=&#8221;elcentro&#8221; admin_label=&#8221;Imagen de la portada&#8221; _builder_version=&#8221;4.14.5&#8243; background_color=&#8221;#7CDA24&#8243; z_index_tablet=&#8221;500&#8243; box_shadow_horizontal_tablet=&#8221;0px&#8221; box_shadow_vertical_tablet=&#8221;0px&#8221; box_shadow_blur_tablet=&#8221;40px&#8221; box_shadow_spread_tablet=&#8221;0px&#8221; global_colors_info=&#8221;{}&#8221;][/et_pb_image][et_pb_text admin_label=&#8221;Texto descriptivo&#8221; _builder_version=&#8221;4.14.5&#8243; hover_enabled=&#8221;0&#8243; z_index_tablet=&#8221;500&#8243; text_text_shadow_horizontal_length_tablet=&#8221;0px&#8221; text_text_shadow_vertical_length_tablet=&#8221;0px&#8221; text_text_shadow_blur_strength_tablet=&#8221;1px&#8221; link_text_shadow_horizontal_length_tablet=&#8221;0px&#8221; link_text_shadow_vertical_length_tablet=&#8221;0px&#8221; link_text_shadow_blur_strength_tablet=&#8221;1px&#8221; ul_text_shadow_horizontal_length_tablet=&#8221;0px&#8221; ul_text_shadow_vertical_length_tablet=&#8221;0px&#8221; ul_text_shadow_blur_strength_tablet=&#8221;1px&#8221; ol_text_shadow_horizontal_length_tablet=&#8221;0px&#8221; ol_text_shadow_vertical_length_tablet=&#8221;0px&#8221; ol_text_shadow_blur_strength_tablet=&#8221;1px&#8221; quote_text_shadow_horizontal_length_tablet=&#8221;0px&#8221; quote_text_shadow_vertical_length_tablet=&#8221;0px&#8221; quote_text_shadow_blur_strength_tablet=&#8221;1px&#8221; header_text_shadow_horizontal_length_tablet=&#8221;0px&#8221; header_text_shadow_vertical_length_tablet=&#8221;0px&#8221; header_text_shadow_blur_strength_tablet=&#8221;1px&#8221; header_2_text_shadow_horizontal_length_tablet=&#8221;0px&#8221; header_2_text_shadow_vertical_length_tablet=&#8221;0px&#8221; header_2_text_shadow_blur_strength_tablet=&#8221;1px&#8221; header_3_text_shadow_horizontal_length_tablet=&#8221;0px&#8221; header_3_text_shadow_vertical_length_tablet=&#8221;0px&#8221; header_3_text_shadow_blur_strength_tablet=&#8221;1px&#8221; header_4_text_shadow_horizontal_length_tablet=&#8221;0px&#8221; header_4_text_shadow_vertical_length_tablet=&#8221;0px&#8221; header_4_text_shadow_blur_strength_tablet=&#8221;1px&#8221; header_5_text_shadow_horizontal_length_tablet=&#8221;0px&#8221; header_5_text_shadow_vertical_length_tablet=&#8221;0px&#8221; header_5_text_shadow_blur_strength_tablet=&#8221;1px&#8221; header_6_text_shadow_horizontal_length_tablet=&#8221;0px&#8221; header_6_text_shadow_vertical_length_tablet=&#8221;0px&#8221; header_6_text_shadow_blur_strength_tablet=&#8221;1px&#8221; box_shadow_horizontal_tablet=&#8221;0px&#8221; box_shadow_vertical_tablet=&#8221;0px&#8221; box_shadow_blur_tablet=&#8221;40px&#8221; box_shadow_spread_tablet=&#8221;0px&#8221; global_colors_info=&#8221;{}&#8221; sticky_enabled=&#8221;0&#8243;]</p>
<h2>Nuestra Historia</h2>
<p><span style="font-size: 14pt;font-family: arial, helvetica, sans-serif"> La situación geográfica de la barriada del Molino de la Vega dentro de la ciudad de Huelva, le ha dotado de unas características muy especiales que han influido en la personalidad de sus habitantes.</span></p>
<p><span style="font-size: 14pt;font-family: arial, helvetica, sans-serif"> Una serie de barreras lo aislaban del resto de la ciudad de Huelva. Esto contribuía a que sus habitantes se sintieran &#8220;muy del Molino&#8221; lo que les animó, desde siempre, a reivindicar mejoras para su barriada. En este sentido, el movimiento vecinal, capitaneado por miembros de su asociación, reclamó insistentemente en los últimos años de la década de los setenta un colegio público que permitiese a sus hijos gozar del derecho constitucional a la educación sin tener que salir de su barrio. Su tesón y su entusiasmo obtuvo éxito y el sueño se hizo realidad en el año 1.980: soló quedaba ponerle nombre.</span></p>
<p><img decoding="async" src="https://www.juntadeandalucia.es/averroes/centros-tic/21003608/helvia/sitio/upload/img/COLE2ESTILOGRA.JPG" /></p>
<p>&nbsp;</p>
<p><span style="font-size: 14pt;font-family: arial, helvetica, sans-serif">Los vecinos querían que se llamase Colegio Nacional del Molino de la Vega. Por otra parte, la Asociación de Antiguos Alumnos del Colegio San Casiano tenía la promesa por parte de la administración de que el próximo Colegio que se inaugurase en Huelva capital llevaría el nombre de D.José Oliva, pedagogo de la corriente educativa del Instituto de Enseñanza Libre que había fundado y dirigido durante muchos años un colegio que con ese nombre tuvo sede en la calle Puerto.</span></p>
<p><span style="font-size: 14pt;font-family: arial, helvetica, sans-serif">La Administración determinó, salomónicamente, que el nombre del Colegio contentara a ambas partes; de ahí su nombre originario: Colegio Nacional del Molino de la Vega &#8220;José Oliva&#8221;. Su inauguración, como recogía la placa que conmemoraba tal hecho, se llevó a efecto el día 10 de Octubre de 1980.</span></p>
<p><img loading="lazy" decoding="async" class="" src="https://www.juntadeandalucia.es/averroes/centros-tic/21003608/helvia/sitio/upload/img/Jose_Oliva.jpg" width="79" height="106" /></p>
<p><em>D. José Oliva Atienza</em></p>
<p><span style="font-size: 14pt;font-family: arial, helvetica, sans-serif">    Más tarde, preceptos administrativos obligaron a cambiar tanto la placa como el nombre. La denominación actual es <strong>COLEGIO PÚBLICO DE INFANTIL Y PRIMARIA &#8220;JOSÉ OLIVA&#8221;.</strong></span></p>
<p><span style="font-size: 14pt;font-family: arial, helvetica, sans-serif"><strong>   </strong>Nuestro recuerdo y gratitud a cuantos miembros de la Comunidad Educativa (profesores, profesoras, miembros de la AMPA y otros),pusieron y ponen su esfuerzo y su profesionalidad en conseguir una mejor formación integral de cuantos alumnos y alumnas pasaron y pasan por él.</span></p>
<p>&nbsp;</p>
<p>[/et_pb_text][/et_pb_column][/et_pb_row][et_pb_row column_structure=&#8221;1_3,1_3,1_3&#8243; _builder_version=&#8221;3.25&#8243; background_size=&#8221;initial&#8221; background_position=&#8221;top_left&#8221; background_repeat=&#8221;repeat&#8221; global_colors_info=&#8221;{}&#8221;][et_pb_column type=&#8221;1_3&#8243; _builder_version=&#8221;3.25&#8243; custom_padding=&#8221;|||&#8221; global_colors_info=&#8221;{}&#8221; custom_padding__hover=&#8221;|||&#8221;][/et_pb_column][et_pb_column type=&#8221;1_3&#8243; _builder_version=&#8221;3.25&#8243; custom_padding=&#8221;|||&#8221; global_colors_info=&#8221;{}&#8221; custom_padding__hover=&#8221;|||&#8221;][/et_pb_column][et_pb_column type=&#8221;1_3&#8243; _builder_version=&#8221;3.25&#8243; custom_padding=&#8221;|||&#8221; global_colors_info=&#8221;{}&#8221; custom_padding__hover=&#8221;|||&#8221;][/et_pb_column][/et_pb_row][/et_pb_section]</p>

<p>Nuestra Historia  La situación geográfica de la barriada del Molino de la Vega dentro de la ciudad de Huelva, le ha dotado de unas características muy especiales que han influido en la personalidad de sus habitantes.  Una serie de barreras lo aislaban del resto de la ciudad de Huelva. Esto contribuía a que sus habitantes [&hellip;]</p>
