{"id":35,"date":"2015-03-13T08:21:43","date_gmt":"2015-03-13T08:21:43","guid":{"rendered":"http:\/\/blogsaverroes.juntadeandalucia.es\/pre\/ceip\/?page_id=35"},"modified":"2017-01-30T14:27:46","modified_gmt":"2017-01-30T13:27:46","slug":"el-centro-2","status":"publish","type":"page","link":"https:\/\/blogsaverroes.juntadeandalucia.es\/ceipjoseramon\/el-centro-2\/","title":{"rendered":"DATOS DEL CENTRO"},"content":{"rendered":"<h4><strong>Ubicaci\u00f3n<\/strong><\/h4>\n<p>El Colegio Jos\u00e9 Ram\u00f3n est\u00e1 ubicado en la zona sur de Alcal\u00e1 de Guada\u00edra, entre el barrio <strong>Campo de las Beatas <\/strong>y la urbanizaci\u00f3n <strong>La Juncosa. <\/strong>Rodeado de nuevas urbanizaciones que han ido y que siguen surgiendo.<\/p>\n<h4><strong>Datos de contacto<\/strong><\/h4>\n<p>Centro de Educaci\u00f3n Infantil y Primaria Jos\u00e9 Ram\u00f3n.<br \/>\n<strong>Direcci\u00f3n:<\/strong> Calle Galeota s\/n. Alcal\u00e1 de Guada\u00edra. C.P. 41500. Sevilla<br \/>\n<strong>Tel\u00e9fono: <\/strong>955622521<br \/>\n<strong>FAX: <\/strong>955622523<br \/>\n<strong>Email:<\/strong> ceipjoseramon@yahoo.es<\/p>\n<h4><strong>Horarios<\/strong><\/h4>\n<p>Horario Lectivo:\u00a0 9:00 a 14:00<br \/>\nHorario\u00a0Aula Matinal: 7:30 a 9:00<br \/>\nHorario Comedor: 14:00 a 15:00<\/p>\n<h4><strong>Oferta educativa<\/strong><\/h4>\n<p>Educaci\u00f3n Infantil<br \/>\nEducaci\u00f3n Primaria<br \/>\nPlan de Apertura: aula matinal y comedor escolar<\/p>\n<h4><strong>Fundaci\u00f3n<\/strong><\/h4>\n<p class=\"Estilo12\" align=\"left\">El Colegio Jos\u00e9 Ram\u00f3n se inaugur\u00f3 en el a\u00f1o 1980, debido al traslado del alumnado y profesorado de otras escuelas existentes en la zona que no reun\u00edan las condiciones \u00f3ptimas para desarrollar la ense\u00f1anza. Se construye as\u00ed, en aquellos a\u00f1os, un moderno y gran edificio que acogi\u00f3 al alumnado desde P\u00e1rvulo hasta 8\u00ba de EGB.<\/p>\n<p class=\"Estilo12\" align=\"left\">Con el paso de los a\u00f1os se convierte en un Centro de Educaci\u00f3n Infantil y Primaria, acogiendo al alumnado desde Infantil de 3 a\u00f1os hasta 6\u00ba de Primaria.<\/p>\n<p class=\"Estilo12\" align=\"left\">El 2005 fue el 25 aniversario de su fundaci\u00f3n por lo que se organizaron varios eventos para celebrar tal acontecimiento<\/p>\n<ul>\n<li>\n<div align=\"left\"><strong class=\"Estilo12\"><u><span class=\"Estilo23\">Semblanza de D. Jos\u00e9 Ram\u00f3n Y Mu\u00f1oz <\/span><\/u><\/strong><\/div>\n<\/li>\n<\/ul>\n<p class=\"Estilo19\" align=\"left\"><span class=\"Estilo20\">D<\/span>on <strong>JOS\u00c9 RAM\u00d3N Y MU\u00d1OZ<\/strong>, era natural de Castell\u00f3n y proced\u00eda de la Escuela Superior de Magisterio. Era Inspector de Ense\u00f1anza Primaria de la Zona de Utrera, y por tanto, de Alcal\u00e1 de Guada\u00edra. Siempre fue, m\u00e1s que un superior, un excelente amigo de los maestros.<\/p>\n<p class=\"Estilo19\" align=\"left\">Don Jos\u00e9 Ram\u00f3n y Mu\u00f1oz era ante todo Maestro, un Maestro poseedor de una gran cultura y no s\u00f3lo pedag\u00f3gica, tambi\u00e9n era culto en el sentido m\u00e1s amplio de la palabra. Adem\u00e1s era un hombre muy dem\u00f3crata y, por consiguiente, amante de la tolerancia y la solidaridad. Se le podr\u00eda considerar paradigma de la bondad. Un hombre de bien.<\/p>\n<p class=\"Estilo19\" align=\"left\">Ejerc\u00eda siempre su acci\u00f3n profesional con una gran bondad natural. Su condici\u00f3n de dem\u00f3crata convencido le ocasion\u00f3 en aquellos tiempos de posguerra grandes disgustos e incluso alguna otra sanci\u00f3n, seg\u00fan \u00e9l mismo hab\u00eda dado a entender a sus amigos. Fue tan humano que se granje\u00f3 el respeto de todos cuantos le trataron.<\/p>\n<p class=\"Estilo19\" align=\"left\">En el transcurso del ejercicio de su funci\u00f3n inspectora, Don Jos\u00e9 fue nombrado Director Provincial de Comedores Escolares. Con tal motivo, organiz\u00f3 unos cursillos, dirigidos por \u00e9l, para preparar a sus maestros y maestras en tal cometido. Se denominaban cursos de \u201cAlimentaci\u00f3n y Nutrici\u00f3n Escolar\u201d, y fueron convocados por la Direcci\u00f3n General de Ense\u00f1anza Primaria. Todos los participantes recib\u00edan al final del curso un Diploma acreditativo. Esto deja constancia del inter\u00e9s que este inspector pon\u00eda en la formaci\u00f3n permanente de sus maestros, participando de forma directa en su formaci\u00f3n.<\/p>\n<p class=\"Estilo19\" align=\"left\">As\u00ed era y as\u00ed fue hasta su muerte el gran amigo de sus maestros Don JOSE RAM\u00d3N Y MU\u00d1OZ. Por la alta calidad profesional y humana de Don Jos\u00e9, tanto los que ejerc\u00e9is en el Colegio que lleva su nombre, como los alumnos y las alumnas que ah\u00ed se educan, os pod\u00e9is sentir muy orgullosos por ello, pues nadie como \u00e9l merece el recuerdo, la admiraci\u00f3n y el respeto de todos.<\/p>\n<h4><strong>Instalaciones<br \/>\n<\/strong><\/h4>\n<p align=\"justify\"><span class=\"Estilo12\">&#8211; Tiene 9 aulas de Infantil, 21 aulas de Primaria, 1 aula de Pedagog\u00eda Terap\u00e9utica, 1 aula de Audici\u00f3n y Lenguaje, 1 Aula de M\u00fasica.<br \/>\n<\/span><\/p>\n<p class=\"Estilo12\" align=\"justify\">&#8211; Dispone tambi\u00e9n de GIMNASIO, SALON DE USOS M\u00daLTIPLES, BIBLIOTECA y AULA DE INFORM\u00c1TICA (<a href=\"http:\/\/averroes.ced.junta-andalucia.es\/joseramon\/instalaciones.htm\" target=\"_self\"><strong>Ir a INSTALACIONES<\/strong><\/a>).<\/p>\n<p class=\"Estilo12\" align=\"justify\">&#8211; El PATIO DE RECREO INFANTIL, est\u00e1 colindando con LA PAJARERA Y EL HUERTO.<\/p>\n<p class=\"Estilo12\" align=\"justify\"><span class=\"Estilo12\">&#8211; El PATIO DE RECREO DE PRI<\/span>MARIA, cuenta con una CANCHA DE BALONCESTO y una PISTA DE FUTBITO. A continuaci\u00f3n tiene una zona de albero y vegetaci\u00f3n , al final de la cual se encuentra la ZONA DE HUERTOS.<\/p>\n<p>Galer\u00eda fotogr\u00e1fica:<\/p>\n<p><!-- default-view.php -->\n<div\n\tclass=\"ngg-galleryoverview default-view\n\t ngg-ajax-pagination-none\t\"\n\tid=\"ngg-gallery-7bd57b0a1e84a07a972d91eb4118437e-1\">\n\n\t\t<!-- Thumbnails -->\n\t\t\t\t<div id=\"ngg-image-0\" class=\"ngg-gallery-thumbnail-box\n\t\t\t\t\t\t\t\t\t\t\t\"\n\t\t\t>\n\t\t\t\t\t\t<div class=\"ngg-gallery-thumbnail\">\n\t\t\t<a href=\"https:\/\/blogsaverroes.juntadeandalucia.es\/ceipjoseramon\/wp-content\/uploads\/sites\/792\/nggallery\/instalaciones\/Aula-TIC.jpg\"\n\t\t\t\ttitle=\"Aula TIC\"\n\t\t\t\tdata-src=\"https:\/\/blogsaverroes.juntadeandalucia.es\/ceipjoseramon\/wp-content\/uploads\/sites\/792\/nggallery\/instalaciones\/Aula-TIC.jpg\"\n\t\t\t\tdata-thumbnail=\"https:\/\/blogsaverroes.juntadeandalucia.es\/ceipjoseramon\/wp-content\/uploads\/sites\/792\/nggallery\/instalaciones\/thumbs\/thumbs_Aula-TIC.jpg\"\n\t\t\t\tdata-image-id=\"16\"\n\t\t\t\tdata-title=\"Instalaciones05\"\n\t\t\t\tdata-description=\"Aula TIC\"\n\t\t\t\tdata-image-slug=\"aula-tic\"\n\t\t\t\tclass=\"ngg-fancybox\" rel=\"7bd57b0a1e84a07a972d91eb4118437e\">\n\t\t\t\t<img\n\t\t\t\t\ttitle=\"Instalaciones05\"\n\t\t\t\t\talt=\"Instalaciones05\"\n\t\t\t\t\tsrc=\"https:\/\/blogsaverroes.juntadeandalucia.es\/ceipjoseramon\/wp-content\/uploads\/sites\/792\/nggallery\/instalaciones\/thumbs\/thumbs_Aula-TIC.jpg\"\n\t\t\t\t\twidth=\"120\"\n\t\t\t\t\theight=\"90\"\n\t\t\t\t\tstyle=\"max-width:100%;\"\n\t\t\t\t\/>\n\t\t\t<\/a>\n\t\t<\/div>\n\t\t\t\t\t\t\t<\/div>\n\t\t\t\n\t\t\t\t<div id=\"ngg-image-1\" class=\"ngg-gallery-thumbnail-box\n\t\t\t\t\t\t\t\t\t\t\t\"\n\t\t\t>\n\t\t\t\t\t\t<div class=\"ngg-gallery-thumbnail\">\n\t\t\t<a href=\"https:\/\/blogsaverroes.juntadeandalucia.es\/ceipjoseramon\/wp-content\/uploads\/sites\/792\/nggallery\/instalaciones\/Gimnasio1.jpg\"\n\t\t\t\ttitle=\"Gimnasio\"\n\t\t\t\tdata-src=\"https:\/\/blogsaverroes.juntadeandalucia.es\/ceipjoseramon\/wp-content\/uploads\/sites\/792\/nggallery\/instalaciones\/Gimnasio1.jpg\"\n\t\t\t\tdata-thumbnail=\"https:\/\/blogsaverroes.juntadeandalucia.es\/ceipjoseramon\/wp-content\/uploads\/sites\/792\/nggallery\/instalaciones\/thumbs\/thumbs_Gimnasio1.jpg\"\n\t\t\t\tdata-image-id=\"17\"\n\t\t\t\tdata-title=\"Instalaciones06\"\n\t\t\t\tdata-description=\"Gimnasio\"\n\t\t\t\tdata-image-slug=\"gimnasio1\"\n\t\t\t\tclass=\"ngg-fancybox\" rel=\"7bd57b0a1e84a07a972d91eb4118437e\">\n\t\t\t\t<img\n\t\t\t\t\ttitle=\"Instalaciones06\"\n\t\t\t\t\talt=\"Instalaciones06\"\n\t\t\t\t\tsrc=\"https:\/\/blogsaverroes.juntadeandalucia.es\/ceipjoseramon\/wp-content\/uploads\/sites\/792\/nggallery\/instalaciones\/thumbs\/thumbs_Gimnasio1.jpg\"\n\t\t\t\t\twidth=\"120\"\n\t\t\t\t\theight=\"90\"\n\t\t\t\t\tstyle=\"max-width:100%;\"\n\t\t\t\t\/>\n\t\t\t<\/a>\n\t\t<\/div>\n\t\t\t\t\t\t\t<\/div>\n\t\t\t\n\t\t\t\t<div id=\"ngg-image-2\" class=\"ngg-gallery-thumbnail-box\n\t\t\t\t\t\t\t\t\t\t\t\"\n\t\t\t>\n\t\t\t\t\t\t<div class=\"ngg-gallery-thumbnail\">\n\t\t\t<a href=\"https:\/\/blogsaverroes.juntadeandalucia.es\/ceipjoseramon\/wp-content\/uploads\/sites\/792\/nggallery\/instalaciones\/Gimnasio2.jpg\"\n\t\t\t\ttitle=\"Gimnasio\"\n\t\t\t\tdata-src=\"https:\/\/blogsaverroes.juntadeandalucia.es\/ceipjoseramon\/wp-content\/uploads\/sites\/792\/nggallery\/instalaciones\/Gimnasio2.jpg\"\n\t\t\t\tdata-thumbnail=\"https:\/\/blogsaverroes.juntadeandalucia.es\/ceipjoseramon\/wp-content\/uploads\/sites\/792\/nggallery\/instalaciones\/thumbs\/thumbs_Gimnasio2.jpg\"\n\t\t\t\tdata-image-id=\"18\"\n\t\t\t\tdata-title=\"Instalaciones07\"\n\t\t\t\tdata-description=\"Gimnasio\"\n\t\t\t\tdata-image-slug=\"gimnasio2\"\n\t\t\t\tclass=\"ngg-fancybox\" rel=\"7bd57b0a1e84a07a972d91eb4118437e\">\n\t\t\t\t<img\n\t\t\t\t\ttitle=\"Instalaciones07\"\n\t\t\t\t\talt=\"Instalaciones07\"\n\t\t\t\t\tsrc=\"https:\/\/blogsaverroes.juntadeandalucia.es\/ceipjoseramon\/wp-content\/uploads\/sites\/792\/nggallery\/instalaciones\/thumbs\/thumbs_Gimnasio2.jpg\"\n\t\t\t\t\twidth=\"120\"\n\t\t\t\t\theight=\"90\"\n\t\t\t\t\tstyle=\"max-width:100%;\"\n\t\t\t\t\/>\n\t\t\t<\/a>\n\t\t<\/div>\n\t\t\t\t\t\t\t<\/div>\n\t\t\t\n\t\t\t\t<div id=\"ngg-image-3\" class=\"ngg-gallery-thumbnail-box\n\t\t\t\t\t\t\t\t\t\t\t\"\n\t\t\t>\n\t\t\t\t\t\t<div class=\"ngg-gallery-thumbnail\">\n\t\t\t<a href=\"https:\/\/blogsaverroes.juntadeandalucia.es\/ceipjoseramon\/wp-content\/uploads\/sites\/792\/nggallery\/instalaciones\/Gimnasio3.jpg\"\n\t\t\t\ttitle=\"Gimnasio\"\n\t\t\t\tdata-src=\"https:\/\/blogsaverroes.juntadeandalucia.es\/ceipjoseramon\/wp-content\/uploads\/sites\/792\/nggallery\/instalaciones\/Gimnasio3.jpg\"\n\t\t\t\tdata-thumbnail=\"https:\/\/blogsaverroes.juntadeandalucia.es\/ceipjoseramon\/wp-content\/uploads\/sites\/792\/nggallery\/instalaciones\/thumbs\/thumbs_Gimnasio3.jpg\"\n\t\t\t\tdata-image-id=\"19\"\n\t\t\t\tdata-title=\"Instalaciones08\"\n\t\t\t\tdata-description=\"Gimnasio\"\n\t\t\t\tdata-image-slug=\"gimnasio3\"\n\t\t\t\tclass=\"ngg-fancybox\" rel=\"7bd57b0a1e84a07a972d91eb4118437e\">\n\t\t\t\t<img\n\t\t\t\t\ttitle=\"Instalaciones08\"\n\t\t\t\t\talt=\"Instalaciones08\"\n\t\t\t\t\tsrc=\"https:\/\/blogsaverroes.juntadeandalucia.es\/ceipjoseramon\/wp-content\/uploads\/sites\/792\/nggallery\/instalaciones\/thumbs\/thumbs_Gimnasio3.jpg\"\n\t\t\t\t\twidth=\"120\"\n\t\t\t\t\theight=\"90\"\n\t\t\t\t\tstyle=\"max-width:100%;\"\n\t\t\t\t\/>\n\t\t\t<\/a>\n\t\t<\/div>\n\t\t\t\t\t\t\t<\/div>\n\t\t\t\n\t\t\t\t<div id=\"ngg-image-4\" class=\"ngg-gallery-thumbnail-box\n\t\t\t\t\t\t\t\t\t\t\t\"\n\t\t\t>\n\t\t\t\t\t\t<div class=\"ngg-gallery-thumbnail\">\n\t\t\t<a href=\"https:\/\/blogsaverroes.juntadeandalucia.es\/ceipjoseramon\/wp-content\/uploads\/sites\/792\/nggallery\/instalaciones\/Aula-TIC2.jpg\"\n\t\t\t\ttitle=\"Aula TIC\"\n\t\t\t\tdata-src=\"https:\/\/blogsaverroes.juntadeandalucia.es\/ceipjoseramon\/wp-content\/uploads\/sites\/792\/nggallery\/instalaciones\/Aula-TIC2.jpg\"\n\t\t\t\tdata-thumbnail=\"https:\/\/blogsaverroes.juntadeandalucia.es\/ceipjoseramon\/wp-content\/uploads\/sites\/792\/nggallery\/instalaciones\/thumbs\/thumbs_Aula-TIC2.jpg\"\n\t\t\t\tdata-image-id=\"20\"\n\t\t\t\tdata-title=\"Instalaciones09\"\n\t\t\t\tdata-description=\"Aula TIC\"\n\t\t\t\tdata-image-slug=\"aula-tic2\"\n\t\t\t\tclass=\"ngg-fancybox\" rel=\"7bd57b0a1e84a07a972d91eb4118437e\">\n\t\t\t\t<img\n\t\t\t\t\ttitle=\"Instalaciones09\"\n\t\t\t\t\talt=\"Instalaciones09\"\n\t\t\t\t\tsrc=\"https:\/\/blogsaverroes.juntadeandalucia.es\/ceipjoseramon\/wp-content\/uploads\/sites\/792\/nggallery\/instalaciones\/thumbs\/thumbs_Aula-TIC2.jpg\"\n\t\t\t\t\twidth=\"120\"\n\t\t\t\t\theight=\"90\"\n\t\t\t\t\tstyle=\"max-width:100%;\"\n\t\t\t\t\/>\n\t\t\t<\/a>\n\t\t<\/div>\n\t\t\t\t\t\t\t<\/div>\n\t\t\t\n\t\n\t<br style=\"clear: both\" \/>\n\n\t\t<div class=\"slideshowlink\">\n\t\t<a href='https:\/\/blogsaverroes.juntadeandalucia.es\/ceipjoseramon\/el-centro-2\/nggallery\/slideshow'>[Mostrar presentaci\u00f3n de diapositivas]<\/a>\n\n\t<\/div>\n\t\n\t\t<!-- Pagination -->\n\t\t<div class='ngg-clear'><\/div>\t<\/div>\n<\/p>\n","protected":false},"excerpt":{"rendered":"<p>Ubicaci\u00f3n El Colegio Jos\u00e9 Ram\u00f3n est\u00e1 ubicado en la zona sur de Alcal\u00e1 de Guada\u00edra, entre el barrio Campo de las Beatas y la urbanizaci\u00f3n La Juncosa. Rodeado de nuevas urbanizaciones que han ido&#46;&#46;&#46;<\/p>\n","protected":false},"author":1,"featured_media":0,"parent":0,"menu_order":0,"comment_status":"closed","ping_status":"open","template":"","meta":{"ngg_post_thumbnail":0,"footnotes":"","_mc_calendar":[]},"aioseo_notices":[],"_links":{"self":[{"href":"https:\/\/blogsaverroes.juntadeandalucia.es\/ceipjoseramon\/wp-json\/wp\/v2\/pages\/35"}],"collection":[{"href":"https:\/\/blogsaverroes.juntadeandalucia.es\/ceipjoseramon\/wp-json\/wp\/v2\/pages"}],"about":[{"href":"https:\/\/blogsaverroes.juntadeandalucia.es\/ceipjoseramon\/wp-json\/wp\/v2\/types\/page"}],"author":[{"embeddable":true,"href":"https:\/\/blogsaverroes.juntadeandalucia.es\/ceipjoseramon\/wp-json\/wp\/v2\/users\/1"}],"replies":[{"embeddable":true,"href":"https:\/\/blogsaverroes.juntadeandalucia.es\/ceipjoseramon\/wp-json\/wp\/v2\/comments?post=35"}],"version-history":[{"count":22,"href":"https:\/\/blogsaverroes.juntadeandalucia.es\/ceipjoseramon\/wp-json\/wp\/v2\/pages\/35\/revisions"}],"predecessor-version":[{"id":3337,"href":"https:\/\/blogsaverroes.juntadeandalucia.es\/ceipjoseramon\/wp-json\/wp\/v2\/pages\/35\/revisions\/3337"}],"wp:attachment":[{"href":"https:\/\/blogsaverroes.juntadeandalucia.es\/ceipjoseramon\/wp-json\/wp\/v2\/media?parent=35"}],"curies":[{"name":"wp","href":"https:\/\/api.w.org\/{rel}","templated":true}]}}