{"id":4145,"date":"2020-02-11T11:25:29","date_gmt":"2020-02-11T10:25:29","guid":{"rendered":"http:\/\/blogsaverroes.juntadeandalucia.es\/ceipjoseramon\/?page_id=4145"},"modified":"2020-02-11T11:29:07","modified_gmt":"2020-02-11T10:29:07","slug":"whatsapp-de-clase","status":"publish","type":"page","link":"https:\/\/blogsaverroes.juntadeandalucia.es\/ceipjoseramon\/whatsapp-de-clase\/","title":{"rendered":"Whatsapp de clase"},"content":{"rendered":"<p style=\"text-align: justify\">&nbsp; &nbsp; &nbsp;Los colegios no podemos permanecer aislados a lo que ocurre en nuestra sociedad debido a que pertenecemos a ella y trabajamos para que nuestro alumnado se integre en la misma de una forma real y efectiva.&nbsp;<\/p>\n<p style=\"text-align: justify\">&nbsp; &nbsp; &nbsp;A d\u00eda de hoy <strong>es imposible entender las relaciones humanas sin el uso de la tecnolog\u00eda.<\/strong> Uno de los elementos tecnol\u00f3gicos m\u00e1s usados en estas relaciones humanas es el <strong>whatsapp y los grupos<\/strong> creados mediante esta aplicaci\u00f3n. La herramienta, como tal, presenta multitud de elementos positivos, pero lo que realmente hace buena o mala la aplicaci\u00f3n ser\u00e1 el uso que las personas hagamos de ella.<\/p>\n<p style=\"text-align: justify\">&nbsp; &nbsp; &nbsp;Centr\u00e1ndonos en la escuela, estos grupos nos afectan directamente, ya que hoy en d\u00eda pr\u00e1cticamente todas las clases tienen un grupo formado por las padres o tutores de los alumnos y alumnas que pertenecen a ellas. Es por ello que <strong>surge la necesidad de orientar a las familias para que se realice un uso adecuado<\/strong> de esta aplicaci\u00f3n. De esta manera conseguiremos obtener beneficios sin que el uso indebido de la misma origine dificultades de convivencia entre las familias y el centro escolar, o entre las propias familias.<\/p>\n<p style=\"text-align: justify\">&nbsp; &nbsp; &nbsp;Centr\u00e1ndonos en las <strong>ventajas<\/strong> podemos considerar el Whatsapp como un maravilloso <strong>canal de informaci\u00f3n, que permite a las familias conocer aspectos, tanto generales como espec\u00edficos del aula de sus hijos e hijas, casi de manera inmediata. A la vez que da a conocer la informaci\u00f3n tambi\u00e9n desarrolla la colaboraci\u00f3n y cooperaci\u00f3n entre las familias<\/strong>; lo cual origina un grupo de familias mejor coordinadas, conocedoras de la educaci\u00f3n de sus hijos y con una mayor facilidad para participar en la vida activa del centro.&nbsp;<\/p>\n<p style=\"text-align: justify\">&nbsp; &nbsp; &nbsp;En cambio, si no hacemos un uso adecuado de la aplicaci\u00f3n todos sus beneficios se convierten en <strong>desventajas<\/strong>. Aunque sea la misma aplicaci\u00f3n, es evidente que no podemos usar este chat como miembro de un grupo de familias de un colegio; como lo hacemos en un grupo con nuestros amigos y familiares. Este detalle tan f\u00e1cil de entender es lo que muchas veces diferencia un grupo que funciona correctamente de otro que no. Como se ha dicho al principio, whatsapp puede ser un buen canal para recibir y dar informaci\u00f3n de forma cooperativa, esa es la clave. Cuando dejamos de tener esa visi\u00f3n y nos dedicamos a utilizarlo para cosas externas al aula o al colegio; o para aportar opiniones que no tienen que ver con la informaci\u00f3n es cuando suelen surgir los conflictos. Entre ellos podemos nombrar algunos como: <strong>rumores que no interesan al resto de usuarios, mensajes que no tienen nada que ver con el fin para el que se creo el grupo, compartir audios, im\u00e1genes o v\u00eddeos cuyo contenido no es apropiado para estos grupos o no tienen que ver con los intereses del mismo; o incluso, utilizar t\u00e9rminos despectivos hacia maestros, maestras, padres, madres, alumnado<\/strong>, etc.&nbsp;<\/p>\n<p style=\"text-align: justify\">&nbsp; &nbsp; &nbsp;Lo normal es que <strong>cuando el uso del whatsapp no es el adecuado, se originen debates o pol\u00e9micas que en nada ayudan al grupo<\/strong>, y que suponen p\u00e9rdida de tiempo y energ\u00eda de una forma absurda.&nbsp; Adem\u00e1s para aquellas personas externas a la pol\u00e9mica esto supone una saturaci\u00f3n que hace que pierdan el inter\u00e9s en el seguimiento del grupo y por tanto, originan un deterioro en el funcionamiento de dicho grupo.<\/p>\n<p style=\"text-align: justify\">&nbsp; &nbsp; &nbsp;Es destacable que <strong>el debate no tiene sentido en estas aplicaciones puesto que es muy com\u00fan caer en malentendidos<\/strong>. Es mejor ser breves y concisos, evitando la iron\u00eda y el doble sentido; ya que son elementos dif\u00edcilmente comprensibles para el resto por la ausencia de contexto en el que se producen.<\/p>\n<p style=\"text-align: justify\">&nbsp; &nbsp; &nbsp;Por \u00faltimo, debemos tener en cuenta que <strong>estos grupos no son un medio oficial de comunicaci\u00f3n con el centro<\/strong>. Es por ello, que ante cualquier duda o conflicto lo recomendable es acudir al centro donde nos recibir\u00e1n encantados y nos dar\u00e1n las explicaciones necesarias con mayor conocimiento y fundamento. Cualquier otra reacci\u00f3n solo podr\u00eda agravar los malentendidos o problemas reales y generar dificultades en la convivencia alumnado-familia-escuela.<\/p>\n<p style=\"text-align: justify\">&nbsp; &nbsp; &nbsp;Desde nuestro centro os animamos a hacer un uso responsable de esta herramienta, aprovechando sus m\u00faltiples ventajas y eliminando sus inconvenientes. <strong>Os dejamos ahora un dec\u00e1logo donde se podr\u00eda resumir todo lo expuesto anteriormente para el buen uso y disfrute del whatsapp<\/strong>. En internet podr\u00e9is encontrar muchos, nosotros hemos elegido uno para mostr\u00e1roslo a modo de ejemplo.&nbsp;<\/p>\n<p style=\"text-align: justify\">Un saludo y a wasapear en paz y armon\u00eda.<\/p>\n<p><a href=\"https:\/\/blogsaverroes.juntadeandalucia.es\/ceipjoseramon\/files\/2020\/02\/familias-que-whatsapean-en-paz.jpg\"><img fetchpriority=\"high\" decoding=\"async\" class=\"aligncenter size-full wp-image-4148\" src=\"https:\/\/blogsaverroes.juntadeandalucia.es\/ceipjoseramon\/files\/2020\/02\/familias-que-whatsapean-en-paz.jpg\" alt=\"\" width=\"636\" height=\"900\" srcset=\"https:\/\/blogsaverroes.juntadeandalucia.es\/ceipjoseramon\/files\/2020\/02\/familias-que-whatsapean-en-paz.jpg 636w, https:\/\/blogsaverroes.juntadeandalucia.es\/ceipjoseramon\/files\/2020\/02\/familias-que-whatsapean-en-paz-212x300.jpg 212w, https:\/\/blogsaverroes.juntadeandalucia.es\/ceipjoseramon\/files\/2020\/02\/familias-que-whatsapean-en-paz-332x470.jpg 332w, https:\/\/blogsaverroes.juntadeandalucia.es\/ceipjoseramon\/files\/2020\/02\/familias-que-whatsapean-en-paz-17x24.jpg 17w, https:\/\/blogsaverroes.juntadeandalucia.es\/ceipjoseramon\/files\/2020\/02\/familias-que-whatsapean-en-paz-25x36.jpg 25w, https:\/\/blogsaverroes.juntadeandalucia.es\/ceipjoseramon\/files\/2020\/02\/familias-que-whatsapean-en-paz-34x48.jpg 34w\" sizes=\"(max-width: 636px) 100vw, 636px\" \/><\/a><\/p>\n<p>&nbsp;<\/p>\n","protected":false},"excerpt":{"rendered":"<p>&nbsp; &nbsp; &nbsp;Los colegios no podemos permanecer aislados a lo que ocurre en nuestra sociedad debido a que pertenecemos a ella y trabajamos para que nuestro alumnado se integre en la misma de una&#46;&#46;&#46;<\/p>\n","protected":false},"author":2537,"featured_media":0,"parent":0,"menu_order":0,"comment_status":"closed","ping_status":"closed","template":"","meta":{"ngg_post_thumbnail":0,"footnotes":"","_mc_calendar":[]},"aioseo_notices":[],"_links":{"self":[{"href":"https:\/\/blogsaverroes.juntadeandalucia.es\/ceipjoseramon\/wp-json\/wp\/v2\/pages\/4145"}],"collection":[{"href":"https:\/\/blogsaverroes.juntadeandalucia.es\/ceipjoseramon\/wp-json\/wp\/v2\/pages"}],"about":[{"href":"https:\/\/blogsaverroes.juntadeandalucia.es\/ceipjoseramon\/wp-json\/wp\/v2\/types\/page"}],"author":[{"embeddable":true,"href":"https:\/\/blogsaverroes.juntadeandalucia.es\/ceipjoseramon\/wp-json\/wp\/v2\/users\/2537"}],"replies":[{"embeddable":true,"href":"https:\/\/blogsaverroes.juntadeandalucia.es\/ceipjoseramon\/wp-json\/wp\/v2\/comments?post=4145"}],"version-history":[{"count":7,"href":"https:\/\/blogsaverroes.juntadeandalucia.es\/ceipjoseramon\/wp-json\/wp\/v2\/pages\/4145\/revisions"}],"predecessor-version":[{"id":4159,"href":"https:\/\/blogsaverroes.juntadeandalucia.es\/ceipjoseramon\/wp-json\/wp\/v2\/pages\/4145\/revisions\/4159"}],"wp:attachment":[{"href":"https:\/\/blogsaverroes.juntadeandalucia.es\/ceipjoseramon\/wp-json\/wp\/v2\/media?parent=4145"}],"curies":[{"name":"wp","href":"https:\/\/api.w.org\/{rel}","templated":true}]}}