{"id":44,"date":"2015-03-13T08:42:15","date_gmt":"2015-03-13T08:42:15","guid":{"rendered":"http:\/\/blogsaverroes.juntadeandalucia.es\/pre\/ceip\/?page_id=44"},"modified":"2017-01-09T14:53:10","modified_gmt":"2017-01-09T13:53:10","slug":"planes-y-proyectos","status":"publish","type":"page","link":"https:\/\/blogsaverroes.juntadeandalucia.es\/ceipjoseramon\/planes-y-proyectos\/","title":{"rendered":"Planes y Programas"},"content":{"rendered":"<p>&nbsp;<\/p>\n<p>&nbsp;<\/p>\n<p><strong><span style=\"text-decoration: underline\">CRECIENDO EN SALUD<\/span><\/strong><\/p>\n<p><a href=\"http:\/\/blogsaverroes.juntadeandalucia.es\/ceipjoseramon\/files\/2015\/03\/PROYECTO-CRECIENDO-EN-SALUD-16-17.pdf\">PROYECTO CRECIENDO EN SALUD &#8211; 16-17<\/a><\/p>\n<p><a href=\"http:\/\/blogsaverroes.juntadeandalucia.es\/ceipjoseramon\/files\/2015\/03\/fruta500.png\"><img decoding=\"async\" class=\"alignnone  wp-image-2261\" src=\"http:\/\/blogsaverroes.juntadeandalucia.es\/ceipjoseramon\/files\/2015\/03\/fruta500.png\" alt=\"fruta500\" width=\"177\" height=\"177\" \/><\/a><\/p>\n<p>Nuestro centro participa desde hace a\u00f1os en el plan de consumo de fruta en la escuela, recurso para el desaroolo de la L\u00edne de Intervenci\u00f3n \u00abEstilos de vida saludable\u00bb, del <strong>Programa Educativo Creciendo en Salud, que tiene como objetivo la ingesta de FRUTAS Y HOTALIZAS por el alumnado, para que normalicen y se habituen a su consumo.<\/strong><\/p>\n<p>Motivados por el consumo de fruta en la escuela, as\u00ed como por las diversas actividades relacionadas con ello, pretendemos que nuestros alumnos y alumnas aumenten su consumo de fruta, verduras y hortaliza en su dieta. Esto s\u00f3lo es posible, si en casa, en la familia, vamos haciendo que las frutas, las verduras y las hortalizas est\u00e9n presentes a la hora de alimentarnos. Recuperando as\u00ed en nuestros hogares la Dieta Mediterr\u00e1nea, declarada por la UNESCO, Patrimonio de la Humanidad, por sus efectos beneficiosos para la salud.<br \/>\n<strong>DESAYUNADOS DE CASA.<\/strong><\/p>\n<p>Es muy importante para el aprendizaje, que el alumno\/la alumna<br \/>\nhaya desayunado en casa, antes de iniciar la actividad escolar.<br \/>\nEstar alimentado aporta energ\u00eda \u2013 vitalidad \u2013 estimula la atenci\u00f3n.<br \/>\nUn vaso de leche, o cola-cao, \u2026 acompa\u00f1ado de una peque\u00f1a tostada o dos galletas, son suficientes para iniciar el d\u00eda con las energ\u00eda necesaria que exige la escuela.<\/p>\n<p>Hay ni\u00f1os\/as que no desayunan en casa. Tengan en cuenta que en este caso, no toman nada hasta la hora del recreo (doce de la ma\u00f1ana) y ya han echado la mayor parte de la jornada escolar.<\/p>\n<p>Programemos la hora de levantarnos, para que nos d\u00e9 tiempo de hacer las cosas sin tener que ir corriendo. Levantemos a los chicos con el tiempo suficiente, para sentarse a desayunar tranquilos,poco a poco, se ir\u00e1 convirtiendo en un h\u00e1bito de alimentaci\u00f3n para ellos.<\/p>\n<p>Los chicos\/as que hacen su desayuno en casa, est\u00e1 MUY BIEN.<br \/>\nPara aquellos que no desayunan en casa, empecemos por un desayuno ligero, peque\u00f1o, poco cantidad y diverso, variado, (tostadas de mantequilla, aceite, foie-gras,\u2026galletas,\u2026hasta que se vaya ajustando su desayuno.<br \/>\n<strong>EL DESAYUNO EN LA ESCUELA :<\/strong><\/p>\n<p>El desayuno escolar, debe ser un reparador de fuerza y energ\u00eda. Un tentempi\u00e9. En muchas reuniones de principios de curso, a los padres les aconsejamos que el desayuno sea alg\u00fan alimento de estos:<br \/>\n\u2022 Un peque\u00f1o bocadillo o s\u00e1ndwich.<br \/>\n\u2022 Fruta.<br \/>\n\u2022 Dos o Tres galletas.<\/p>\n<p>Hay que reconocer que la gran mayor\u00eda trae este tipo de desayuno.<\/p>\n<p>Es importante huir de la boller\u00eda industrial, cereales y de zumos, por su exceso en grasas y azucares a\u00f1adidos. Tambi\u00e9n hay que huir de grandes cantidades, para evitar que el desayuno lo termine tirando a la papelera o le reste demasiado tiempo para jugar.<\/p>\n<p><strong>Y LOS VIERNES\u2026DESAYUNAMOS FRUTA.<\/strong><\/p>\n<p>Continuando con el h\u00e1bito que, a\u00f1os tras a\u00f1os, procuramos desarrollar en el alumnado, tanto de infantil como de primaria: los viernes, en el cole, que el desayuno que traigan sea de frutas.<br \/>\n<span style=\"text-decoration: underline\"><strong>ESCUELA ESPACIO DE PAZ: <\/strong><\/span><\/p>\n<p><strong><span style=\"text-decoration: underline\">\u00abSI PARTICIPAMOS CONSTRUIMOS\u00bb<br \/>\n<\/span><\/strong><\/p>\n<p><a href=\"http:\/\/blogsaverroes.juntadeandalucia.es\/ceipjoseramon\/files\/2015\/03\/Espacio-de-Paz.jpg\"><img decoding=\"async\" class=\"alignnone  wp-image-2262\" src=\"http:\/\/blogsaverroes.juntadeandalucia.es\/ceipjoseramon\/files\/2015\/03\/Espacio-de-Paz.jpg\" alt=\"Espacio de Paz\" width=\"207\" height=\"134\" \/><\/a><\/p>\n<p>El centro participa en este programa educativo desde hace varios a\u00f1os. Los objetivos que perseguimos:<\/p>\n<p>&#8211; Desarrollo de la participaci\u00f3n del alumnado en el centro.<\/p>\n<p>&#8211; Promoci\u00f3n de la convivencia en el centro, desarrollando valores, actitudes,habilidades y\u00a0 h\u00e1bitos que ayudan a una mejorarla.<\/p>\n<p>ACCIONES:<\/p>\n<p>* ASAMBLEA DE CLASE.<\/p>\n<p>* ASAMBLEA DE DELEGADOS Y DELEGADAS DE CLASE.<\/p>\n<p>* JUGUEMOS JUNTOS, JUGUEMOS EN PAZ.<\/p>\n<p>* PROYECTO SOLIDARIO: UNA ESCUELA PARA LOS NI\u00d1OS Y NI\u00d1AS DE KPANDEDA (TOGO).<\/p>\n<p>* MERCADILLO SOLIDARIO.<\/p>\n<p>* D\u00cdA DE LOS DERECHOS HUMANOS.<\/p>\n<p>* D\u00cdA DE LA PAZ.<\/p>\n<p>* ALIMENTA UNA ESPERANZA: Ayuda al pueblo saharaui.<\/p>\n","protected":false},"excerpt":{"rendered":"<p>&nbsp; &nbsp; CRECIENDO EN SALUD PROYECTO CRECIENDO EN SALUD &#8211; 16-17 Nuestro centro participa desde hace a\u00f1os en el plan de consumo de fruta en la escuela, recurso para el desaroolo de la L\u00edne&#46;&#46;&#46;<\/p>\n","protected":false},"author":1,"featured_media":0,"parent":0,"menu_order":0,"comment_status":"closed","ping_status":"closed","template":"","meta":{"ngg_post_thumbnail":0,"footnotes":"","_mc_calendar":[]},"aioseo_notices":[],"_links":{"self":[{"href":"https:\/\/blogsaverroes.juntadeandalucia.es\/ceipjoseramon\/wp-json\/wp\/v2\/pages\/44"}],"collection":[{"href":"https:\/\/blogsaverroes.juntadeandalucia.es\/ceipjoseramon\/wp-json\/wp\/v2\/pages"}],"about":[{"href":"https:\/\/blogsaverroes.juntadeandalucia.es\/ceipjoseramon\/wp-json\/wp\/v2\/types\/page"}],"author":[{"embeddable":true,"href":"https:\/\/blogsaverroes.juntadeandalucia.es\/ceipjoseramon\/wp-json\/wp\/v2\/users\/1"}],"replies":[{"embeddable":true,"href":"https:\/\/blogsaverroes.juntadeandalucia.es\/ceipjoseramon\/wp-json\/wp\/v2\/comments?post=44"}],"version-history":[{"count":7,"href":"https:\/\/blogsaverroes.juntadeandalucia.es\/ceipjoseramon\/wp-json\/wp\/v2\/pages\/44\/revisions"}],"predecessor-version":[{"id":3301,"href":"https:\/\/blogsaverroes.juntadeandalucia.es\/ceipjoseramon\/wp-json\/wp\/v2\/pages\/44\/revisions\/3301"}],"wp:attachment":[{"href":"https:\/\/blogsaverroes.juntadeandalucia.es\/ceipjoseramon\/wp-json\/wp\/v2\/media?parent=44"}],"curies":[{"name":"wp","href":"https:\/\/api.w.org\/{rel}","templated":true}]}}

<p>&nbsp;</p>
<p>&nbsp;</p>
<p><strong><span style="text-decoration: underline">CRECIENDO EN SALUD</span></strong></p>
<p><a href="http://blogsaverroes.juntadeandalucia.es/ceipjoseramon/files/2015/03/PROYECTO-CRECIENDO-EN-SALUD-16-17.pdf">PROYECTO CRECIENDO EN SALUD &#8211; 16-17</a></p>
<p><a href="http://blogsaverroes.juntadeandalucia.es/ceipjoseramon/files/2015/03/fruta500.png"><img decoding="async" class="alignnone  wp-image-2261" src="http://blogsaverroes.juntadeandalucia.es/ceipjoseramon/files/2015/03/fruta500.png" alt="fruta500" width="177" height="177" /></a></p>
<p>Nuestro centro participa desde hace años en el plan de consumo de fruta en la escuela, recurso para el desaroolo de la Líne de Intervención «Estilos de vida saludable», del <strong>Programa Educativo Creciendo en Salud, que tiene como objetivo la ingesta de FRUTAS Y HOTALIZAS por el alumnado, para que normalicen y se habituen a su consumo.</strong></p>
<p>Motivados por el consumo de fruta en la escuela, así como por las diversas actividades relacionadas con ello, pretendemos que nuestros alumnos y alumnas aumenten su consumo de fruta, verduras y hortaliza en su dieta. Esto sólo es posible, si en casa, en la familia, vamos haciendo que las frutas, las verduras y las hortalizas estén presentes a la hora de alimentarnos. Recuperando así en nuestros hogares la Dieta Mediterránea, declarada por la UNESCO, Patrimonio de la Humanidad, por sus efectos beneficiosos para la salud.<br />
<strong>DESAYUNADOS DE CASA.</strong></p>
<p>Es muy importante para el aprendizaje, que el alumno/la alumna<br />
haya desayunado en casa, antes de iniciar la actividad escolar.<br />
Estar alimentado aporta energía – vitalidad – estimula la atención.<br />
Un vaso de leche, o cola-cao, … acompañado de una pequeña tostada o dos galletas, son suficientes para iniciar el día con las energía necesaria que exige la escuela.</p>
<p>Hay niños/as que no desayunan en casa. Tengan en cuenta que en este caso, no toman nada hasta la hora del recreo (doce de la mañana) y ya han echado la mayor parte de la jornada escolar.</p>
<p>Programemos la hora de levantarnos, para que nos dé tiempo de hacer las cosas sin tener que ir corriendo. Levantemos a los chicos con el tiempo suficiente, para sentarse a desayunar tranquilos,poco a poco, se irá convirtiendo en un hábito de alimentación para ellos.</p>
<p>Los chicos/as que hacen su desayuno en casa, está MUY BIEN.<br />
Para aquellos que no desayunan en casa, empecemos por un desayuno ligero, pequeño, poco cantidad y diverso, variado, (tostadas de mantequilla, aceite, foie-gras,…galletas,…hasta que se vaya ajustando su desayuno.<br />
<strong>EL DESAYUNO EN LA ESCUELA :</strong></p>
<p>El desayuno escolar, debe ser un reparador de fuerza y energía. Un tentempié. En muchas reuniones de principios de curso, a los padres les aconsejamos que el desayuno sea algún alimento de estos:<br />
• Un pequeño bocadillo o sándwich.<br />
• Fruta.<br />
• Dos o Tres galletas.</p>
<p>Hay que reconocer que la gran mayoría trae este tipo de desayuno.</p>
<p>Es importante huir de la bollería industrial, cereales y de zumos, por su exceso en grasas y azucares añadidos. También hay que huir de grandes cantidades, para evitar que el desayuno lo termine tirando a la papelera o le reste demasiado tiempo para jugar.</p>
<p><strong>Y LOS VIERNES…DESAYUNAMOS FRUTA.</strong></p>
<p>Continuando con el hábito que, años tras años, procuramos desarrollar en el alumnado, tanto de infantil como de primaria: los viernes, en el cole, que el desayuno que traigan sea de frutas.<br />
<span style="text-decoration: underline"><strong>ESCUELA ESPACIO DE PAZ: </strong></span></p>
<p><strong><span style="text-decoration: underline">«SI PARTICIPAMOS CONSTRUIMOS»<br />
</span></strong></p>
<p><a href="http://blogsaverroes.juntadeandalucia.es/ceipjoseramon/files/2015/03/Espacio-de-Paz.jpg"><img decoding="async" class="alignnone  wp-image-2262" src="http://blogsaverroes.juntadeandalucia.es/ceipjoseramon/files/2015/03/Espacio-de-Paz.jpg" alt="Espacio de Paz" width="207" height="134" /></a></p>
<p>El centro participa en este programa educativo desde hace varios años. Los objetivos que perseguimos:</p>
<p>&#8211; Desarrollo de la participación del alumnado en el centro.</p>
<p>&#8211; Promoción de la convivencia en el centro, desarrollando valores, actitudes,habilidades y  hábitos que ayudan a una mejorarla.</p>
<p>ACCIONES:</p>
<p>* ASAMBLEA DE CLASE.</p>
<p>* ASAMBLEA DE DELEGADOS Y DELEGADAS DE CLASE.</p>
<p>* JUGUEMOS JUNTOS, JUGUEMOS EN PAZ.</p>
<p>* PROYECTO SOLIDARIO: UNA ESCUELA PARA LOS NIÑOS Y NIÑAS DE KPANDEDA (TOGO).</p>
<p>* MERCADILLO SOLIDARIO.</p>
<p>* DÍA DE LOS DERECHOS HUMANOS.</p>
<p>* DÍA DE LA PAZ.</p>
<p>* ALIMENTA UNA ESPERANZA: Ayuda al pueblo saharaui.</p>

<p>&nbsp; &nbsp; CRECIENDO EN SALUD PROYECTO CRECIENDO EN SALUD &#8211; 16-17 Nuestro centro participa desde hace años en el plan de consumo de fruta en la escuela, recurso para el desaroolo de la Líne&#46;&#46;&#46;</p>
