{"id":4453,"date":"2020-04-01T12:06:28","date_gmt":"2020-04-01T11:06:28","guid":{"rendered":"http:\/\/blogsaverroes.juntadeandalucia.es\/ceipjoseramon\/?page_id=4453"},"modified":"2021-04-23T17:06:47","modified_gmt":"2021-04-23T16:06:47","slug":"biblioweb","status":"publish","type":"page","link":"https:\/\/blogsaverroes.juntadeandalucia.es\/ceipjoseramon\/biblioweb\/","title":{"rendered":"BIBLIOBLOG"},"content":{"rendered":"<p>&nbsp; &nbsp; &nbsp;Queridas familias, desde el equipo de biblioteca se ha decidido actualizar nuestro blog para acompa\u00f1aros y poder acercaros a la biblioteca de nuestro centro desde cualquier lugar.<\/p>\n<div style=\"width: 1920px;\" class=\"wp-video\"><!--[if lt IE 9]><script>document.createElement('video');<\/script><![endif]-->\n<video class=\"wp-video-shortcode\" id=\"video-4453-1\" width=\"1920\" height=\"1080\" preload=\"metadata\" controls=\"controls\"><source type=\"video\/mp4\" src=\"https:\/\/blogsaverroes.juntadeandalucia.es\/ceipjoseramon\/files\/2020\/04\/biblioteca-1-CON-VIDEO.mp4?_=1\" \/><a href=\"https:\/\/blogsaverroes.juntadeandalucia.es\/ceipjoseramon\/files\/2020\/04\/biblioteca-1-CON-VIDEO.mp4\">https:\/\/blogsaverroes.juntadeandalucia.es\/ceipjoseramon\/files\/2020\/04\/biblioteca-1-CON-VIDEO.mp4<\/a><\/video><\/div>\n<p>&nbsp; &nbsp; &nbsp;<\/p>\n<p>&nbsp;<\/p>\n<p>&nbsp; &nbsp; &nbsp;A continuaci\u00f3n encontrar\u00e9is un enlace que os dirigir\u00e1 al blog de nuestra biblioteca. Un fuerte abrazo.<\/p>\n<p><a href=\"http:\/\/ceipjoseramonbiblioteca.blogspot.com\/\" target=\"_blank\" rel=\"noopener noreferrer\">BLOG BIBLIOTECA CEIP JOS\u00c9 RAM\u00d3N<\/a>&nbsp;<\/p>\n","protected":false},"excerpt":{"rendered":"<p>&nbsp; &nbsp; &nbsp;Queridas familias, desde el equipo de biblioteca se ha decidido actualizar nuestro blog para acompa\u00f1aros y poder acercaros a la biblioteca de nuestro centro desde cualquier lugar. &nbsp; &nbsp; &nbsp; &nbsp; &nbsp;&#46;&#46;&#46;<\/p>\n","protected":false},"author":2537,"featured_media":0,"parent":0,"menu_order":0,"comment_status":"closed","ping_status":"closed","template":"","meta":{"ngg_post_thumbnail":0,"footnotes":"","_mc_calendar":[]},"aioseo_notices":[],"_links":{"self":[{"href":"https:\/\/blogsaverroes.juntadeandalucia.es\/ceipjoseramon\/wp-json\/wp\/v2\/pages\/4453"}],"collection":[{"href":"https:\/\/blogsaverroes.juntadeandalucia.es\/ceipjoseramon\/wp-json\/wp\/v2\/pages"}],"about":[{"href":"https:\/\/blogsaverroes.juntadeandalucia.es\/ceipjoseramon\/wp-json\/wp\/v2\/types\/page"}],"author":[{"embeddable":true,"href":"https:\/\/blogsaverroes.juntadeandalucia.es\/ceipjoseramon\/wp-json\/wp\/v2\/users\/2537"}],"replies":[{"embeddable":true,"href":"https:\/\/blogsaverroes.juntadeandalucia.es\/ceipjoseramon\/wp-json\/wp\/v2\/comments?post=4453"}],"version-history":[{"count":6,"href":"https:\/\/blogsaverroes.juntadeandalucia.es\/ceipjoseramon\/wp-json\/wp\/v2\/pages\/4453\/revisions"}],"predecessor-version":[{"id":4887,"href":"https:\/\/blogsaverroes.juntadeandalucia.es\/ceipjoseramon\/wp-json\/wp\/v2\/pages\/4453\/revisions\/4887"}],"wp:attachment":[{"href":"https:\/\/blogsaverroes.juntadeandalucia.es\/ceipjoseramon\/wp-json\/wp\/v2\/media?parent=4453"}],"curies":[{"name":"wp","href":"https:\/\/api.w.org\/{rel}","templated":true}]}}