{"id":77,"date":"2015-03-16T06:54:56","date_gmt":"2015-03-16T06:54:56","guid":{"rendered":"http:\/\/blogsaverroes.juntadeandalucia.es\/pre\/ceip\/?page_id=77"},"modified":"2019-10-29T11:29:01","modified_gmt":"2019-10-29T10:29:01","slug":"secretaria","status":"publish","type":"page","link":"https:\/\/blogsaverroes.juntadeandalucia.es\/ceipjoseramon\/secretaria\/","title":{"rendered":"Horario de atenci\u00f3n del Equipo Directivo"},"content":{"rendered":"<p><strong>DIRECCI\u00d3N:&nbsp; &nbsp;<\/strong>Lunes, martes y jueves de 12:30 a 13:30<\/p>\n<p>Martes de 16:00 a 17:00<\/p>\n<p><strong>SECRETAR\u00cdA:&nbsp;&nbsp; <\/strong>Martes, mi\u00e9rcoles y jueves de 12:30 a 13:30<\/p>\n<p>&nbsp;<\/p>\n<p><strong>Para solicitar o recoger&nbsp; cualquier documentaci\u00f3n en ventanilla de reprograf\u00eda de 9:15 a 10:00<\/strong><\/p>\n","protected":false},"excerpt":{"rendered":"<p>DIRECCI\u00d3N:&nbsp; &nbsp;Lunes, martes y jueves de 12:30 a 13:30 Martes de 16:00 a 17:00 SECRETAR\u00cdA:&nbsp;&nbsp; Martes, mi\u00e9rcoles y jueves de 12:30 a 13:30 &nbsp; Para solicitar o recoger&nbsp; cualquier documentaci\u00f3n en ventanilla de reprograf\u00eda&#46;&#46;&#46;<\/p>\n","protected":false},"author":1,"featured_media":0,"parent":0,"menu_order":0,"comment_status":"closed","ping_status":"open","template":"","meta":{"ngg_post_thumbnail":0,"footnotes":"","_mc_calendar":[]},"aioseo_notices":[],"_links":{"self":[{"href":"https:\/\/blogsaverroes.juntadeandalucia.es\/ceipjoseramon\/wp-json\/wp\/v2\/pages\/77"}],"collection":[{"href":"https:\/\/blogsaverroes.juntadeandalucia.es\/ceipjoseramon\/wp-json\/wp\/v2\/pages"}],"about":[{"href":"https:\/\/blogsaverroes.juntadeandalucia.es\/ceipjoseramon\/wp-json\/wp\/v2\/types\/page"}],"author":[{"embeddable":true,"href":"https:\/\/blogsaverroes.juntadeandalucia.es\/ceipjoseramon\/wp-json\/wp\/v2\/users\/1"}],"replies":[{"embeddable":true,"href":"https:\/\/blogsaverroes.juntadeandalucia.es\/ceipjoseramon\/wp-json\/wp\/v2\/comments?post=77"}],"version-history":[{"count":7,"href":"https:\/\/blogsaverroes.juntadeandalucia.es\/ceipjoseramon\/wp-json\/wp\/v2\/pages\/77\/revisions"}],"predecessor-version":[{"id":3875,"href":"https:\/\/blogsaverroes.juntadeandalucia.es\/ceipjoseramon\/wp-json\/wp\/v2\/pages\/77\/revisions\/3875"}],"wp:attachment":[{"href":"https:\/\/blogsaverroes.juntadeandalucia.es\/ceipjoseramon\/wp-json\/wp\/v2\/media?parent=77"}],"curies":[{"name":"wp","href":"https:\/\/api.w.org\/{rel}","templated":true}]}}