{"id":35,"date":"2015-03-13T08:21:43","date_gmt":"2015-03-13T08:21:43","guid":{"rendered":"http:\/\/blogsaverroes.juntadeandalucia.es\/pre\/ceip\/?page_id=35"},"modified":"2024-05-13T11:12:21","modified_gmt":"2024-05-13T11:12:21","slug":"el-centro-2","status":"publish","type":"page","link":"https:\/\/blogsaverroes.juntadeandalucia.es\/ceipjosesalazar\/el-centro-2\/","title":{"rendered":"Datos del centro"},"content":{"rendered":"<p>Bienvenidos a nuestro colegio. En este espacio, les facilitamos nuestros datos de contacto, <a href=\"https:\/\/blogsaverroes.juntadeandalucia.es\/ceipjosesalazar\/files\/2022\/03\/Captura-de-pantalla-2022-03-07-a-las-12.00.31.png\"><img loading=\"lazy\" decoding=\"async\" class=\"wp-image-2567 alignright\" src=\"https:\/\/blogsaverroes.juntadeandalucia.es\/ceipjosesalazar\/files\/2022\/03\/Captura-de-pantalla-2022-03-07-a-las-12.00.31.png\" alt=\"\" width=\"119\" height=\"118\" srcset=\"https:\/\/blogsaverroes.juntadeandalucia.es\/ceipjosesalazar\/files\/2022\/03\/Captura-de-pantalla-2022-03-07-a-las-12.00.31.png 201w, https:\/\/blogsaverroes.juntadeandalucia.es\/ceipjosesalazar\/files\/2022\/03\/Captura-de-pantalla-2022-03-07-a-las-12.00.31-150x150.png 150w\" sizes=\"(max-width: 119px) 100vw, 119px\" \/><\/a>ubicaci\u00f3n e informaci\u00f3n b\u00e1sica sobre nosotros.<\/p>\n<p>&nbsp;<\/p>\n<p><strong>Datos de contacto<\/strong><\/p>\n<p>Tel\u00e9fono Secretar\u00eda: 950579503<br \/>\nTel\u00e9fono Direcci\u00f3n: 697950582<\/p>\n<p>Tel\u00e9fono \/ FAX Jefatura de Estudios: 950579553<\/p>\n<h4>Email: 04002283.edu@juntadeandalucia.es<\/h4>\n<p>&nbsp;<\/p>\n<p><strong>Redes sociales<\/strong><\/p>\n<p><a href=\"https:\/\/www.facebook.com\/people\/CEIP-Jos%C3%A9-Salazar\/100063790159739\/\" target=\"_blank\" rel=\"noopener\"><img loading=\"lazy\" decoding=\"async\" class=\"alignleft wp-image-2697\" src=\"https:\/\/blogsaverroes.juntadeandalucia.es\/ceipjosesalazar\/files\/2024\/05\/facebook_logo_icon_147291.png\" alt=\"\" width=\"56\" height=\"56\" srcset=\"https:\/\/blogsaverroes.juntadeandalucia.es\/ceipjosesalazar\/files\/2024\/05\/facebook_logo_icon_147291.png 512w, https:\/\/blogsaverroes.juntadeandalucia.es\/ceipjosesalazar\/files\/2024\/05\/facebook_logo_icon_147291-300x300.png 300w, https:\/\/blogsaverroes.juntadeandalucia.es\/ceipjosesalazar\/files\/2024\/05\/facebook_logo_icon_147291-150x150.png 150w\" sizes=\"(max-width: 56px) 100vw, 56px\" \/><\/a> <a href=\"https:\/\/www.instagram.com\/ceipjosesalazar\/\" target=\"_blank\" rel=\"noopener\"><img loading=\"lazy\" decoding=\"async\" class=\"alignnone wp-image-2662\" src=\"https:\/\/blogsaverroes.juntadeandalucia.es\/ceipjosesalazar\/files\/2024\/05\/OIP.jpg\" alt=\"\" width=\"59\" height=\"59\" srcset=\"https:\/\/blogsaverroes.juntadeandalucia.es\/ceipjosesalazar\/files\/2024\/05\/OIP.jpg 474w, https:\/\/blogsaverroes.juntadeandalucia.es\/ceipjosesalazar\/files\/2024\/05\/OIP-300x300.jpg 300w, https:\/\/blogsaverroes.juntadeandalucia.es\/ceipjosesalazar\/files\/2024\/05\/OIP-150x150.jpg 150w\" sizes=\"(max-width: 59px) 100vw, 59px\" \/><\/a><br \/>\n&nbsp;<strong>Ubicaci\u00f3n<\/strong><\/p>\n<p style=\"text-align: center\"><a href=\"https:\/\/www.google.es\/maps\/place\/Colegio+P%C3%BAblico+Jos%C3%A9+Salazar\/@36.7704737,-2.8227701,15.96z\/data=!4m6!3m5!1s0xd70431f0a64a249:0x2daceeaa04e6dea3!8m2!3d36.7716564!4d-2.8204337!16s%2Fg%2F1tfks3lw?entry=ttu\" target=\"_blank\" rel=\"noopener\"><img loading=\"lazy\" decoding=\"async\" class=\"alignleft wp-image-2694\" src=\"https:\/\/blogsaverroes.juntadeandalucia.es\/ceipjosesalazar\/files\/2024\/05\/Captura-de-pantalla-2024-05-09-110803.png\" alt=\"\" width=\"507\" height=\"266\" srcset=\"https:\/\/blogsaverroes.juntadeandalucia.es\/ceipjosesalazar\/files\/2024\/05\/Captura-de-pantalla-2024-05-09-110803.png 1138w, https:\/\/blogsaverroes.juntadeandalucia.es\/ceipjosesalazar\/files\/2024\/05\/Captura-de-pantalla-2024-05-09-110803-300x157.png 300w, https:\/\/blogsaverroes.juntadeandalucia.es\/ceipjosesalazar\/files\/2024\/05\/Captura-de-pantalla-2024-05-09-110803-1024x537.png 1024w, https:\/\/blogsaverroes.juntadeandalucia.es\/ceipjosesalazar\/files\/2024\/05\/Captura-de-pantalla-2024-05-09-110803-768x403.png 768w\" sizes=\"(max-width: 507px) 100vw, 507px\" \/><\/a><\/p>\n<p>&nbsp;<\/p>\n<p>&nbsp;<\/p>\n<p>&nbsp;<\/p>\n<p>&nbsp;<\/p>\n<p>&nbsp;<\/p>\n<p>&nbsp;<\/p>\n<p>&nbsp;<\/p>\n<p>&nbsp;<\/p>\n<p>&nbsp;<\/p>\n<p><strong>Direcci\u00f3n:<\/strong> &nbsp;Calle Venezuela, 2. El Ejido (04700). Almer\u00eda<\/p>\n<h4><strong>Horarios<\/strong><\/h4>\n<p>Horario Aula Matinal: de 07:30 a 09:00 horas, de lunes a viernes.<\/p>\n<p>Horario lectivo del centro: de 09:00 a 14:00 de lunes a viernes.<\/p>\n<p>Horario PROA: martes y jueves de 16:00 a 18:00 horas.<\/p>\n<p>Horario de atenci\u00f3n a familias: lunes de 16:00 a 17:00, con cita previa y de forma, preferentemente, telem\u00e1tica<\/p>\n<p>Horario de atenci\u00f3n al p\u00fablico: los lunes, mi\u00e9rcoles y jueves &nbsp;de 10:00 a 11:00, siempre con cita previa.<\/p>\n<p>Horario de secretar\u00eda: de 10:00 a 11:00 de lunes a viernes.<\/p>\n<h4><strong>Oferta educativa<\/strong><\/h4>\n<p>Nuestro centro ofrece ense\u00f1anza biling\u00fce en Educaci\u00f3n Infantil y Educaci\u00f3n Primaria. Contamos tambi\u00e9n con la ense\u00f1anza de Ingl\u00e9s y \u00c1rabe como actividades extraescolares. Adem\u00e1s, ofrecemos a nuestro alumnado el Programa de Acompa\u00f1amiento Escolar.<\/p>\n<h4>Instalaciones<\/h4>\n<p><a href=\"https:\/\/blogsaverroes.juntadeandalucia.es\/ceipjosesalazar\/files\/2024\/05\/Captura-de-pantalla-2024-05-09-113612.png\"><img loading=\"lazy\" decoding=\"async\" class=\"wp-image-2695 alignnone\" src=\"https:\/\/blogsaverroes.juntadeandalucia.es\/ceipjosesalazar\/files\/2024\/05\/Captura-de-pantalla-2024-05-09-113612.png\" alt=\"\" width=\"554\" height=\"315\"><\/a><a href=\"https:\/\/blogsaverroes.juntadeandalucia.es\/ceipjosesalazar\/files\/2024\/05\/Captura-de-pantalla-2024-05-09-114124.png\"><img loading=\"lazy\" decoding=\"async\" class=\"wp-image-2696 alignnone\" src=\"https:\/\/blogsaverroes.juntadeandalucia.es\/ceipjosesalazar\/files\/2024\/05\/Captura-de-pantalla-2024-05-09-114124.png\" alt=\"\" width=\"563\" height=\"300\" srcset=\"https:\/\/blogsaverroes.juntadeandalucia.es\/ceipjosesalazar\/files\/2024\/05\/Captura-de-pantalla-2024-05-09-114124.png 1378w, https:\/\/blogsaverroes.juntadeandalucia.es\/ceipjosesalazar\/files\/2024\/05\/Captura-de-pantalla-2024-05-09-114124-300x160.png 300w, https:\/\/blogsaverroes.juntadeandalucia.es\/ceipjosesalazar\/files\/2024\/05\/Captura-de-pantalla-2024-05-09-114124-1024x546.png 1024w, https:\/\/blogsaverroes.juntadeandalucia.es\/ceipjosesalazar\/files\/2024\/05\/Captura-de-pantalla-2024-05-09-114124-768x410.png 768w\" sizes=\"(max-width: 563px) 100vw, 563px\" \/><\/a><\/p>\n","protected":false},"excerpt":{"rendered":"<p>Bienvenidos a nuestro colegio. En este espacio, les facilitamos nuestros datos de contacto, ubicaci\u00f3n e informaci\u00f3n b\u00e1sica sobre nosotros. &nbsp; Datos de contacto Tel\u00e9fono Secretar\u00eda: 950579503 Tel\u00e9fono Direcci\u00f3n: 697950582 Tel\u00e9fono \/ FAX Jefatura de&#46;&#46;&#46;<\/p>\n","protected":false},"author":1,"featured_media":2792,"parent":0,"menu_order":0,"comment_status":"closed","ping_status":"open","template":"page-cs.php","meta":{"ngg_post_thumbnail":0,"footnotes":"","_mc_calendar":[]},"aioseo_notices":[],"_links":{"self":[{"href":"https:\/\/blogsaverroes.juntadeandalucia.es\/ceipjosesalazar\/wp-json\/wp\/v2\/pages\/35"}],"collection":[{"href":"https:\/\/blogsaverroes.juntadeandalucia.es\/ceipjosesalazar\/wp-json\/wp\/v2\/pages"}],"about":[{"href":"https:\/\/blogsaverroes.juntadeandalucia.es\/ceipjosesalazar\/wp-json\/wp\/v2\/types\/page"}],"author":[{"embeddable":true,"href":"https:\/\/blogsaverroes.juntadeandalucia.es\/ceipjosesalazar\/wp-json\/wp\/v2\/users\/1"}],"replies":[{"embeddable":true,"href":"https:\/\/blogsaverroes.juntadeandalucia.es\/ceipjosesalazar\/wp-json\/wp\/v2\/comments?post=35"}],"version-history":[{"count":29,"href":"https:\/\/blogsaverroes.juntadeandalucia.es\/ceipjosesalazar\/wp-json\/wp\/v2\/pages\/35\/revisions"}],"predecessor-version":[{"id":2793,"href":"https:\/\/blogsaverroes.juntadeandalucia.es\/ceipjosesalazar\/wp-json\/wp\/v2\/pages\/35\/revisions\/2793"}],"wp:featuredmedia":[{"embeddable":true,"href":"https:\/\/blogsaverroes.juntadeandalucia.es\/ceipjosesalazar\/wp-json\/wp\/v2\/media\/2792"}],"wp:attachment":[{"href":"https:\/\/blogsaverroes.juntadeandalucia.es\/ceipjosesalazar\/wp-json\/wp\/v2\/media?parent=35"}],"curies":[{"name":"wp","href":"https:\/\/api.w.org\/{rel}","templated":true}]}}

<p>Bienvenidos a nuestro colegio. En este espacio, les facilitamos nuestros datos de contacto, <a href="https://blogsaverroes.juntadeandalucia.es/ceipjosesalazar/files/2022/03/Captura-de-pantalla-2022-03-07-a-las-12.00.31.png"><img loading="lazy" decoding="async" class="wp-image-2567 alignright" src="https://blogsaverroes.juntadeandalucia.es/ceipjosesalazar/files/2022/03/Captura-de-pantalla-2022-03-07-a-las-12.00.31.png" alt="" width="119" height="118" srcset="https://blogsaverroes.juntadeandalucia.es/ceipjosesalazar/files/2022/03/Captura-de-pantalla-2022-03-07-a-las-12.00.31.png 201w, https://blogsaverroes.juntadeandalucia.es/ceipjosesalazar/files/2022/03/Captura-de-pantalla-2022-03-07-a-las-12.00.31-150x150.png 150w" sizes="(max-width: 119px) 100vw, 119px" /></a>ubicación e información básica sobre nosotros.</p>
<p>&nbsp;</p>
<p><strong>Datos de contacto</strong></p>
<p>Teléfono Secretaría: 950579503<br />
Teléfono Dirección: 697950582</p>
<p>Teléfono / FAX Jefatura de Estudios: 950579553</p>
<h4>Email: 04002283.edu@juntadeandalucia.es</h4>
<p>&nbsp;</p>
<p><strong>Redes sociales</strong></p>
<p><a href="https://www.facebook.com/people/CEIP-Jos%C3%A9-Salazar/100063790159739/" target="_blank" rel="noopener"><img loading="lazy" decoding="async" class="alignleft wp-image-2697" src="https://blogsaverroes.juntadeandalucia.es/ceipjosesalazar/files/2024/05/facebook_logo_icon_147291.png" alt="" width="56" height="56" srcset="https://blogsaverroes.juntadeandalucia.es/ceipjosesalazar/files/2024/05/facebook_logo_icon_147291.png 512w, https://blogsaverroes.juntadeandalucia.es/ceipjosesalazar/files/2024/05/facebook_logo_icon_147291-300x300.png 300w, https://blogsaverroes.juntadeandalucia.es/ceipjosesalazar/files/2024/05/facebook_logo_icon_147291-150x150.png 150w" sizes="(max-width: 56px) 100vw, 56px" /></a> <a href="https://www.instagram.com/ceipjosesalazar/" target="_blank" rel="noopener"><img loading="lazy" decoding="async" class="alignnone wp-image-2662" src="https://blogsaverroes.juntadeandalucia.es/ceipjosesalazar/files/2024/05/OIP.jpg" alt="" width="59" height="59" srcset="https://blogsaverroes.juntadeandalucia.es/ceipjosesalazar/files/2024/05/OIP.jpg 474w, https://blogsaverroes.juntadeandalucia.es/ceipjosesalazar/files/2024/05/OIP-300x300.jpg 300w, https://blogsaverroes.juntadeandalucia.es/ceipjosesalazar/files/2024/05/OIP-150x150.jpg 150w" sizes="(max-width: 59px) 100vw, 59px" /></a><br />
&nbsp;<strong>Ubicación</strong></p>
<p style="text-align: center"><a href="https://www.google.es/maps/place/Colegio+P%C3%BAblico+Jos%C3%A9+Salazar/@36.7704737,-2.8227701,15.96z/data=!4m6!3m5!1s0xd70431f0a64a249:0x2daceeaa04e6dea3!8m2!3d36.7716564!4d-2.8204337!16s%2Fg%2F1tfks3lw?entry=ttu" target="_blank" rel="noopener"><img loading="lazy" decoding="async" class="alignleft wp-image-2694" src="https://blogsaverroes.juntadeandalucia.es/ceipjosesalazar/files/2024/05/Captura-de-pantalla-2024-05-09-110803.png" alt="" width="507" height="266" srcset="https://blogsaverroes.juntadeandalucia.es/ceipjosesalazar/files/2024/05/Captura-de-pantalla-2024-05-09-110803.png 1138w, https://blogsaverroes.juntadeandalucia.es/ceipjosesalazar/files/2024/05/Captura-de-pantalla-2024-05-09-110803-300x157.png 300w, https://blogsaverroes.juntadeandalucia.es/ceipjosesalazar/files/2024/05/Captura-de-pantalla-2024-05-09-110803-1024x537.png 1024w, https://blogsaverroes.juntadeandalucia.es/ceipjosesalazar/files/2024/05/Captura-de-pantalla-2024-05-09-110803-768x403.png 768w" sizes="(max-width: 507px) 100vw, 507px" /></a></p>
<p>&nbsp;</p>
<p>&nbsp;</p>
<p>&nbsp;</p>
<p>&nbsp;</p>
<p>&nbsp;</p>
<p>&nbsp;</p>
<p>&nbsp;</p>
<p>&nbsp;</p>
<p>&nbsp;</p>
<p><strong>Dirección:</strong> &nbsp;Calle Venezuela, 2. El Ejido (04700). Almería</p>
<h4><strong>Horarios</strong></h4>
<p>Horario Aula Matinal: de 07:30 a 09:00 horas, de lunes a viernes.</p>
<p>Horario lectivo del centro: de 09:00 a 14:00 de lunes a viernes.</p>
<p>Horario PROA: martes y jueves de 16:00 a 18:00 horas.</p>
<p>Horario de atención a familias: lunes de 16:00 a 17:00, con cita previa y de forma, preferentemente, telemática</p>
<p>Horario de atención al público: los lunes, miércoles y jueves &nbsp;de 10:00 a 11:00, siempre con cita previa.</p>
<p>Horario de secretaría: de 10:00 a 11:00 de lunes a viernes.</p>
<h4><strong>Oferta educativa</strong></h4>
<p>Nuestro centro ofrece enseñanza bilingüe en Educación Infantil y Educación Primaria. Contamos también con la enseñanza de Inglés y Árabe como actividades extraescolares. Además, ofrecemos a nuestro alumnado el Programa de Acompañamiento Escolar.</p>
<h4>Instalaciones</h4>
<p><a href="https://blogsaverroes.juntadeandalucia.es/ceipjosesalazar/files/2024/05/Captura-de-pantalla-2024-05-09-113612.png"><img loading="lazy" decoding="async" class="wp-image-2695 alignnone" src="https://blogsaverroes.juntadeandalucia.es/ceipjosesalazar/files/2024/05/Captura-de-pantalla-2024-05-09-113612.png" alt="" width="554" height="315"></a><a href="https://blogsaverroes.juntadeandalucia.es/ceipjosesalazar/files/2024/05/Captura-de-pantalla-2024-05-09-114124.png"><img loading="lazy" decoding="async" class="wp-image-2696 alignnone" src="https://blogsaverroes.juntadeandalucia.es/ceipjosesalazar/files/2024/05/Captura-de-pantalla-2024-05-09-114124.png" alt="" width="563" height="300" srcset="https://blogsaverroes.juntadeandalucia.es/ceipjosesalazar/files/2024/05/Captura-de-pantalla-2024-05-09-114124.png 1378w, https://blogsaverroes.juntadeandalucia.es/ceipjosesalazar/files/2024/05/Captura-de-pantalla-2024-05-09-114124-300x160.png 300w, https://blogsaverroes.juntadeandalucia.es/ceipjosesalazar/files/2024/05/Captura-de-pantalla-2024-05-09-114124-1024x546.png 1024w, https://blogsaverroes.juntadeandalucia.es/ceipjosesalazar/files/2024/05/Captura-de-pantalla-2024-05-09-114124-768x410.png 768w" sizes="(max-width: 563px) 100vw, 563px" /></a></p>

<p>Bienvenidos a nuestro colegio. En este espacio, les facilitamos nuestros datos de contacto, ubicación e información básica sobre nosotros. &nbsp; Datos de contacto Teléfono Secretaría: 950579503 Teléfono Dirección: 697950582 Teléfono / FAX Jefatura de&#46;&#46;&#46;</p>
