{"id":869,"date":"2015-03-16T07:03:52","date_gmt":"2015-03-16T07:03:52","guid":{"rendered":"http:\/\/blogsaverroes.juntadeandalucia.es\/pre\/ceip\/?page_id=84"},"modified":"2025-09-10T11:46:14","modified_gmt":"2025-09-10T11:46:14","slug":"calendario-escolar","status":"publish","type":"page","link":"https:\/\/blogsaverroes.juntadeandalucia.es\/ceipjosesalazar\/calendario-escolar\/","title":{"rendered":"Calendario escolar"},"content":{"rendered":"<p>&nbsp;<\/p>\n<p>Indicarles que seg\u00fan el acuerdo del Consejo Escolar Municipal del Excmo. Ayuntamiento de El Ejido, el d\u00eda 27 de abril de 2026 ser\u00e1 festividad local, pasando a ser d\u00eda lectivo el 7 de enero de 2026.<\/p>\n<p>Un cordial saludo.<\/p>\n<p><a href=\"https:\/\/blogsaverroes.juntadeandalucia.es\/ceipjosesalazar\/calendario-escolar\/calendario_escolar_25-26_almeria-2\/\" rel=\"attachment wp-att-2913\"><img loading=\"lazy\" decoding=\"async\" class=\"aligncenter size-full wp-image-2913\" src=\"https:\/\/blogsaverroes.juntadeandalucia.es\/ceipjosesalazar\/files\/2025\/09\/Calendario_Escolar_25-26_Almeria.png\" alt=\"\" width=\"595\" height=\"841\" srcset=\"https:\/\/blogsaverroes.juntadeandalucia.es\/ceipjosesalazar\/files\/2025\/09\/Calendario_Escolar_25-26_Almeria.png 595w, https:\/\/blogsaverroes.juntadeandalucia.es\/ceipjosesalazar\/files\/2025\/09\/Calendario_Escolar_25-26_Almeria-212x300.png 212w\" sizes=\"(max-width: 595px) 100vw, 595px\" \/><\/a><\/p>\n","protected":false},"excerpt":{"rendered":"<p>&nbsp; Indicarles que seg\u00fan el acuerdo del Consejo Escolar Municipal del Excmo. Ayuntamiento de El Ejido, el d\u00eda 27 de abril de 2026 ser\u00e1 festividad local, pasando a ser d\u00eda lectivo el 7 de&#46;&#46;&#46;<\/p>\n","protected":false},"author":1,"featured_media":2771,"parent":0,"menu_order":0,"comment_status":"closed","ping_status":"open","template":"","meta":{"ngg_post_thumbnail":0,"footnotes":"","_mc_calendar":{"weekends":"true","shortcode":"[my_calendar weekends=&quot;true&quot;]","append":""}},"aioseo_notices":[],"_links":{"self":[{"href":"https:\/\/blogsaverroes.juntadeandalucia.es\/ceipjosesalazar\/wp-json\/wp\/v2\/pages\/869"}],"collection":[{"href":"https:\/\/blogsaverroes.juntadeandalucia.es\/ceipjosesalazar\/wp-json\/wp\/v2\/pages"}],"about":[{"href":"https:\/\/blogsaverroes.juntadeandalucia.es\/ceipjosesalazar\/wp-json\/wp\/v2\/types\/page"}],"author":[{"embeddable":true,"href":"https:\/\/blogsaverroes.juntadeandalucia.es\/ceipjosesalazar\/wp-json\/wp\/v2\/users\/1"}],"replies":[{"embeddable":true,"href":"https:\/\/blogsaverroes.juntadeandalucia.es\/ceipjosesalazar\/wp-json\/wp\/v2\/comments?post=869"}],"version-history":[{"count":12,"href":"https:\/\/blogsaverroes.juntadeandalucia.es\/ceipjosesalazar\/wp-json\/wp\/v2\/pages\/869\/revisions"}],"predecessor-version":[{"id":2915,"href":"https:\/\/blogsaverroes.juntadeandalucia.es\/ceipjosesalazar\/wp-json\/wp\/v2\/pages\/869\/revisions\/2915"}],"wp:featuredmedia":[{"embeddable":true,"href":"https:\/\/blogsaverroes.juntadeandalucia.es\/ceipjosesalazar\/wp-json\/wp\/v2\/media\/2771"}],"wp:attachment":[{"href":"https:\/\/blogsaverroes.juntadeandalucia.es\/ceipjosesalazar\/wp-json\/wp\/v2\/media?parent=869"}],"curies":[{"name":"wp","href":"https:\/\/api.w.org\/{rel}","templated":true}]}}