{"id":1340,"date":"2023-04-20T10:11:49","date_gmt":"2023-04-20T09:11:49","guid":{"rendered":"https:\/\/blogsaverroes.juntadeandalucia.es\/ceipjosesaramago\/?page_id=1340"},"modified":"2023-04-20T10:11:49","modified_gmt":"2023-04-20T09:11:49","slug":"programa-impulsa","status":"publish","type":"page","link":"https:\/\/blogsaverroes.juntadeandalucia.es\/ceipjosesaramago\/programa-impulsa\/","title":{"rendered":"Programa IMPULSA"},"content":{"rendered":"<h1><img loading=\"lazy\" decoding=\"async\" class=\"alignleft wp-image-1342 size-full\" src=\"https:\/\/blogsaverroes.juntadeandalucia.es\/ceipjosesaramago\/files\/2023\/04\/cartel-Impulsa-22-23.jpg\" alt=\"\" width=\"1587\" height=\"2245\" srcset=\"https:\/\/blogsaverroes.juntadeandalucia.es\/ceipjosesaramago\/files\/2023\/04\/cartel-Impulsa-22-23.jpg 1587w, https:\/\/blogsaverroes.juntadeandalucia.es\/ceipjosesaramago\/files\/2023\/04\/cartel-Impulsa-22-23-212x300.jpg 212w, https:\/\/blogsaverroes.juntadeandalucia.es\/ceipjosesaramago\/files\/2023\/04\/cartel-Impulsa-22-23-724x1024.jpg 724w, https:\/\/blogsaverroes.juntadeandalucia.es\/ceipjosesaramago\/files\/2023\/04\/cartel-Impulsa-22-23-768x1086.jpg 768w, https:\/\/blogsaverroes.juntadeandalucia.es\/ceipjosesaramago\/files\/2023\/04\/cartel-Impulsa-22-23-1086x1536.jpg 1086w, https:\/\/blogsaverroes.juntadeandalucia.es\/ceipjosesaramago\/files\/2023\/04\/cartel-Impulsa-22-23-1448x2048.jpg 1448w\" sizes=\"(max-width: 1587px) 100vw, 1587px\" \/><\/h1>\n<h1>\u201cPrograma IMPULSA\u201d<\/h1>\n<p>El proyecto Impulsa, es un programa financiado por la Uni\u00f3n Europea, Gobierno de<br \/>\nEspa\u00f1a y la Junta de Andaluc\u00eda. Va dirigido a fomentar actuaciones y medidas<br \/>\ninnovadoras de atenci\u00f3n al alumnado vulnerable con el fin de favorecer la inclusi\u00f3n y el<br \/>\n\u00e9xito educativo.<br \/>\nTodas las actuaciones se desarrollar\u00e1n a trav\u00e9s de la experiencias innovadoras, activas y<br \/>\nexperimentales que promuevan el saber hacer del alumnado partiendo de sus<br \/>\nconocimientos y fomentando actitudes como la autonom\u00eda, la responsabilidad, el respeto,<br \/>\nel trabajo en equipo, la igualdad de g\u00e9nero y la atenci\u00f3n a la diversidad, en especial al<br \/>\nalumnado con necesidades espec\u00edficas de apoyo educativo (NEAE).<br \/>\nEntre otros objetivo destacamos:<\/p>\n<ul>\n<li>Propiciar la inclusi\u00f3n del alumnado mejorando la motivaci\u00f3n y el clima de<br \/>\nconvivencia.<\/li>\n<li>Promover estrategias y medidas que contribuyan al desarrollo integral del<br \/>\nalumnado.<\/li>\n<li>Desarrollar metodolog\u00edas activas y participativas que favorezcan el desarrollo de<br \/>\nlas competencias clave.<\/li>\n<\/ul>\n<h1>L\u00ednea \u201cIMPULSA inclusi\u00f3n\u201d<\/h1>\n<p>Nuestro centro fue beneficiario el curso anterior donde pudimos desarrollar un programa<br \/>\nsobre el cultivo ecol\u00f3gico y la imagen como herramienta de inclusi\u00f3n.<br \/>\nEste a\u00f1o volvemos a beneficiarnos con un nuevo proyecto \u201cUn mundo inclusivo\u201d. Este<br \/>\nproyecto nace de las necesidades para dar respuesta a las aulas espec\u00edficas TEA del<br \/>\ncentro, que conjuntamente se benefician del desarrollo de este proyecto. Cuyo objetivo<br \/>\nprimordial ser\u00e1 la b\u00fasqueda de la inclusi\u00f3n del alumnado y el fomento de la<br \/>\nconcienciaci\u00f3n sobre el autismo.<br \/>\nEn concreto, se desarrollan actividades y talleres relacionados con la integraci\u00f3n sensorial<br \/>\ny la rob\u00f3tica. Los objetivos de este proyecto son comunes para ambas aulas ya que<br \/>\npresentan necesidades similares y consideramos que puede ser positivo compartir<br \/>\nexperiencias:<\/p>\n<ul>\n<li>Fomentar estrategias y medidas que contribuyan al desarrollo integral del<br \/>\nalumnado y a la permanencia del alumnado en el sistema educativo.<\/li>\n<li>Mejorar la participaci\u00f3n favoreciendo la creaci\u00f3n y la comprensi\u00f3n.<\/li>\n<li>Propiciar la inclusi\u00f3n educativa y social del alumnado mejorando la motivaci\u00f3n y el<br \/>\nclima de convivencia del centro docente.&nbsp;<\/li>\n<li>Acercar al alumnado al manejo de elementos tecnol\u00f3gicos: como por ejemplo, la<br \/>\nrob\u00f3tica, para el registro de la realidad.&nbsp;<\/li>\n<li>Desarrollar el sentido de la implicaci\u00f3n, responsabilidad y compromiso en la gesti\u00f3n<br \/>\nde la autonom\u00eda.<\/li>\n<li>Aprender el cuidado y uso correcto de los espacios cotidianos.<\/li>\n<li>Fomentar actitudes de cooperaci\u00f3n mediante el trabajo en equipo, en la<br \/>\nplanificaci\u00f3n de actividades.&nbsp;<\/li>\n<li>Trabajar valores, actitudes y emociones que fomenten la convivencia, solidaridad,<br \/>\nautonom\u00eda, trabajo cooperativo e inclusivo.<\/li>\n<li>Facilitar actividades l\u00fadicas y recreativas en contacto con su d\u00eda a d\u00eda.<\/li>\n<li>Fomentar la educaci\u00f3n de los sentidos.<\/li>\n<li>Fomentar valores que propicien el respeto hacia la igualdad de g\u00e9nero y las<br \/>\ndiferencias (cooeducaci\u00f3n).<\/li>\n<li>Analizar el medio f\u00edsico-natural: c\u00f3mo se relaciona y organiza.&nbsp;<\/li>\n<li>Iniciaci\u00f3n en el pensamiento computacional.<\/li>\n<li>Mostrarles otros recursos para expresarse.&nbsp;&nbsp;<\/li>\n<li>Y el m\u00e1s importante de los objetivos: que se diviertan, jueguen, experimenten con<br \/>\nsu entorno, se expresen, desarrollen todo su potencial creativo y se sientan libres<br \/>\nen un entorno l\u00fadico y participativo.<\/li>\n<\/ul>\n","protected":false},"excerpt":{"rendered":"<p>\u201cPrograma IMPULSA\u201d El proyecto Impulsa, es un programa financiado por la Uni\u00f3n Europea, Gobierno de Espa\u00f1a y la Junta de Andaluc\u00eda. Va dirigido a fomentar&hellip;<\/p>\n","protected":false},"author":10459,"featured_media":0,"parent":0,"menu_order":0,"comment_status":"closed","ping_status":"closed","template":"","meta":{"ngg_post_thumbnail":0,"footnotes":""},"aioseo_notices":[],"_links":{"self":[{"href":"https:\/\/blogsaverroes.juntadeandalucia.es\/ceipjosesaramago\/wp-json\/wp\/v2\/pages\/1340"}],"collection":[{"href":"https:\/\/blogsaverroes.juntadeandalucia.es\/ceipjosesaramago\/wp-json\/wp\/v2\/pages"}],"about":[{"href":"https:\/\/blogsaverroes.juntadeandalucia.es\/ceipjosesaramago\/wp-json\/wp\/v2\/types\/page"}],"author":[{"embeddable":true,"href":"https:\/\/blogsaverroes.juntadeandalucia.es\/ceipjosesaramago\/wp-json\/wp\/v2\/users\/10459"}],"replies":[{"embeddable":true,"href":"https:\/\/blogsaverroes.juntadeandalucia.es\/ceipjosesaramago\/wp-json\/wp\/v2\/comments?post=1340"}],"version-history":[{"count":2,"href":"https:\/\/blogsaverroes.juntadeandalucia.es\/ceipjosesaramago\/wp-json\/wp\/v2\/pages\/1340\/revisions"}],"predecessor-version":[{"id":1343,"href":"https:\/\/blogsaverroes.juntadeandalucia.es\/ceipjosesaramago\/wp-json\/wp\/v2\/pages\/1340\/revisions\/1343"}],"wp:attachment":[{"href":"https:\/\/blogsaverroes.juntadeandalucia.es\/ceipjosesaramago\/wp-json\/wp\/v2\/media?parent=1340"}],"curies":[{"name":"wp","href":"https:\/\/api.w.org\/{rel}","templated":true}]}}

<h1><img loading="lazy" decoding="async" class="alignleft wp-image-1342 size-full" src="https://blogsaverroes.juntadeandalucia.es/ceipjosesaramago/files/2023/04/cartel-Impulsa-22-23.jpg" alt="" width="1587" height="2245" srcset="https://blogsaverroes.juntadeandalucia.es/ceipjosesaramago/files/2023/04/cartel-Impulsa-22-23.jpg 1587w, https://blogsaverroes.juntadeandalucia.es/ceipjosesaramago/files/2023/04/cartel-Impulsa-22-23-212x300.jpg 212w, https://blogsaverroes.juntadeandalucia.es/ceipjosesaramago/files/2023/04/cartel-Impulsa-22-23-724x1024.jpg 724w, https://blogsaverroes.juntadeandalucia.es/ceipjosesaramago/files/2023/04/cartel-Impulsa-22-23-768x1086.jpg 768w, https://blogsaverroes.juntadeandalucia.es/ceipjosesaramago/files/2023/04/cartel-Impulsa-22-23-1086x1536.jpg 1086w, https://blogsaverroes.juntadeandalucia.es/ceipjosesaramago/files/2023/04/cartel-Impulsa-22-23-1448x2048.jpg 1448w" sizes="(max-width: 1587px) 100vw, 1587px" /></h1>
<h1>“Programa IMPULSA”</h1>
<p>El proyecto Impulsa, es un programa financiado por la Unión Europea, Gobierno de<br />
España y la Junta de Andalucía. Va dirigido a fomentar actuaciones y medidas<br />
innovadoras de atención al alumnado vulnerable con el fin de favorecer la inclusión y el<br />
éxito educativo.<br />
Todas las actuaciones se desarrollarán a través de la experiencias innovadoras, activas y<br />
experimentales que promuevan el saber hacer del alumnado partiendo de sus<br />
conocimientos y fomentando actitudes como la autonomía, la responsabilidad, el respeto,<br />
el trabajo en equipo, la igualdad de género y la atención a la diversidad, en especial al<br />
alumnado con necesidades específicas de apoyo educativo (NEAE).<br />
Entre otros objetivo destacamos:</p>
<ul>
<li>Propiciar la inclusión del alumnado mejorando la motivación y el clima de<br />
convivencia.</li>
<li>Promover estrategias y medidas que contribuyan al desarrollo integral del<br />
alumnado.</li>
<li>Desarrollar metodologías activas y participativas que favorezcan el desarrollo de<br />
las competencias clave.</li>
</ul>
<h1>Línea “IMPULSA inclusión”</h1>
<p>Nuestro centro fue beneficiario el curso anterior donde pudimos desarrollar un programa<br />
sobre el cultivo ecológico y la imagen como herramienta de inclusión.<br />
Este año volvemos a beneficiarnos con un nuevo proyecto “Un mundo inclusivo”. Este<br />
proyecto nace de las necesidades para dar respuesta a las aulas específicas TEA del<br />
centro, que conjuntamente se benefician del desarrollo de este proyecto. Cuyo objetivo<br />
primordial será la búsqueda de la inclusión del alumnado y el fomento de la<br />
concienciación sobre el autismo.<br />
En concreto, se desarrollan actividades y talleres relacionados con la integración sensorial<br />
y la robótica. Los objetivos de este proyecto son comunes para ambas aulas ya que<br />
presentan necesidades similares y consideramos que puede ser positivo compartir<br />
experiencias:</p>
<ul>
<li>Fomentar estrategias y medidas que contribuyan al desarrollo integral del<br />
alumnado y a la permanencia del alumnado en el sistema educativo.</li>
<li>Mejorar la participación favoreciendo la creación y la comprensión.</li>
<li>Propiciar la inclusión educativa y social del alumnado mejorando la motivación y el<br />
clima de convivencia del centro docente.&nbsp;</li>
<li>Acercar al alumnado al manejo de elementos tecnológicos: como por ejemplo, la<br />
robótica, para el registro de la realidad.&nbsp;</li>
<li>Desarrollar el sentido de la implicación, responsabilidad y compromiso en la gestión<br />
de la autonomía.</li>
<li>Aprender el cuidado y uso correcto de los espacios cotidianos.</li>
<li>Fomentar actitudes de cooperación mediante el trabajo en equipo, en la<br />
planificación de actividades.&nbsp;</li>
<li>Trabajar valores, actitudes y emociones que fomenten la convivencia, solidaridad,<br />
autonomía, trabajo cooperativo e inclusivo.</li>
<li>Facilitar actividades lúdicas y recreativas en contacto con su día a día.</li>
<li>Fomentar la educación de los sentidos.</li>
<li>Fomentar valores que propicien el respeto hacia la igualdad de género y las<br />
diferencias (cooeducación).</li>
<li>Analizar el medio físico-natural: cómo se relaciona y organiza.&nbsp;</li>
<li>Iniciación en el pensamiento computacional.</li>
<li>Mostrarles otros recursos para expresarse.&nbsp;&nbsp;</li>
<li>Y el más importante de los objetivos: que se diviertan, jueguen, experimenten con<br />
su entorno, se expresen, desarrollen todo su potencial creativo y se sientan libres<br />
en un entorno lúdico y participativo.</li>
</ul>

<p>“Programa IMPULSA” El proyecto Impulsa, es un programa financiado por la Unión Europea, Gobierno de España y la Junta de Andalucía. Va dirigido a fomentar&hellip;</p>
