{"id":840,"date":"2020-12-18T08:38:52","date_gmt":"2020-12-18T07:38:52","guid":{"rendered":"https:\/\/blogsaverroes.juntadeandalucia.es\/pre\/plantilla-pencil\/?page_id=840"},"modified":"2022-05-11T06:06:06","modified_gmt":"2022-05-11T05:06:06","slug":"ampa","status":"publish","type":"page","link":"https:\/\/blogsaverroes.juntadeandalucia.es\/ceipjosesaramago\/ampa\/","title":{"rendered":"AMPA"},"content":{"rendered":"<h2>AMPA<\/h2>\n<p><b>LOS INICIOS<\/b><\/p>\n<p><span style=\"font-weight: 400\">Y como en toda historia, para entenderla y conocerla, hay comenzar por el principio. Pues bien todo se inici\u00f3 cuando un grupo de padres y madres con hijos\/as <\/span><b>nacidos\/as en el a\u00f1o 2008<\/b><span style=\"font-weight: 400\">, comenzaron su primer contacto con la Escuela all\u00e1 por finales de verano del a\u00f1o 2011.<\/span><\/p>\n<p><span style=\"font-weight: 400\">Tras realizar sus matr\u00edculas en la secretaria del CEIP Virgen de la Paz, no sin ciertas peculiaridades, ya que las matr\u00edculas se realizaban en este centro, pero en realidad estos\/as alumnos\/as pertenec\u00edan al denominado entonces CEIP \u201cPuebla Norte\u201d.<\/span><\/p>\n<p><span style=\"font-weight: 400\">Llegado el mes de septiembre estos peque\u00f1ines iniciaron el curso de Infantil de 3 a\u00f1os en el CEIP Virgen de la Paz, si\u00e9ndoles asignada como aula el gran sal\u00f3n de actos del rese\u00f1ado centro, junto con su primera maestra, la se\u00f1o Merche. Tras pasar un tiempo en esta aula y con la llegada del fr\u00edo los peques fueron reubicados en un aula prefabricada en el centro del patio.<\/span><\/p>\n<p><span style=\"font-weight: 400\">Fue entonces cuando los papas y mam\u00e1s de los peques, teniendo la sensaci\u00f3n de que est\u00e1bamos un poco de \u201cprestados\u201d en el centro, y teniendo la certeza de que las obras del nuevo colegio estaban finalizadas, decidimos tomar cartas en el asunto.&nbsp; Como primer paso fundamos la Asociaci\u00f3n de Padres y Madres Los Jardines. Concretamente siendo las <\/span><b>10 horas del domingo 11 de diciembre de 2011<\/b><span style=\"font-weight: 400\">, nos reunimos 14 padres y madres conformando la primera directiva del Ampa.<\/span><\/p>\n<p><span style=\"font-weight: 400\">Aprovechando las gestiones y visitas a la capital, para la inscripci\u00f3n de la Asociaci\u00f3n en los diferentes registros, no perdimos la ocasi\u00f3n de pasar a interesarnos por la Delegaci\u00f3n de Educaci\u00f3n en Almer\u00eda con respecto a la fecha de apertura\/inauguraci\u00f3n del nuevo colegio.<\/span><\/p>\n<p><b>\u00a1\u00a1POR FIN EN NUESTRO COLE!!<\/b><\/p>\n<p><span style=\"font-weight: 400\">Por fin <\/span><b>a principios de enero de 2012<\/b><span style=\"font-weight: 400\"> se inaugur\u00f3 nuestro nuevo colegio, sin duda era un nuevo espacio con grandes infraestructuras, pero el cual hay que rellenar y completar (siendo necesario a\u00fan a d\u00eda de hoy), para hacer de \u00e9l un lugar confortable y habitable donde nuestros\/as hijos\/as puedan desarrollar al m\u00e1ximo sus capacidades.<\/span><\/p>\n<p><span style=\"font-weight: 400\">Durante el desarrollo del segundo y tercer trimestre del curso la se\u00f1o tuvo el apoyo de una maestra del cole de abajo junto con la nueva conserje (Mari), ya que se encontraba ella sola con los veintitr\u00e9s alumnos\/as que compon\u00edan la clase.&nbsp;<\/span><\/p>\n<p><span style=\"font-weight: 400\">Con la llegada del nuevo <\/span><b>curso 2012\/2013<\/b><span style=\"font-weight: 400\"> ya no era una \u00fanica clase la que formaba el centro, llegando nuevos\/as alumnos\/as y nuevos\/as maestros\/as, al mismo. Siendo en este curso el centro totalmente independiente, <\/span><b>naciendo as\u00ed el CEIP&nbsp; \u201cJOS\u00c9 SARAMAGO\u201d.&nbsp;<\/b><\/p>\n<p><span style=\"font-weight: 400\">De igual forma, que se produce el nacimiento del centro de forma independiente, la conjunci\u00f3n del nuevo profesorado junto con el \u00edmpetu y predisposici\u00f3n de los padres\/madres en ayudar en todo lo posible en la educaci\u00f3n de nuestros\/as hijos\/as, conlleva la transformaci\u00f3n del centro en <\/span><b>COMUNIDAD DE APRENDIZAJE.<\/b><\/p>\n<p><span style=\"font-weight: 400\">Transformaci\u00f3n que lleva a toda la comunidad educativa (padres, madres, profesorado, asociaciones, etc&#8230;) en primer lugar a formarse adecuadamente para posteriormente desarrollar y participar de forma activa en las diferentes comisiones que componen nuestra comunidad de aprendizaje (Voluntariado, Pedag\u00f3gica, Dotaci\u00f3n) y en las actividades planificadas por el profesorado en el aula a trav\u00e9s de los grupos interactivos y sesiones tutorizadas.<\/span><\/p>\n<p><span style=\"font-weight: 400\">Siendo este sistema de educaci\u00f3n un nexo de uni\u00f3n entre el profesorado y las familias, haciendo que la educaci\u00f3n de los alumnos\/as vaya en una misma l\u00ednea.<\/span><\/p>\n<p><b>CRECIENDO D\u00cdA A D\u00cdA \/ CURSO A CURSO<\/b><\/p>\n<p><span style=\"font-weight: 400\">Poco a poco, d\u00eda a d\u00eda \/ curso a curso cada vez son m\u00e1s los alumnos\/as que forman parte del centro, y a su vez son m\u00e1s los padres, madres y\/\u00f3 tutores los\/as que asisten y forman parte de la comunidad educativa.<\/span><span style=\"font-weight: 400\">&nbsp;&nbsp;&nbsp; <\/span><\/p>\n<p><span style=\"font-weight: 400\">El centro va creciendo de curso en curso con una sola clase, pasando de esta forma a ser los alumnos\/as \u201cfundadores\u201d los que van abriendo los diferentes ciclos, en su d\u00eda los de infantil y hasta el d\u00eda de la fecha el 2\u00ba curso del 2\u00ba ciclo de Educaci\u00f3n Primaria (4\u00ba). De igual forma en el curso 2015\/2016 se apertura un aula espec\u00edfica para alumnos con <\/span><b>T<\/b><span style=\"font-weight: 400\">rastornos de <\/span><b>E<\/b><span style=\"font-weight: 400\">spectro <\/span><b>A<\/b><span style=\"font-weight: 400\">utista, inicialmente con dos alumnos\/as y hasta la fecha completando el aula con cinco alumnos\/as.<\/span><\/p>\n<p><span style=\"font-weight: 400\">Es aqu\u00ed donde nuestra asociaci\u00f3n juega un papel fundamental, en el que buscando estos fines y actividades trabajamos por y para nuestros\/as hijos\/as.<\/span><\/p>\n<p><span style=\"font-weight: 400\">FINES y ACTIVIDADES:<\/span><\/p>\n<ul>\n<li style=\"font-weight: 400\"><span style=\"font-weight: 400\">Asistir a los padres, madres o tutores en todo aquello que concierne a la educaci\u00f3n de sus hijos o representados.<\/span><\/li>\n<li style=\"font-weight: 400\"><span style=\"font-weight: 400\">Colaborar en las actividades educativas del Centro, y en las actividades complementarias y extraescolares de los mismos.<\/span><span style=\"font-weight: 400\"><br \/>\n<\/span><\/li>\n<li style=\"font-weight: 400\"><span style=\"font-weight: 400\">Promover la participaci\u00f3n de los padres, madres del alumnado en la gesti\u00f3n del Centro.-<\/span><\/li>\n<li style=\"font-weight: 400\"><span style=\"font-weight: 400\">Facilitar la representaci\u00f3n y participaci\u00f3n de los padres y madres del alumnado en el Consejo Escolar del Centro, para lo cual podr\u00e1n presentar candidaturas en los correspondientes procesos electorales.<\/span><\/li>\n<li style=\"font-weight: 400\"><span style=\"font-weight: 400\">Promover el desarrollo de programas de Educaci\u00f3n Familiar.<\/span><\/li>\n<li style=\"font-weight: 400\"><span style=\"font-weight: 400\">Representar a los padres y madres asociados ante las instancias educativas y otros organismos, adem\u00e1s de participar en los \u00f3rganos del Centro, Municipio, Provincia, Comunidad Aut\u00f3noma, o Administraci\u00f3n Central del Estado en los que se haya establecido o se requiera la presencia de la Asociaci\u00f3n.<\/span><\/li>\n<li style=\"font-weight: 400\"><span style=\"font-weight: 400\">Orientar y estimular a los padres y madres, respecto de las obligaciones que les incumben en relaci\u00f3n con la educaci\u00f3n de sus hijos.<\/span><\/li>\n<li style=\"font-weight: 400\"><span style=\"font-weight: 400\">Participar, en la elaboraci\u00f3n, desarrollo y modificaci\u00f3n del reglamento de Organizaci\u00f3n y Funcionamiento del Centro.<\/span><\/li>\n<li style=\"font-weight: 400\"><span style=\"font-weight: 400\">Fomentar las relaciones de cooperaci\u00f3n del Centro con otros establecimientos escolares y con los sectores sociales y culturales del entorno.<\/span><b><\/b><\/li>\n<\/ul>\n<p><span style=\"font-weight: 400\">&nbsp;<\/span><\/p>\n<p><span style=\"font-weight: 400\"><b>RECOMPENSA<\/b><\/span><\/p>\n<p><span style=\"font-weight: 400\">Desde la Ampa trabajamos de forma coordinada con el equipo directivo del centro para conocer de primera mano las necesidades materiales, estructurales y personales que este necesita.<\/span><\/p>\n<p><span style=\"font-weight: 400\">Por ello hemos colaborado en la adquisici\u00f3n y construcci\u00f3n de; material deportivo, dotaci\u00f3n econ\u00f3mica compra libros biblioteca y tertulias literarias, sistemas antiatrapadedos puertas, ordenadores aula inform\u00e1tica, pizarras digitales, toldo en patio de infantil, subvenci\u00f3n econ\u00f3mica a los alumnos\/as socios\/as de parte del importe econ\u00f3mico de las excursiones o salidas organizadas por el centro.<\/span><\/p>\n<p><span style=\"font-weight: 400\">Todo ello con los beneficios de las diversas actividades, sorteos, fiestas, y ventas que gracias a la colaboraci\u00f3n de toda la comunidad educativa se pueden llevar a cabo.<\/span><\/p>\n<p><span style=\"font-weight: 400\">\u00a1\u00a1POR TODO ELLO, GRACIAS!!<\/span><\/p>\n","protected":false},"excerpt":{"rendered":"<p>AMPA LOS INICIOS Y como en toda historia, para entenderla y conocerla, hay comenzar por el principio. Pues bien todo se inici\u00f3 cuando un grupo&hellip;<\/p>\n","protected":false},"author":13357,"featured_media":0,"parent":0,"menu_order":0,"comment_status":"closed","ping_status":"closed","template":"","meta":{"ngg_post_thumbnail":0,"footnotes":""},"aioseo_notices":[],"_links":{"self":[{"href":"https:\/\/blogsaverroes.juntadeandalucia.es\/ceipjosesaramago\/wp-json\/wp\/v2\/pages\/840"}],"collection":[{"href":"https:\/\/blogsaverroes.juntadeandalucia.es\/ceipjosesaramago\/wp-json\/wp\/v2\/pages"}],"about":[{"href":"https:\/\/blogsaverroes.juntadeandalucia.es\/ceipjosesaramago\/wp-json\/wp\/v2\/types\/page"}],"author":[{"embeddable":true,"href":"https:\/\/blogsaverroes.juntadeandalucia.es\/ceipjosesaramago\/wp-json\/wp\/v2\/users\/13357"}],"replies":[{"embeddable":true,"href":"https:\/\/blogsaverroes.juntadeandalucia.es\/ceipjosesaramago\/wp-json\/wp\/v2\/comments?post=840"}],"version-history":[{"count":3,"href":"https:\/\/blogsaverroes.juntadeandalucia.es\/ceipjosesaramago\/wp-json\/wp\/v2\/pages\/840\/revisions"}],"predecessor-version":[{"id":1196,"href":"https:\/\/blogsaverroes.juntadeandalucia.es\/ceipjosesaramago\/wp-json\/wp\/v2\/pages\/840\/revisions\/1196"}],"wp:attachment":[{"href":"https:\/\/blogsaverroes.juntadeandalucia.es\/ceipjosesaramago\/wp-json\/wp\/v2\/media?parent=840"}],"curies":[{"name":"wp","href":"https:\/\/api.w.org\/{rel}","templated":true}]}}

<h2>AMPA</h2>
<p><b>LOS INICIOS</b></p>
<p><span style="font-weight: 400">Y como en toda historia, para entenderla y conocerla, hay comenzar por el principio. Pues bien todo se inició cuando un grupo de padres y madres con hijos/as </span><b>nacidos/as en el año 2008</b><span style="font-weight: 400">, comenzaron su primer contacto con la Escuela allá por finales de verano del año 2011.</span></p>
<p><span style="font-weight: 400">Tras realizar sus matrículas en la secretaria del CEIP Virgen de la Paz, no sin ciertas peculiaridades, ya que las matrículas se realizaban en este centro, pero en realidad estos/as alumnos/as pertenecían al denominado entonces CEIP “Puebla Norte”.</span></p>
<p><span style="font-weight: 400">Llegado el mes de septiembre estos pequeñines iniciaron el curso de Infantil de 3 años en el CEIP Virgen de la Paz, siéndoles asignada como aula el gran salón de actos del reseñado centro, junto con su primera maestra, la seño Merche. Tras pasar un tiempo en esta aula y con la llegada del frío los peques fueron reubicados en un aula prefabricada en el centro del patio.</span></p>
<p><span style="font-weight: 400">Fue entonces cuando los papas y mamás de los peques, teniendo la sensación de que estábamos un poco de “prestados” en el centro, y teniendo la certeza de que las obras del nuevo colegio estaban finalizadas, decidimos tomar cartas en el asunto.&nbsp; Como primer paso fundamos la Asociación de Padres y Madres Los Jardines. Concretamente siendo las </span><b>10 horas del domingo 11 de diciembre de 2011</b><span style="font-weight: 400">, nos reunimos 14 padres y madres conformando la primera directiva del Ampa.</span></p>
<p><span style="font-weight: 400">Aprovechando las gestiones y visitas a la capital, para la inscripción de la Asociación en los diferentes registros, no perdimos la ocasión de pasar a interesarnos por la Delegación de Educación en Almería con respecto a la fecha de apertura/inauguración del nuevo colegio.</span></p>
<p><b>¡¡POR FIN EN NUESTRO COLE!!</b></p>
<p><span style="font-weight: 400">Por fin </span><b>a principios de enero de 2012</b><span style="font-weight: 400"> se inauguró nuestro nuevo colegio, sin duda era un nuevo espacio con grandes infraestructuras, pero el cual hay que rellenar y completar (siendo necesario aún a día de hoy), para hacer de él un lugar confortable y habitable donde nuestros/as hijos/as puedan desarrollar al máximo sus capacidades.</span></p>
<p><span style="font-weight: 400">Durante el desarrollo del segundo y tercer trimestre del curso la seño tuvo el apoyo de una maestra del cole de abajo junto con la nueva conserje (Mari), ya que se encontraba ella sola con los veintitrés alumnos/as que componían la clase.&nbsp;</span></p>
<p><span style="font-weight: 400">Con la llegada del nuevo </span><b>curso 2012/2013</b><span style="font-weight: 400"> ya no era una única clase la que formaba el centro, llegando nuevos/as alumnos/as y nuevos/as maestros/as, al mismo. Siendo en este curso el centro totalmente independiente, </span><b>naciendo así el CEIP&nbsp; “JOSÉ SARAMAGO”.&nbsp;</b></p>
<p><span style="font-weight: 400">De igual forma, que se produce el nacimiento del centro de forma independiente, la conjunción del nuevo profesorado junto con el ímpetu y predisposición de los padres/madres en ayudar en todo lo posible en la educación de nuestros/as hijos/as, conlleva la transformación del centro en </span><b>COMUNIDAD DE APRENDIZAJE.</b></p>
<p><span style="font-weight: 400">Transformación que lleva a toda la comunidad educativa (padres, madres, profesorado, asociaciones, etc&#8230;) en primer lugar a formarse adecuadamente para posteriormente desarrollar y participar de forma activa en las diferentes comisiones que componen nuestra comunidad de aprendizaje (Voluntariado, Pedagógica, Dotación) y en las actividades planificadas por el profesorado en el aula a través de los grupos interactivos y sesiones tutorizadas.</span></p>
<p><span style="font-weight: 400">Siendo este sistema de educación un nexo de unión entre el profesorado y las familias, haciendo que la educación de los alumnos/as vaya en una misma línea.</span></p>
<p><b>CRECIENDO DÍA A DÍA / CURSO A CURSO</b></p>
<p><span style="font-weight: 400">Poco a poco, día a día / curso a curso cada vez son más los alumnos/as que forman parte del centro, y a su vez son más los padres, madres y/ó tutores los/as que asisten y forman parte de la comunidad educativa.</span><span style="font-weight: 400">&nbsp;&nbsp;&nbsp; </span></p>
<p><span style="font-weight: 400">El centro va creciendo de curso en curso con una sola clase, pasando de esta forma a ser los alumnos/as “fundadores” los que van abriendo los diferentes ciclos, en su día los de infantil y hasta el día de la fecha el 2º curso del 2º ciclo de Educación Primaria (4º). De igual forma en el curso 2015/2016 se apertura un aula específica para alumnos con </span><b>T</b><span style="font-weight: 400">rastornos de </span><b>E</b><span style="font-weight: 400">spectro </span><b>A</b><span style="font-weight: 400">utista, inicialmente con dos alumnos/as y hasta la fecha completando el aula con cinco alumnos/as.</span></p>
<p><span style="font-weight: 400">Es aquí donde nuestra asociación juega un papel fundamental, en el que buscando estos fines y actividades trabajamos por y para nuestros/as hijos/as.</span></p>
<p><span style="font-weight: 400">FINES y ACTIVIDADES:</span></p>
<ul>
<li style="font-weight: 400"><span style="font-weight: 400">Asistir a los padres, madres o tutores en todo aquello que concierne a la educación de sus hijos o representados.</span></li>
<li style="font-weight: 400"><span style="font-weight: 400">Colaborar en las actividades educativas del Centro, y en las actividades complementarias y extraescolares de los mismos.</span><span style="font-weight: 400"><br />
</span></li>
<li style="font-weight: 400"><span style="font-weight: 400">Promover la participación de los padres, madres del alumnado en la gestión del Centro.-</span></li>
<li style="font-weight: 400"><span style="font-weight: 400">Facilitar la representación y participación de los padres y madres del alumnado en el Consejo Escolar del Centro, para lo cual podrán presentar candidaturas en los correspondientes procesos electorales.</span></li>
<li style="font-weight: 400"><span style="font-weight: 400">Promover el desarrollo de programas de Educación Familiar.</span></li>
<li style="font-weight: 400"><span style="font-weight: 400">Representar a los padres y madres asociados ante las instancias educativas y otros organismos, además de participar en los órganos del Centro, Municipio, Provincia, Comunidad Autónoma, o Administración Central del Estado en los que se haya establecido o se requiera la presencia de la Asociación.</span></li>
<li style="font-weight: 400"><span style="font-weight: 400">Orientar y estimular a los padres y madres, respecto de las obligaciones que les incumben en relación con la educación de sus hijos.</span></li>
<li style="font-weight: 400"><span style="font-weight: 400">Participar, en la elaboración, desarrollo y modificación del reglamento de Organización y Funcionamiento del Centro.</span></li>
<li style="font-weight: 400"><span style="font-weight: 400">Fomentar las relaciones de cooperación del Centro con otros establecimientos escolares y con los sectores sociales y culturales del entorno.</span><b></b></li>
</ul>
<p><span style="font-weight: 400">&nbsp;</span></p>
<p><span style="font-weight: 400"><b>RECOMPENSA</b></span></p>
<p><span style="font-weight: 400">Desde la Ampa trabajamos de forma coordinada con el equipo directivo del centro para conocer de primera mano las necesidades materiales, estructurales y personales que este necesita.</span></p>
<p><span style="font-weight: 400">Por ello hemos colaborado en la adquisición y construcción de; material deportivo, dotación económica compra libros biblioteca y tertulias literarias, sistemas antiatrapadedos puertas, ordenadores aula informática, pizarras digitales, toldo en patio de infantil, subvención económica a los alumnos/as socios/as de parte del importe económico de las excursiones o salidas organizadas por el centro.</span></p>
<p><span style="font-weight: 400">Todo ello con los beneficios de las diversas actividades, sorteos, fiestas, y ventas que gracias a la colaboración de toda la comunidad educativa se pueden llevar a cabo.</span></p>
<p><span style="font-weight: 400">¡¡POR TODO ELLO, GRACIAS!!</span></p>

<p>AMPA LOS INICIOS Y como en toda historia, para entenderla y conocerla, hay comenzar por el principio. Pues bien todo se inició cuando un grupo&hellip;</p>
