{"id":850,"date":"2020-12-18T08:41:27","date_gmt":"2020-12-18T07:41:27","guid":{"rendered":"https:\/\/blogsaverroes.juntadeandalucia.es\/pre\/plantilla-pencil\/?page_id=850"},"modified":"2023-04-20T10:14:05","modified_gmt":"2023-04-20T09:14:05","slug":"planes-y-proyectos","status":"publish","type":"page","link":"https:\/\/blogsaverroes.juntadeandalucia.es\/ceipjosesaramago\/planes-y-proyectos\/","title":{"rendered":"Planes y Proyectos"},"content":{"rendered":"<h2>Planes y Proyectos<\/h2>\n<p>En el CEIP Jos\u00e9 Saramago contamos con un gran n\u00famero de planes y programas ofertados por la Consejer\u00eda de Educaci\u00f3n de la Junta de Andaluc\u00eda, entre los que podemos encontrar los siguientes:<\/p>\n<p><a href=\"https:\/\/blogsaverroes.juntadeandalucia.es\/ceipjosesaramago\/files\/2021\/12\/Plan-Aldea.pdf\" rel=\"attachment wp-att-1052\">Plan Aldea<\/a>: <a href=\"https:\/\/www.juntadeandalucia.es\/educacion\/portals\/web\/aldea\/programa-aldea\" target=\"_blank\" rel=\"noopener noreferrer\">+ Info<\/a><\/p>\n<p><a href=\"https:\/\/blogsaverroes.juntadeandalucia.es\/ceipjosesaramago\/files\/2021\/12\/Plan-BIBLIOTECA-Li\u0301nea-2-2021-22.docx.pdf\" rel=\"attachment wp-att-1053\">Plan Bibliotecas<\/a>: <a href=\"https:\/\/www.juntadeandalucia.es\/educacion\/webportal\/web\/lecturas-y-bibliotecas-escolares\">+ Info<\/a><\/p>\n<p><a href=\"https:\/\/blogsaverroes.juntadeandalucia.es\/ceipjosesaramago\/files\/2021\/12\/Proyecto-Bilingu\u0308e-CEIP-Jose\u0301-Saramago.docx.pdf\" rel=\"attachment wp-att-1054\">Proyecto Bilingu\u0308e<\/a>: <a href=\"https:\/\/www.juntadeandalucia.es\/educacion\/webportal\/web\/portal-de-plurilinguismo\/inicio\">+ Info<\/a><\/p>\n<p><a href=\"https:\/\/blogsaverroes.juntadeandalucia.es\/ceipjosesaramago\/files\/2021\/12\/Creciendo-en-salud-2021-22.pdf\" rel=\"attachment wp-att-1055\">Creciendo en salud<\/a>: <a href=\"https:\/\/www.juntadeandalucia.es\/educacion\/portals\/web\/habitos-vida-saludable\/creciendo-en-salud\">+ Info<\/a><\/p>\n<p><a href=\"https:\/\/blogsaverroes.juntadeandalucia.es\/ceipjosesaramago\/files\/2021\/12\/PLAN-DE-IGUALDAD-2021-2022.pdf\" rel=\"attachment wp-att-1056\">Plan de Igualdad<\/a>: <a href=\"https:\/\/www.juntadeandalucia.es\/educacion\/portals\/web\/igualdad\/plan-igualdad\">+ Info<\/a><\/p>\n<p><a href=\"https:\/\/blogsaverroes.juntadeandalucia.es\/ceipjosesaramago\/files\/2021\/12\/Proyecto-escuela-espacio-de-paz-21.22.pdf\" rel=\"attachment wp-att-1057\">Proyecto escuela espacio de paz<\/a>: <a href=\"https:\/\/www.juntadeandalucia.es\/educacion\/portals\/web\/convivencia-escolar\/red-escuela-espacio-de-paz\">+ Info<\/a><\/p>\n<p><a href=\"https:\/\/blogsaverroes.juntadeandalucia.es\/ceipjosesaramago\/files\/2021\/12\/Programa-TDE-2021_22.pdf\" rel=\"attachment wp-att-1058\">Transformaci\u00f3n Digital Educativa<\/a>: <a href=\"https:\/\/www.juntadeandalucia.es\/educacion\/portals\/web\/transformacion-digital-educativa\">+ Info<\/a><\/p>\n<p><a href=\"https:\/\/blogsaverroes.juntadeandalucia.es\/ceipjosesaramago\/files\/2021\/12\/PLAN-DE-ACOGIDA-ALUMNADO-21-22.docx.pdf\" rel=\"attachment wp-att-1059\">Plan de acogida alumnado<\/a><\/p>\n<p><a href=\"https:\/\/blogsaverroes.juntadeandalucia.es\/ceipjosesaramago\/files\/2021\/12\/PLAN-CONVIVENCIA-21_22-1.docx-1.pdf\" rel=\"attachment wp-att-1060\">Plan de Convivencia<\/a><\/p>\n<p><a href=\"https:\/\/blogsaverroes.juntadeandalucia.es\/ceipjosesaramago\/proyecto-steam\/\" target=\"_blank\" rel=\"noopener noreferrer\">Proyecto STEAM<\/a><\/p>\n<p><a href=\"https:\/\/blogsaverroes.juntadeandalucia.es\/ceipjosesaramago\/programa-impulsa\/\" target=\"_blank\" rel=\"noopener noreferrer\">Programa IMPULSA<\/a><\/p>\n","protected":false},"excerpt":{"rendered":"<p>Planes y Proyectos En el CEIP Jos\u00e9 Saramago contamos con un gran n\u00famero de planes y programas ofertados por la Consejer\u00eda de Educaci\u00f3n de la&hellip;<\/p>\n","protected":false},"author":13357,"featured_media":0,"parent":0,"menu_order":0,"comment_status":"closed","ping_status":"closed","template":"","meta":{"ngg_post_thumbnail":0,"footnotes":""},"aioseo_notices":[],"_links":{"self":[{"href":"https:\/\/blogsaverroes.juntadeandalucia.es\/ceipjosesaramago\/wp-json\/wp\/v2\/pages\/850"}],"collection":[{"href":"https:\/\/blogsaverroes.juntadeandalucia.es\/ceipjosesaramago\/wp-json\/wp\/v2\/pages"}],"about":[{"href":"https:\/\/blogsaverroes.juntadeandalucia.es\/ceipjosesaramago\/wp-json\/wp\/v2\/types\/page"}],"author":[{"embeddable":true,"href":"https:\/\/blogsaverroes.juntadeandalucia.es\/ceipjosesaramago\/wp-json\/wp\/v2\/users\/13357"}],"replies":[{"embeddable":true,"href":"https:\/\/blogsaverroes.juntadeandalucia.es\/ceipjosesaramago\/wp-json\/wp\/v2\/comments?post=850"}],"version-history":[{"count":8,"href":"https:\/\/blogsaverroes.juntadeandalucia.es\/ceipjosesaramago\/wp-json\/wp\/v2\/pages\/850\/revisions"}],"predecessor-version":[{"id":1345,"href":"https:\/\/blogsaverroes.juntadeandalucia.es\/ceipjosesaramago\/wp-json\/wp\/v2\/pages\/850\/revisions\/1345"}],"wp:attachment":[{"href":"https:\/\/blogsaverroes.juntadeandalucia.es\/ceipjosesaramago\/wp-json\/wp\/v2\/media?parent=850"}],"curies":[{"name":"wp","href":"https:\/\/api.w.org\/{rel}","templated":true}]}}