{"id":99,"date":"2015-03-16T07:22:54","date_gmt":"2015-03-16T07:22:54","guid":{"rendered":"http:\/\/blogsaverroes.juntadeandalucia.es\/pre\/ceip\/?page_id=99"},"modified":"2026-02-23T09:33:24","modified_gmt":"2026-02-23T09:33:24","slug":"comedor-escolar","status":"publish","type":"page","link":"https:\/\/blogsaverroes.juntadeandalucia.es\/ceipjosevegabarrios\/comedor-escolar\/","title":{"rendered":"Comedor escolar"},"content":{"rendered":"<p style=\"text-align: center\"><strong>MEN\u00da BASAL DE FEBRERO:<\/strong><\/p>\n<p><a href=\"https:\/\/blogsaverroes.juntadeandalucia.es\/ceipjosevegabarrios\/files\/2026\/02\/febrero-2026.jpg\"><img loading=\"lazy\" decoding=\"async\" class=\"wp-image-4656 size-medium aligncenter\" src=\"https:\/\/blogsaverroes.juntadeandalucia.es\/ceipjosevegabarrios\/files\/2026\/02\/febrero-2026-300x212.jpg\" alt=\"\" width=\"300\" height=\"212\" srcset=\"https:\/\/blogsaverroes.juntadeandalucia.es\/ceipjosevegabarrios\/files\/2026\/02\/febrero-2026-300x212.jpg 300w, https:\/\/blogsaverroes.juntadeandalucia.es\/ceipjosevegabarrios\/files\/2026\/02\/febrero-2026-1024x725.jpg 1024w, https:\/\/blogsaverroes.juntadeandalucia.es\/ceipjosevegabarrios\/files\/2026\/02\/febrero-2026-768x544.jpg 768w, https:\/\/blogsaverroes.juntadeandalucia.es\/ceipjosevegabarrios\/files\/2026\/02\/febrero-2026.jpg 1191w\" sizes=\"(max-width: 300px) 100vw, 300px\" \/><\/a><\/p>\n<p>&nbsp;<\/p>\n<p><strong><em>COMEDOR ESCOLAR<\/em><\/strong><em>: <\/em><\/p>\n<ul>\n<li>FUNCIONA CON LA MODALIDAD DE <strong>GESTI\u00d3N DIRECTA<\/strong> Y S\u00d3LO CON LAS APORTACIONES DE LOS COMENSALES\n<ul>\n<li>Estas aportaciones pueden ser subvencionadas en parte por la Junta de Andaluc\u00eda<\/li>\n<\/ul>\n<\/li>\n<li>Puede solicitar el servicio cualquier alumno matriculado en el CEIP JOS\u00c9 DE LA VEGA BARRIOS o en el CEIP MAESTRA CARMEN SEDOFEITO al ser Centro asociado.<\/li>\n<li style=\"list-style-type: none\">\n<ul>\n<li>Las solicitudes para el alumnado del CEIP Maestra Carmen Sedofeito, se realizan en la secretar\u00eda propia de su colegio.&nbsp;<\/li>\n<\/ul>\n<\/li>\n<li>MEN\u00da EN <strong>DOS TURNOS<\/strong>\n<ul>\n<li>Primer turno para Infantil y Primer Ciclo (1\u00ba y 2\u00ba de primaria) almuerzo aprox. de 14:00 a 14:30.<\/li>\n<li>Segundo turno para Segundo y Tercer Ciclo (de 3\u00ba a 6\u00ba de primaria) almuerzo aprox. de 14:30 a 15:00.<\/li>\n<\/ul>\n<\/li>\n<\/ul>\n<p><a href=\"https:\/\/blogsaverroes.juntadeandalucia.es\/ceipjosevegabarrios\/files\/2015\/03\/004.jpg\"><img loading=\"lazy\" decoding=\"async\" class=\"wp-image-2196 size-medium aligncenter\" src=\"https:\/\/blogsaverroes.juntadeandalucia.es\/ceipjosevegabarrios\/files\/2015\/03\/004-300x225.jpg\" alt=\"OLYMPUS DIGITAL CAMERA\" width=\"300\" height=\"225\" srcset=\"https:\/\/blogsaverroes.juntadeandalucia.es\/ceipjosevegabarrios\/files\/2015\/03\/004-300x225.jpg 300w, https:\/\/blogsaverroes.juntadeandalucia.es\/ceipjosevegabarrios\/files\/2015\/03\/004-1024x768.jpg 1024w, https:\/\/blogsaverroes.juntadeandalucia.es\/ceipjosevegabarrios\/files\/2015\/03\/004.jpg 1600w\" sizes=\"(max-width: 300px) 100vw, 300px\" \/><\/a><\/p>\n<p style=\"text-align: center\"><a href=\"https:\/\/blogsaverroes.juntadeandalucia.es\/ceipjosevegabarrios\/files\/2026\/02\/Normativa-y-documento-menus-especiales-comedor-25-26.pdf\">Normativa y documento men\u00fas especiales comedor 25-26<\/a><\/p>\n<p style=\"text-align: center\">&nbsp;<\/p>\n<h3>Im\u00e1genes Relacionadas:<\/h3>","protected":false},"excerpt":{"rendered":"<p>MEN\u00da BASAL DE FEBRERO: &nbsp; COMEDOR ESCOLAR: FUNCIONA CON LA MODALIDAD DE GESTI\u00d3N DIRECTA Y S\u00d3LO CON LAS APORTACIONES DE LOS COMENSALES Estas aportaciones pueden ser subvencionadas en parte por la Junta de Andaluc\u00eda&#46;&#46;&#46;<\/p>\n","protected":false},"author":1,"featured_media":0,"parent":0,"menu_order":0,"comment_status":"closed","ping_status":"open","template":"","meta":{"ngg_post_thumbnail":0,"footnotes":"","_mc_calendar":[]},"aioseo_notices":[],"_links":{"self":[{"href":"https:\/\/blogsaverroes.juntadeandalucia.es\/ceipjosevegabarrios\/wp-json\/wp\/v2\/pages\/99"}],"collection":[{"href":"https:\/\/blogsaverroes.juntadeandalucia.es\/ceipjosevegabarrios\/wp-json\/wp\/v2\/pages"}],"about":[{"href":"https:\/\/blogsaverroes.juntadeandalucia.es\/ceipjosevegabarrios\/wp-json\/wp\/v2\/types\/page"}],"author":[{"embeddable":true,"href":"https:\/\/blogsaverroes.juntadeandalucia.es\/ceipjosevegabarrios\/wp-json\/wp\/v2\/users\/1"}],"replies":[{"embeddable":true,"href":"https:\/\/blogsaverroes.juntadeandalucia.es\/ceipjosevegabarrios\/wp-json\/wp\/v2\/comments?post=99"}],"version-history":[{"count":16,"href":"https:\/\/blogsaverroes.juntadeandalucia.es\/ceipjosevegabarrios\/wp-json\/wp\/v2\/pages\/99\/revisions"}],"predecessor-version":[{"id":4658,"href":"https:\/\/blogsaverroes.juntadeandalucia.es\/ceipjosevegabarrios\/wp-json\/wp\/v2\/pages\/99\/revisions\/4658"}],"wp:attachment":[{"href":"https:\/\/blogsaverroes.juntadeandalucia.es\/ceipjosevegabarrios\/wp-json\/wp\/v2\/media?parent=99"}],"curies":[{"name":"wp","href":"https:\/\/api.w.org\/{rel}","templated":true}]}}

<p style="text-align: center"><strong>MENÚ BASAL DE FEBRERO:</strong></p>
<p><a href="https://blogsaverroes.juntadeandalucia.es/ceipjosevegabarrios/files/2026/02/febrero-2026.jpg"><img loading="lazy" decoding="async" class="wp-image-4656 size-medium aligncenter" src="https://blogsaverroes.juntadeandalucia.es/ceipjosevegabarrios/files/2026/02/febrero-2026-300x212.jpg" alt="" width="300" height="212" srcset="https://blogsaverroes.juntadeandalucia.es/ceipjosevegabarrios/files/2026/02/febrero-2026-300x212.jpg 300w, https://blogsaverroes.juntadeandalucia.es/ceipjosevegabarrios/files/2026/02/febrero-2026-1024x725.jpg 1024w, https://blogsaverroes.juntadeandalucia.es/ceipjosevegabarrios/files/2026/02/febrero-2026-768x544.jpg 768w, https://blogsaverroes.juntadeandalucia.es/ceipjosevegabarrios/files/2026/02/febrero-2026.jpg 1191w" sizes="(max-width: 300px) 100vw, 300px" /></a></p>
<p>&nbsp;</p>
<p><strong><em>COMEDOR ESCOLAR</em></strong><em>: </em></p>
<ul>
<li>FUNCIONA CON LA MODALIDAD DE <strong>GESTIÓN DIRECTA</strong> Y SÓLO CON LAS APORTACIONES DE LOS COMENSALES
<ul>
<li>Estas aportaciones pueden ser subvencionadas en parte por la Junta de Andalucía</li>
</ul>
</li>
<li>Puede solicitar el servicio cualquier alumno matriculado en el CEIP JOSÉ DE LA VEGA BARRIOS o en el CEIP MAESTRA CARMEN SEDOFEITO al ser Centro asociado.</li>
<li style="list-style-type: none">
<ul>
<li>Las solicitudes para el alumnado del CEIP Maestra Carmen Sedofeito, se realizan en la secretaría propia de su colegio.&nbsp;</li>
</ul>
</li>
<li>MENÚ EN <strong>DOS TURNOS</strong>
<ul>
<li>Primer turno para Infantil y Primer Ciclo (1º y 2º de primaria) almuerzo aprox. de 14:00 a 14:30.</li>
<li>Segundo turno para Segundo y Tercer Ciclo (de 3º a 6º de primaria) almuerzo aprox. de 14:30 a 15:00.</li>
</ul>
</li>
</ul>
<p><a href="https://blogsaverroes.juntadeandalucia.es/ceipjosevegabarrios/files/2015/03/004.jpg"><img loading="lazy" decoding="async" class="wp-image-2196 size-medium aligncenter" src="https://blogsaverroes.juntadeandalucia.es/ceipjosevegabarrios/files/2015/03/004-300x225.jpg" alt="OLYMPUS DIGITAL CAMERA" width="300" height="225" srcset="https://blogsaverroes.juntadeandalucia.es/ceipjosevegabarrios/files/2015/03/004-300x225.jpg 300w, https://blogsaverroes.juntadeandalucia.es/ceipjosevegabarrios/files/2015/03/004-1024x768.jpg 1024w, https://blogsaverroes.juntadeandalucia.es/ceipjosevegabarrios/files/2015/03/004.jpg 1600w" sizes="(max-width: 300px) 100vw, 300px" /></a></p>
<p style="text-align: center"><a href="https://blogsaverroes.juntadeandalucia.es/ceipjosevegabarrios/files/2026/02/Normativa-y-documento-menus-especiales-comedor-25-26.pdf">Normativa y documento menús especiales comedor 25-26</a></p>
<p style="text-align: center">&nbsp;</p>
<h3>Imágenes Relacionadas:</h3>

<p>MENÚ BASAL DE FEBRERO: &nbsp; COMEDOR ESCOLAR: FUNCIONA CON LA MODALIDAD DE GESTIÓN DIRECTA Y SÓLO CON LAS APORTACIONES DE LOS COMENSALES Estas aportaciones pueden ser subvencionadas en parte por la Junta de Andalucía&#46;&#46;&#46;</p>
