{"id":776,"date":"2023-05-24T19:34:44","date_gmt":"2023-05-24T17:34:44","guid":{"rendered":"https:\/\/blogsaverroes.juntadeandalucia.es\/ceipjrj\/?page_id=776"},"modified":"2023-05-24T19:34:44","modified_gmt":"2023-05-24T17:34:44","slug":"transporte-escolar","status":"publish","type":"page","link":"https:\/\/blogsaverroes.juntadeandalucia.es\/ceipjrj\/transporte-escolar\/","title":{"rendered":"Transporte escolar"},"content":{"rendered":"<p><span style=\"font-weight: 400\">El Ayuntamiento de Marbella cubre nuestro centro con autobuses y monitores, con el <\/span><span style=\"font-weight: 400\">objetivo de que el alumnado \u00abpueda elegir horarios y adaptarse a los planes de estudios actuales sin perder horas de espera, respondiendo as\u00ed una demanda de los estudiantes\u201d.&nbsp;<\/span><\/p>\n<p><span style=\"font-weight: 400\">Contamos con dos horarios de recogida de alumnado, a las 14:00h y a las 15:00h<\/span><\/p>\n<p><span style=\"font-weight: 400\">Las inscripciones podr\u00e1n presentarse en los registros de entrada municipales o en la sede electr\u00f3nica municipal <\/span><a href=\"https:\/\/sede.malaga.es\/marbella\/\"><span style=\"font-weight: 400\">https:\/\/sede.malaga.es\/marbella\/<\/span><\/a><span style=\"font-weight: 400\"> y la asignaci\u00f3n de vacantes se realizar\u00e1 por estricto orden de solicitud.<\/span><\/p>\n<p><span style=\"font-weight: 400\">Posteriormente ser\u00e1 necesario realizar el abono de las tarifas, que van desde el pago anual de 321 euros para el servicio escolar, con un 50% de descuento a partir del segundo hijo. Se podr\u00e1n realizar mediante transferencia, domiciliaci\u00f3n bancaria o en las oficinas de la delegaci\u00f3n de Transportes del Arco de Marbella con tarjeta bancaria.<\/span><\/p>\n","protected":false},"excerpt":{"rendered":"<p>&#46;&#46;&#46;<\/p>\n","protected":false},"author":10476,"featured_media":0,"parent":0,"menu_order":0,"comment_status":"closed","ping_status":"closed","template":"","meta":{"ngg_post_thumbnail":0,"footnotes":""},"aioseo_notices":[],"_links":{"self":[{"href":"https:\/\/blogsaverroes.juntadeandalucia.es\/ceipjrj\/wp-json\/wp\/v2\/pages\/776"}],"collection":[{"href":"https:\/\/blogsaverroes.juntadeandalucia.es\/ceipjrj\/wp-json\/wp\/v2\/pages"}],"about":[{"href":"https:\/\/blogsaverroes.juntadeandalucia.es\/ceipjrj\/wp-json\/wp\/v2\/types\/page"}],"author":[{"embeddable":true,"href":"https:\/\/blogsaverroes.juntadeandalucia.es\/ceipjrj\/wp-json\/wp\/v2\/users\/10476"}],"replies":[{"embeddable":true,"href":"https:\/\/blogsaverroes.juntadeandalucia.es\/ceipjrj\/wp-json\/wp\/v2\/comments?post=776"}],"version-history":[{"count":1,"href":"https:\/\/blogsaverroes.juntadeandalucia.es\/ceipjrj\/wp-json\/wp\/v2\/pages\/776\/revisions"}],"predecessor-version":[{"id":777,"href":"https:\/\/blogsaverroes.juntadeandalucia.es\/ceipjrj\/wp-json\/wp\/v2\/pages\/776\/revisions\/777"}],"wp:attachment":[{"href":"https:\/\/blogsaverroes.juntadeandalucia.es\/ceipjrj\/wp-json\/wp\/v2\/media?parent=776"}],"curies":[{"name":"wp","href":"https:\/\/api.w.org\/{rel}","templated":true}]}}