{"id":95,"date":"2020-05-17T00:22:50","date_gmt":"2020-05-16T22:22:50","guid":{"rendered":"https:\/\/blogsaverroes.juntadeandalucia.es\/ceipjrj\/?page_id=95"},"modified":"2024-05-31T13:52:09","modified_gmt":"2024-05-31T11:52:09","slug":"comedor-escolar","status":"publish","type":"page","link":"https:\/\/blogsaverroes.juntadeandalucia.es\/ceipjrj\/comedor-escolar\/","title":{"rendered":"Comedor Escolar"},"content":{"rendered":"<p>Cada vez hay m\u00e1s ni\u00f1os que se quedan a comer en nuestro comedor escolar ya que, en la mayor\u00eda de los casos, tanto el padre como la madre trabajan fuera de casa en horario incompatible con el horario de comidas. Una de las comidas m\u00e1s importantes se realiza, pues, en el colegio y eso es un factor importante en la dieta de los ni\u00f1os y ni\u00f1as.<\/p>\n<p><strong>El horario del Comedor es de 14:00 a 16:00 horas. Las puertas se abrir\u00e1n desde&nbsp; 14:45 h. a las 15:00&nbsp; y desde&nbsp; 15:45 h. a las 16.00h.<\/strong> Las familias deben de ser muy puntuales a la hora de recoger a sus hijos e hijas, ya que fuera de este horario las puertas permanecer\u00e1n cerradas.<\/p>\n<p>Nuestro Centro dispone de un<strong> servicio de comedor en modalidad de gesti\u00f3n directa<\/strong>; esto es, el propio centro gestiona los recursos de los que dispone. Todo ello deriva en la elaboraci\u00f3n diaria de la comida que se ofrece al alumnado en la cocina de nuestro propio centro, totalmente equipada, ofertando una dieta saludable y equilibrada a nuestros ni\u00f1os y ni\u00f1as. La magn\u00edfica calidad del servicio que ofrecemos no ser\u00eda posible sin nuestro personal de cocina altamente cualificado y con una dilatada experiencia en la elaboraci\u00f3n de comidas para grandes grupos.<\/p>\n<p><span style=\"font-weight: 400\">La empresa contratada por la Administraci\u00f3n Educativa para atender este servicio con monitoras y monitores escolares es Grupo BCM GestionArte.<\/span><\/p>\n<p>&nbsp;<\/p>\n<p><strong>La informaci\u00f3n m\u00e1s relevante es la siguiente:<\/strong><\/p>\n<ul>\n<li><b><span style=\"font-weight: 400\">Para solicitar dieta blanda o especial lo har\u00e1n al correo:<\/span><\/b><strong> <a href=\"mailto:comedorescolarjrj@gmail.com\" target=\"_blank\" rel=\"noopener noreferrer\">comedorescolarjrj@gmail.com<\/a><\/strong><\/li>\n<li><span style=\"font-weight: 400\">El servicio se podr\u00e1 seguir utilizando por meses completos o d\u00edas concretos (se recuerda que 5 d\u00edas consecutivos sin utilizarlo son baja autom\u00e1tica).<\/span><\/li>\n<li>Se recuerda que&nbsp;las ausencias <strong>solo podr\u00e1n ser justificadas hasta las 10 horas del d\u00eda ANTERIOR A LA FALTA&nbsp;<\/strong>en el correo electr\u00f3nico comedorescolarjrj@gmail.com y, de no ser as\u00ed, se realizar\u00e1 el cobro del d\u00eda por uso del servicio.<\/li>\n<\/ul>\n<p>&nbsp;<\/p>\n<ul>\n<li style=\"font-weight: 400\"><strong>Precios por d\u00eda<i>:<\/i><\/strong>\n<ul>\n<li><span style=\"font-weight: 400\">&nbsp;0% bonificaci\u00f3n 4.78 \u20ac<\/span><\/li>\n<li><span style=\"font-weight: 400\">10% bonificaci\u00f3n 4.30 \u20ac<\/span><\/li>\n<li><span style=\"font-weight: 400\">18% bonificaci\u00f3n 3.92 \u20ac<\/span><\/li>\n<li><span style=\"font-weight: 400\">26% bonificaci\u00f3n 3.54 \u20ac<\/span><\/li>\n<li><span style=\"font-weight: 400\">34% bonificaci\u00f3n 3.15 \u20ac<\/span><\/li>\n<li><span style=\"font-weight: 400\">42% bonificaci\u00f3n 2.77 \u20ac<\/span><\/li>\n<li><span style=\"font-weight: 400\">50% bonificaci\u00f3n 2.39 \u20ac<\/span><\/li>\n<li><span style=\"font-weight: 400\">100% bonificaci\u00f3n &nbsp; &nbsp; 0 \u20ac<\/span><\/li>\n<\/ul>\n<\/li>\n<\/ul>\n<p>&nbsp;<\/p>\n<ul>\n<li style=\"font-weight: 400\"><span style=\"font-weight: 400\"><strong>D\u00edas lectivos del primer, segundo y tercer trimestre<\/strong>:<\/span>\n<ul>\n<li style=\"font-weight: 400\"><span style=\"font-weight: 400\">Septiembre: 15<\/span><\/li>\n<li style=\"font-weight: 400\"><span style=\"font-weight: 400\">Octubre: 20<\/span><\/li>\n<li style=\"font-weight: 400\"><span style=\"font-weight: 400\">Noviembre: 21<\/span><\/li>\n<li style=\"font-weight: 400\"><span style=\"font-weight: 400\">Diciembre: 15<\/span><\/li>\n<li style=\"font-weight: 400\"><span style=\"font-weight: 400\">Enero: 16<\/span><\/li>\n<li style=\"font-weight: 400\"><span style=\"font-weight: 400\">Febrero: 18<\/span><\/li>\n<li style=\"font-weight: 400\"><span style=\"font-weight: 400\">Marzo: 20<\/span><\/li>\n<li style=\"font-weight: 400\"><span style=\"font-weight: 400\">Abril: 15<\/span><\/li>\n<li style=\"font-weight: 400\"><span style=\"font-weight: 400\">Mayo: 21<\/span><\/li>\n<li style=\"font-weight: 400\"><span style=\"font-weight: 400\">Junio. 17<\/span><\/li>\n<\/ul>\n<\/li>\n<\/ul>\n<ul>\n<li style=\"font-weight: 400\"><strong>D\u00edas no lectivos y periodos vacacionales.<\/strong>\n<ul>\n<li style=\"font-weight: 400\"><span style=\"font-weight: 400\">12 de Octubre: Fiesta nacional de Espa\u00f1a.<\/span><\/li>\n<li style=\"font-weight: 400\"><span style=\"font-weight: 400\">19 de Octubre: D\u00eda no lectivo<\/span><\/li>\n<li style=\"font-weight: 400\"><span style=\"font-weight: 400\">01 de Noviembre: Todos los Santos.<\/span><\/li>\n<li style=\"font-weight: 400\"><span style=\"font-weight: 400\">06 de Diciembre: Constituci\u00f3n Espa\u00f1ola.<\/span><\/li>\n<li style=\"font-weight: 400\"><span style=\"font-weight: 400\">08 de Diciembre: Inmaculada Concepci\u00f3n.<\/span><\/li>\n<li style=\"font-weight: 400\"><span style=\"font-weight: 400\">Navidad del 24 de diciembre de 2022&nbsp; al 6 de enero de 2023,&nbsp; ambos inclusive.<\/span><\/li>\n<li style=\"font-weight: 400\"><span style=\"font-weight: 400\">27 de febrero: d\u00eda de la Comunidad Educativa.<\/span><\/li>\n<li style=\"font-weight: 400\"><span style=\"font-weight: 400\">28 de Febrero: d\u00eda de Andaluc\u00eda.<\/span><\/li>\n<li style=\"font-weight: 400\"><span style=\"font-weight: 400\">Del 1 al 3 de marzo: Semana Blanca.<\/span><\/li>\n<li style=\"font-weight: 400\"><span style=\"font-weight: 400\">Del 3 al 7 de abril: Semana Santa.<\/span><\/li>\n<li style=\"font-weight: 400\"><span style=\"font-weight: 400\">1 de mayo: D\u00eda del trabajo.<\/span><\/li>\n<li style=\"font-weight: 400\"><span style=\"font-weight: 400\">12 de junio: D\u00eda no lectivo.<\/span><\/li>\n<li style=\"font-weight: 400\"><span style=\"font-weight: 400\">23 de junio: \u00daltimo d\u00eda lectivo.<\/span><\/li>\n<\/ul>\n<\/li>\n<\/ul>\n<p>&nbsp;<\/p>\n<h3><a href=\"https:\/\/www.juntadeandalucia.es\/educacion\/portals\/delegate\/content\/6c4342f7-1581-4c26-bc7e-2e49b4b64cee\/Anexo%20II.-%20Servicio%20de%20Aula%20Matinal,%20Comedor%20Escolar%20y%20actividades%20Extraescolares\"><b>Solicitud plaza en el Comedor Escolar<\/b><\/a><\/h3>\n<p><span style=\"font-weight: 400\">Se podr\u00e1 solicitar el comedor escolar entre el <\/span><b>1 y el 10 de junio del a\u00f1o anterior.<\/b><span style=\"font-weight: 400\"> Para optar a bonificaci\u00f3n en el precio del servicio hay que solicitarlo entre el <\/span><b>1 y el 9 de septiembre de cada curso<\/b><span style=\"font-weight: 400\">. Recordamos que para poder ser usuario admitido deber\u00e1 estar al corriente de pago en todos los servicios complementarios del curso anterior.&nbsp;<\/span><\/p>\n","protected":false},"excerpt":{"rendered":"<p>&#46;&#46;&#46;<\/p>\n","protected":false},"author":4364,"featured_media":0,"parent":0,"menu_order":0,"comment_status":"closed","ping_status":"closed","template":"","meta":{"ngg_post_thumbnail":0,"footnotes":""},"aioseo_notices":[],"_links":{"self":[{"href":"https:\/\/blogsaverroes.juntadeandalucia.es\/ceipjrj\/wp-json\/wp\/v2\/pages\/95"}],"collection":[{"href":"https:\/\/blogsaverroes.juntadeandalucia.es\/ceipjrj\/wp-json\/wp\/v2\/pages"}],"about":[{"href":"https:\/\/blogsaverroes.juntadeandalucia.es\/ceipjrj\/wp-json\/wp\/v2\/types\/page"}],"author":[{"embeddable":true,"href":"https:\/\/blogsaverroes.juntadeandalucia.es\/ceipjrj\/wp-json\/wp\/v2\/users\/4364"}],"replies":[{"embeddable":true,"href":"https:\/\/blogsaverroes.juntadeandalucia.es\/ceipjrj\/wp-json\/wp\/v2\/comments?post=95"}],"version-history":[{"count":8,"href":"https:\/\/blogsaverroes.juntadeandalucia.es\/ceipjrj\/wp-json\/wp\/v2\/pages\/95\/revisions"}],"predecessor-version":[{"id":773,"href":"https:\/\/blogsaverroes.juntadeandalucia.es\/ceipjrj\/wp-json\/wp\/v2\/pages\/95\/revisions\/773"}],"wp:attachment":[{"href":"https:\/\/blogsaverroes.juntadeandalucia.es\/ceipjrj\/wp-json\/wp\/v2\/media?parent=95"}],"curies":[{"name":"wp","href":"https:\/\/api.w.org\/{rel}","templated":true}]}}