{"id":2348,"date":"2017-09-21T08:01:02","date_gmt":"2017-09-21T08:01:02","guid":{"rendered":"http:\/\/blogsaverroes.juntadeandalucia.es\/ceipjuan23barbate\/?page_id=2348"},"modified":"2026-02-18T11:30:22","modified_gmt":"2026-02-18T11:30:22","slug":"profesorado","status":"publish","type":"page","link":"https:\/\/blogsaverroes.juntadeandalucia.es\/ceipjuan23barbate\/profesorado\/","title":{"rendered":"Claustro 2025-2026"},"content":{"rendered":"<p style=\"text-align: center\"><strong>PROFESORADO CURSO 2025\/026<\/strong><\/p>\n<table style=\"width: 76.2475%;height: 642px\">\n<tbody>\n<tr style=\"height: 31px\">\n<td style=\"height: 31px;width: 44.6084%;text-align: center\" width=\"283\"><strong>NOMBRE PROFESORADO<\/strong><\/td>\n<td style=\"height: 31px;width: 39.0079%;text-align: center\" width=\"283\"><strong>CURSO\/ESPECIALIDAD<\/strong><\/td>\n<\/tr>\n<tr style=\"height: 35px\">\n<td style=\"height: 10px;width: 44.6084%\" width=\"283\">MARIA MALIA L\u00d3PEZ<\/td>\n<td style=\"height: 10px;width: 39.0079%\" width=\"283\">\n<h5><strong>INFANTIL 3 A\u00d1OS.<\/strong><\/h5>\n<\/td>\n<\/tr>\n<tr style=\"height: 37px\">\n<td style=\"height: 37px;width: 44.6084%\" width=\"283\">MARIA ANTONIA CARPIO RAM\u00cdREZ\/<br \/>\nMa DOLORES CALA GUERRERO<\/td>\n<td style=\"height: 37px;width: 39.0079%\" width=\"283\">\n<h5>INFANTIL 4 A\u00d1OS.&nbsp;<\/h5>\n<\/td>\n<\/tr>\n<tr style=\"height: 10px\">\n<td style=\"height: 10px;width: 44.6084%\" width=\"283\">MAR\u00cdA DEL MAR FEU CABEZA<\/td>\n<td style=\"height: 10px;width: 39.0079%\" width=\"283\">\n<h5>INFANTIL 5 A\u00d1OS.(SECRETARIA).<\/h5>\n<\/td>\n<\/tr>\n<tr style=\"height: 61px\">\n<td style=\"height: 61px;width: 44.6084%\" width=\"283\">SERGIO ROSADO L\u00d3PEZ<\/td>\n<td style=\"height: 61px;width: 39.0079%\" width=\"283\">\n<h5>1\u00ba EDUCACI\u00d3N PRIMARIA Y JEFATURA DE ESTUDIOS.<\/h5>\n<\/td>\n<\/tr>\n<tr style=\"height: 48px\">\n<td style=\"height: 48px;width: 44.6084%\" width=\"283\">RAQUEL NIEVES PAJARES DUR\u00c1N<\/td>\n<td style=\"height: 48px;width: 39.0079%\" width=\"283\">\n<h5>2\u00ba EDUCACI\u00d3N PRIMARIA Y PRIMARIA BILING\u00dcE.<\/h5>\n<\/td>\n<\/tr>\n<tr style=\"height: 24px\">\n<td style=\"height: 24px;width: 44.6084%\" width=\"283\">LOURDES MU\u00d1OZ DE HOYOS<\/td>\n<td style=\"height: 24px;width: 39.0079%\" width=\"283\">\n<h5>3\u00ba EDUCACI\u00d3N PRIMARIA Y PRIMARIA BILING\u00dcE.<\/h5>\n<\/td>\n<\/tr>\n<tr style=\"height: 48px\">\n<td style=\"height: 48px;width: 44.6084%\" width=\"283\">LAURA GUZM\u00c1N M\u00c1RQUEZ<\/td>\n<td style=\"height: 48px;width: 39.0079%\" width=\"283\">\n<h5>4\u00ba EDUCACI\u00d3N PRIMARIA.<\/h5>\n<\/td>\n<\/tr>\n<tr style=\"height: 48px\">\n<td style=\"height: 48px;width: 44.6084%\" width=\"283\">INMACULADA BRENES MORENO<\/td>\n<td style=\"height: 48px;width: 39.0079%\" width=\"283\">\n<h5>5\u00ba EDUCACI\u00d3N PRIMARIA y ESPECIALISTA DE FRANC\u00c9S.<\/h5>\n<\/td>\n<\/tr>\n<tr style=\"height: 24px\">\n<td style=\"height: 24px;width: 44.6084%\" width=\"283\">MIGUEL ALEJANDRO GARC\u00cdA PACHECO<\/td>\n<td style=\"height: 24px;width: 39.0079%\" width=\"283\">\n<h5>6\u00ba EDUCACI\u00d3N PRIMARIA Y ESPECIALISTA DE M\u00daSICA.<\/h5>\n<\/td>\n<\/tr>\n<tr style=\"height: 48px\">\n<td style=\"height: 48px;width: 44.6084%\" width=\"283\"><strong>LOURDES ROMERO JIM\u00c9NEZ<\/strong><\/td>\n<td style=\"height: 48px;width: 39.0079%\" width=\"283\">\n<h5>&nbsp;REFUERZO PEDAG\u00d3GICO (DIRECTORA).<\/h5>\n<\/td>\n<\/tr>\n<tr style=\"height: 48px\">\n<td style=\"height: 48px;width: 44.6084%\" width=\"283\">ROC\u00cdO RODR\u00cdGUEZ RUIZ<\/td>\n<td style=\"height: 48px;width: 39.0079%\" width=\"283\">\n<h5>PEDAGOG\u00cdA TERAPEUTICA.<\/h5>\n<\/td>\n<\/tr>\n<tr style=\"height: 24px\">\n<td style=\"height: 24px;width: 44.6084%\" width=\"283\">LAURA ORTIZ RUANO<\/td>\n<td style=\"height: 24px;width: 39.0079%\" width=\"283\">\n<h5>ESPECIALISTA DE INGL\u00c9S&nbsp;<\/h5>\n<\/td>\n<\/tr>\n<tr style=\"height: 48px\">\n<td style=\"height: 48px;width: 44.6084%\" width=\"283\">NICOL\u00c1S LINAGE D\u00cdAZ CANO<\/td>\n<td style=\"height: 48px;width: 39.0079%\" width=\"283\">\n<h5>EDUCACI\u00d3N F\u00cdSICA BILING\u00dcE<\/h5>\n<\/td>\n<\/tr>\n<tr style=\"height: 48px\">\n<td style=\"height: 48px;width: 44.6084%\" width=\"283\">MAR\u00cdA LINAREJOS GARC\u00cdA ELBAL<\/td>\n<td style=\"height: 48px;width: 39.0079%\" width=\"283\">\n<h5>PROGRAMAS DE REFUERZO.<\/h5>\n<\/td>\n<\/tr>\n<tr style=\"height: 35px\">\n<td style=\"height: 35px;width: 44.6084%\" width=\"283\"><strong>DULCE CHAC\u00d3N DOM\u00cdNGUEZ<\/strong><\/td>\n<td style=\"height: 35px;width: 39.0079%\" width=\"283\">\n<h5>RELIGI\u00d3N<\/h5>\n<\/td>\n<\/tr>\n<tr style=\"height: 40px\">\n<td style=\"height: 40px;width: 44.6084%\" width=\"283\">MAR\u00cdA S\u00c1NCHEZ RUIZ<\/td>\n<td style=\"height: 40px;width: 39.0079%\" width=\"283\">\n<h5>AUDICI\u00d3N Y LENGUAJE<\/h5>\n<\/td>\n<\/tr>\n<tr style=\"height: 36px\">\n<td style=\"width: 44.6084%;height: 10px\">&nbsp;<\/td>\n<td style=\"width: 39.0079%;height: 10px\">&nbsp;<\/td>\n<\/tr>\n<\/tbody>\n<\/table>\n","protected":false},"excerpt":{"rendered":"<p>PROFESORADO CURSO 2025\/026 NOMBRE PROFESORADO CURSO\/ESPECIALIDAD MARIA MALIA L\u00d3PEZ INFANTIL 3 A\u00d1OS. MARIA ANTONIA CARPIO RAM\u00cdREZ\/ Ma DOLORES CALA GUERRERO INFANTIL 4 A\u00d1OS.&nbsp; MAR\u00cdA DEL MAR FEU CABEZA INFANTIL 5 A\u00d1OS.(SECRETARIA). SERGIO ROSADO L\u00d3PEZ&#46;&#46;&#46;<\/p>\n","protected":false},"author":4600,"featured_media":0,"parent":0,"menu_order":0,"comment_status":"closed","ping_status":"closed","template":"","meta":{"ngg_post_thumbnail":0,"footnotes":"","_mc_calendar":[]},"aioseo_notices":[],"_links":{"self":[{"href":"https:\/\/blogsaverroes.juntadeandalucia.es\/ceipjuan23barbate\/wp-json\/wp\/v2\/pages\/2348"}],"collection":[{"href":"https:\/\/blogsaverroes.juntadeandalucia.es\/ceipjuan23barbate\/wp-json\/wp\/v2\/pages"}],"about":[{"href":"https:\/\/blogsaverroes.juntadeandalucia.es\/ceipjuan23barbate\/wp-json\/wp\/v2\/types\/page"}],"author":[{"embeddable":true,"href":"https:\/\/blogsaverroes.juntadeandalucia.es\/ceipjuan23barbate\/wp-json\/wp\/v2\/users\/4600"}],"replies":[{"embeddable":true,"href":"https:\/\/blogsaverroes.juntadeandalucia.es\/ceipjuan23barbate\/wp-json\/wp\/v2\/comments?post=2348"}],"version-history":[{"count":23,"href":"https:\/\/blogsaverroes.juntadeandalucia.es\/ceipjuan23barbate\/wp-json\/wp\/v2\/pages\/2348\/revisions"}],"predecessor-version":[{"id":4050,"href":"https:\/\/blogsaverroes.juntadeandalucia.es\/ceipjuan23barbate\/wp-json\/wp\/v2\/pages\/2348\/revisions\/4050"}],"wp:attachment":[{"href":"https:\/\/blogsaverroes.juntadeandalucia.es\/ceipjuan23barbate\/wp-json\/wp\/v2\/media?parent=2348"}],"curies":[{"name":"wp","href":"https:\/\/api.w.org\/{rel}","templated":true}]}}

<p style="text-align: center"><strong>PROFESORADO CURSO 2025/026</strong></p>
<table style="width: 76.2475%;height: 642px">
<tbody>
<tr style="height: 31px">
<td style="height: 31px;width: 44.6084%;text-align: center" width="283"><strong>NOMBRE PROFESORADO</strong></td>
<td style="height: 31px;width: 39.0079%;text-align: center" width="283"><strong>CURSO/ESPECIALIDAD</strong></td>
</tr>
<tr style="height: 35px">
<td style="height: 10px;width: 44.6084%" width="283">MARIA MALIA LÓPEZ</td>
<td style="height: 10px;width: 39.0079%" width="283">
<h5><strong>INFANTIL 3 AÑOS.</strong></h5>
</td>
</tr>
<tr style="height: 37px">
<td style="height: 37px;width: 44.6084%" width="283">MARIA ANTONIA CARPIO RAMÍREZ/<br />
Ma DOLORES CALA GUERRERO</td>
<td style="height: 37px;width: 39.0079%" width="283">
<h5>INFANTIL 4 AÑOS.&nbsp;</h5>
</td>
</tr>
<tr style="height: 10px">
<td style="height: 10px;width: 44.6084%" width="283">MARÍA DEL MAR FEU CABEZA</td>
<td style="height: 10px;width: 39.0079%" width="283">
<h5>INFANTIL 5 AÑOS.(SECRETARIA).</h5>
</td>
</tr>
<tr style="height: 61px">
<td style="height: 61px;width: 44.6084%" width="283">SERGIO ROSADO LÓPEZ</td>
<td style="height: 61px;width: 39.0079%" width="283">
<h5>1º EDUCACIÓN PRIMARIA Y JEFATURA DE ESTUDIOS.</h5>
</td>
</tr>
<tr style="height: 48px">
<td style="height: 48px;width: 44.6084%" width="283">RAQUEL NIEVES PAJARES DURÁN</td>
<td style="height: 48px;width: 39.0079%" width="283">
<h5>2º EDUCACIÓN PRIMARIA Y PRIMARIA BILINGÜE.</h5>
</td>
</tr>
<tr style="height: 24px">
<td style="height: 24px;width: 44.6084%" width="283">LOURDES MUÑOZ DE HOYOS</td>
<td style="height: 24px;width: 39.0079%" width="283">
<h5>3º EDUCACIÓN PRIMARIA Y PRIMARIA BILINGÜE.</h5>
</td>
</tr>
<tr style="height: 48px">
<td style="height: 48px;width: 44.6084%" width="283">LAURA GUZMÁN MÁRQUEZ</td>
<td style="height: 48px;width: 39.0079%" width="283">
<h5>4º EDUCACIÓN PRIMARIA.</h5>
</td>
</tr>
<tr style="height: 48px">
<td style="height: 48px;width: 44.6084%" width="283">INMACULADA BRENES MORENO</td>
<td style="height: 48px;width: 39.0079%" width="283">
<h5>5º EDUCACIÓN PRIMARIA y ESPECIALISTA DE FRANCÉS.</h5>
</td>
</tr>
<tr style="height: 24px">
<td style="height: 24px;width: 44.6084%" width="283">MIGUEL ALEJANDRO GARCÍA PACHECO</td>
<td style="height: 24px;width: 39.0079%" width="283">
<h5>6º EDUCACIÓN PRIMARIA Y ESPECIALISTA DE MÚSICA.</h5>
</td>
</tr>
<tr style="height: 48px">
<td style="height: 48px;width: 44.6084%" width="283"><strong>LOURDES ROMERO JIMÉNEZ</strong></td>
<td style="height: 48px;width: 39.0079%" width="283">
<h5>&nbsp;REFUERZO PEDAGÓGICO (DIRECTORA).</h5>
</td>
</tr>
<tr style="height: 48px">
<td style="height: 48px;width: 44.6084%" width="283">ROCÍO RODRÍGUEZ RUIZ</td>
<td style="height: 48px;width: 39.0079%" width="283">
<h5>PEDAGOGÍA TERAPEUTICA.</h5>
</td>
</tr>
<tr style="height: 24px">
<td style="height: 24px;width: 44.6084%" width="283">LAURA ORTIZ RUANO</td>
<td style="height: 24px;width: 39.0079%" width="283">
<h5>ESPECIALISTA DE INGLÉS&nbsp;</h5>
</td>
</tr>
<tr style="height: 48px">
<td style="height: 48px;width: 44.6084%" width="283">NICOLÁS LINAGE DÍAZ CANO</td>
<td style="height: 48px;width: 39.0079%" width="283">
<h5>EDUCACIÓN FÍSICA BILINGÜE</h5>
</td>
</tr>
<tr style="height: 48px">
<td style="height: 48px;width: 44.6084%" width="283">MARÍA LINAREJOS GARCÍA ELBAL</td>
<td style="height: 48px;width: 39.0079%" width="283">
<h5>PROGRAMAS DE REFUERZO.</h5>
</td>
</tr>
<tr style="height: 35px">
<td style="height: 35px;width: 44.6084%" width="283"><strong>DULCE CHACÓN DOMÍNGUEZ</strong></td>
<td style="height: 35px;width: 39.0079%" width="283">
<h5>RELIGIÓN</h5>
</td>
</tr>
<tr style="height: 40px">
<td style="height: 40px;width: 44.6084%" width="283">MARÍA SÁNCHEZ RUIZ</td>
<td style="height: 40px;width: 39.0079%" width="283">
<h5>AUDICIÓN Y LENGUAJE</h5>
</td>
</tr>
<tr style="height: 36px">
<td style="width: 44.6084%;height: 10px">&nbsp;</td>
<td style="width: 39.0079%;height: 10px">&nbsp;</td>
</tr>
</tbody>
</table>

<p>PROFESORADO CURSO 2025/026 NOMBRE PROFESORADO CURSO/ESPECIALIDAD MARIA MALIA LÓPEZ INFANTIL 3 AÑOS. MARIA ANTONIA CARPIO RAMÍREZ/ Ma DOLORES CALA GUERRERO INFANTIL 4 AÑOS.&nbsp; MARÍA DEL MAR FEU CABEZA INFANTIL 5 AÑOS.(SECRETARIA). SERGIO ROSADO LÓPEZ&#46;&#46;&#46;</p>
