{"id":2411,"date":"2017-10-09T09:05:56","date_gmt":"2017-10-09T09:05:56","guid":{"rendered":"http:\/\/blogsaverroes.juntadeandalucia.es\/ceipjuan23barbate\/?page_id=2411"},"modified":"2017-10-09T09:21:05","modified_gmt":"2017-10-09T09:21:05","slug":"convivencia","status":"publish","type":"page","link":"https:\/\/blogsaverroes.juntadeandalucia.es\/ceipjuan23barbate\/convivencia\/","title":{"rendered":"Convivencia"},"content":{"rendered":"<p>&nbsp; &nbsp; &nbsp; &nbsp; &nbsp; &nbsp; &nbsp;<\/p>\n<p>&nbsp; &nbsp; &nbsp; &nbsp; &nbsp; &nbsp; &nbsp; &nbsp; &nbsp; &nbsp; &nbsp; &nbsp; &nbsp; &nbsp; &nbsp; &nbsp; &nbsp;&nbsp;<a href=\"https:\/\/blogsaverroes.juntadeandalucia.es\/ceipjuan23barbate\/files\/2017\/10\/Captura-de-pantalla-2015-12-14-a-las-15.05.44.png\"><img loading=\"lazy\" decoding=\"async\" class=\"alignnone size-medium wp-image-2419\" src=\"https:\/\/blogsaverroes.juntadeandalucia.es\/ceipjuan23barbate\/files\/2017\/10\/Captura-de-pantalla-2015-12-14-a-las-15.05.44-300x170.png\" alt=\"\" width=\"300\" height=\"170\" srcset=\"https:\/\/blogsaverroes.juntadeandalucia.es\/ceipjuan23barbate\/files\/2017\/10\/Captura-de-pantalla-2015-12-14-a-las-15.05.44-300x170.png 300w, https:\/\/blogsaverroes.juntadeandalucia.es\/ceipjuan23barbate\/files\/2017\/10\/Captura-de-pantalla-2015-12-14-a-las-15.05.44-768x435.png 768w, https:\/\/blogsaverroes.juntadeandalucia.es\/ceipjuan23barbate\/files\/2017\/10\/Captura-de-pantalla-2015-12-14-a-las-15.05.44-1024x579.png 1024w, https:\/\/blogsaverroes.juntadeandalucia.es\/ceipjuan23barbate\/files\/2017\/10\/Captura-de-pantalla-2015-12-14-a-las-15.05.44-24x14.png 24w, https:\/\/blogsaverroes.juntadeandalucia.es\/ceipjuan23barbate\/files\/2017\/10\/Captura-de-pantalla-2015-12-14-a-las-15.05.44-36x20.png 36w, https:\/\/blogsaverroes.juntadeandalucia.es\/ceipjuan23barbate\/files\/2017\/10\/Captura-de-pantalla-2015-12-14-a-las-15.05.44-48x27.png 48w, https:\/\/blogsaverroes.juntadeandalucia.es\/ceipjuan23barbate\/files\/2017\/10\/Captura-de-pantalla-2015-12-14-a-las-15.05.44.png 1064w\" sizes=\"(max-width: 300px) 100vw, 300px\" \/><\/a><\/p>\n<p>&nbsp;<\/p>\n<p>&nbsp; &nbsp; &nbsp; &nbsp; &nbsp; &nbsp; &nbsp; &nbsp; La convivencia pac\u00edfica se basa en la negociaci\u00f3n de los conflictos que se presentan en las relaciones humanas, como prop\u00f3sito fundamental en la b\u00fasqueda del fortalecimiento de \u00e9sta. Para lograr la convivencia pac\u00edfica es necesario aprender a comunicarse de manera emp\u00e1tica, lo cual requiere el di\u00e1logo como parte de una exploraci\u00f3n conjunta. Para ello es necesario buscar las alternativas m\u00e1s convenientes para resolver los naturales conflictos que se presenten en cualquier relaci\u00f3n humana.<\/p>\n<p>&nbsp; &nbsp; &nbsp; &nbsp; &nbsp; &nbsp; &nbsp; Para eso, nuestro centro cuenta con unos documentos y normas que rigen la convivencia interna, con el fin de conseguir un buen clima de funcionamiento&nbsp;<\/p>\n<p>&nbsp; &nbsp; &nbsp; &nbsp; &nbsp; &nbsp; &nbsp; &nbsp; &nbsp; &nbsp; &nbsp; &nbsp; &nbsp; &nbsp; &nbsp; &nbsp; &nbsp; &nbsp; &nbsp; &nbsp; &nbsp; &nbsp; &nbsp; &nbsp; &nbsp;<a href=\"https:\/\/blogsaverroes.juntadeandalucia.es\/ceipjuan23barbate\/files\/2017\/10\/PLAN-DE-CONVIVENCIA-DEFINITIVO.pdf\">PLAN DE CONVIVENCIA&nbsp;<\/a><\/p>\n<p>&nbsp;<\/p>\n<p>&nbsp;<\/p>\n","protected":false},"excerpt":{"rendered":"<p>&nbsp; &nbsp; &nbsp; &nbsp; &nbsp; &nbsp; &nbsp; &nbsp; &nbsp; &nbsp; &nbsp; &nbsp; &nbsp; &nbsp; &nbsp; &nbsp; &nbsp; &nbsp; &nbsp; &nbsp; &nbsp; &nbsp; &nbsp; &nbsp;&nbsp; &nbsp; &nbsp; &nbsp; &nbsp; &nbsp; &nbsp; &nbsp; &nbsp; &nbsp; La&#46;&#46;&#46;<\/p>\n","protected":false},"author":4600,"featured_media":0,"parent":0,"menu_order":0,"comment_status":"closed","ping_status":"closed","template":"","meta":{"ngg_post_thumbnail":0,"footnotes":"","_mc_calendar":[]},"aioseo_notices":[],"_links":{"self":[{"href":"https:\/\/blogsaverroes.juntadeandalucia.es\/ceipjuan23barbate\/wp-json\/wp\/v2\/pages\/2411"}],"collection":[{"href":"https:\/\/blogsaverroes.juntadeandalucia.es\/ceipjuan23barbate\/wp-json\/wp\/v2\/pages"}],"about":[{"href":"https:\/\/blogsaverroes.juntadeandalucia.es\/ceipjuan23barbate\/wp-json\/wp\/v2\/types\/page"}],"author":[{"embeddable":true,"href":"https:\/\/blogsaverroes.juntadeandalucia.es\/ceipjuan23barbate\/wp-json\/wp\/v2\/users\/4600"}],"replies":[{"embeddable":true,"href":"https:\/\/blogsaverroes.juntadeandalucia.es\/ceipjuan23barbate\/wp-json\/wp\/v2\/comments?post=2411"}],"version-history":[{"count":4,"href":"https:\/\/blogsaverroes.juntadeandalucia.es\/ceipjuan23barbate\/wp-json\/wp\/v2\/pages\/2411\/revisions"}],"predecessor-version":[{"id":2422,"href":"https:\/\/blogsaverroes.juntadeandalucia.es\/ceipjuan23barbate\/wp-json\/wp\/v2\/pages\/2411\/revisions\/2422"}],"wp:attachment":[{"href":"https:\/\/blogsaverroes.juntadeandalucia.es\/ceipjuan23barbate\/wp-json\/wp\/v2\/media?parent=2411"}],"curies":[{"name":"wp","href":"https:\/\/api.w.org\/{rel}","templated":true}]}}

<p>&nbsp; &nbsp; &nbsp; &nbsp; &nbsp; &nbsp; &nbsp;</p>
<p>&nbsp; &nbsp; &nbsp; &nbsp; &nbsp; &nbsp; &nbsp; &nbsp; &nbsp; &nbsp; &nbsp; &nbsp; &nbsp; &nbsp; &nbsp; &nbsp; &nbsp;&nbsp;<a href="https://blogsaverroes.juntadeandalucia.es/ceipjuan23barbate/files/2017/10/Captura-de-pantalla-2015-12-14-a-las-15.05.44.png"><img loading="lazy" decoding="async" class="alignnone size-medium wp-image-2419" src="https://blogsaverroes.juntadeandalucia.es/ceipjuan23barbate/files/2017/10/Captura-de-pantalla-2015-12-14-a-las-15.05.44-300x170.png" alt="" width="300" height="170" srcset="https://blogsaverroes.juntadeandalucia.es/ceipjuan23barbate/files/2017/10/Captura-de-pantalla-2015-12-14-a-las-15.05.44-300x170.png 300w, https://blogsaverroes.juntadeandalucia.es/ceipjuan23barbate/files/2017/10/Captura-de-pantalla-2015-12-14-a-las-15.05.44-768x435.png 768w, https://blogsaverroes.juntadeandalucia.es/ceipjuan23barbate/files/2017/10/Captura-de-pantalla-2015-12-14-a-las-15.05.44-1024x579.png 1024w, https://blogsaverroes.juntadeandalucia.es/ceipjuan23barbate/files/2017/10/Captura-de-pantalla-2015-12-14-a-las-15.05.44-24x14.png 24w, https://blogsaverroes.juntadeandalucia.es/ceipjuan23barbate/files/2017/10/Captura-de-pantalla-2015-12-14-a-las-15.05.44-36x20.png 36w, https://blogsaverroes.juntadeandalucia.es/ceipjuan23barbate/files/2017/10/Captura-de-pantalla-2015-12-14-a-las-15.05.44-48x27.png 48w, https://blogsaverroes.juntadeandalucia.es/ceipjuan23barbate/files/2017/10/Captura-de-pantalla-2015-12-14-a-las-15.05.44.png 1064w" sizes="(max-width: 300px) 100vw, 300px" /></a></p>
<p>&nbsp;</p>
<p>&nbsp; &nbsp; &nbsp; &nbsp; &nbsp; &nbsp; &nbsp; &nbsp; La convivencia pacífica se basa en la negociación de los conflictos que se presentan en las relaciones humanas, como propósito fundamental en la búsqueda del fortalecimiento de ésta. Para lograr la convivencia pacífica es necesario aprender a comunicarse de manera empática, lo cual requiere el diálogo como parte de una exploración conjunta. Para ello es necesario buscar las alternativas más convenientes para resolver los naturales conflictos que se presenten en cualquier relación humana.</p>
<p>&nbsp; &nbsp; &nbsp; &nbsp; &nbsp; &nbsp; &nbsp; Para eso, nuestro centro cuenta con unos documentos y normas que rigen la convivencia interna, con el fin de conseguir un buen clima de funcionamiento&nbsp;</p>
<p>&nbsp; &nbsp; &nbsp; &nbsp; &nbsp; &nbsp; &nbsp; &nbsp; &nbsp; &nbsp; &nbsp; &nbsp; &nbsp; &nbsp; &nbsp; &nbsp; &nbsp; &nbsp; &nbsp; &nbsp; &nbsp; &nbsp; &nbsp; &nbsp; &nbsp;<a href="https://blogsaverroes.juntadeandalucia.es/ceipjuan23barbate/files/2017/10/PLAN-DE-CONVIVENCIA-DEFINITIVO.pdf">PLAN DE CONVIVENCIA&nbsp;</a></p>
<p>&nbsp;</p>
<p>&nbsp;</p>
