{"id":3055,"date":"2020-03-01T13:31:46","date_gmt":"2020-03-01T13:31:46","guid":{"rendered":"https:\/\/blogsaverroes.juntadeandalucia.es\/ceipjuan23barbate\/?page_id=3055"},"modified":"2022-03-16T13:02:49","modified_gmt":"2022-03-16T13:02:49","slug":"dia-de-andalucia","status":"publish","type":"page","link":"https:\/\/blogsaverroes.juntadeandalucia.es\/ceipjuan23barbate\/dia-de-andalucia\/","title":{"rendered":"D\u00cdA DE ANDALUC\u00cdA 2022"},"content":{"rendered":"<p style=\"text-align: justify\"><span style=\"color: #000000\">El pasado 25 de febrero llevamos a cabo la celebraci\u00f3n del D\u00eda de Andaluc\u00eda con el t\u00edpico desayuno andaluz (pan con aceite, gracias a la donaci\u00f3n del pan por parte de \u00abLa Tahona de Secade\u00bb- Real Almadraba, edificio las dunas,9-).<\/span><\/p>\n<p>Tambi\u00e9n pintamos una bandera de Andaluc\u00eda en la que plasmamos las manos de los andaluces m\u00e1s ilustres de este centro, nuestro alumnado y profesionales del Juan XXIII. A continuaci\u00f3n os dejamos una recopilaci\u00f3n de dichas fotos.&nbsp;<\/p>\n<p>ngg_shortcode_0_placeholder\u00a1Viva Andaluc\u00eda libre!<\/p>\n","protected":false},"excerpt":{"rendered":"<p>El pasado 25 de febrero llevamos a cabo la celebraci\u00f3n del D\u00eda de Andaluc\u00eda con el t\u00edpico desayuno andaluz (pan con aceite, gracias a la donaci\u00f3n del pan por parte de \u00abLa Tahona de&#46;&#46;&#46;<\/p>\n","protected":false},"author":4600,"featured_media":0,"parent":0,"menu_order":0,"comment_status":"closed","ping_status":"closed","template":"","meta":{"ngg_post_thumbnail":0,"footnotes":"","_mc_calendar":[]},"aioseo_notices":[],"_links":{"self":[{"href":"https:\/\/blogsaverroes.juntadeandalucia.es\/ceipjuan23barbate\/wp-json\/wp\/v2\/pages\/3055"}],"collection":[{"href":"https:\/\/blogsaverroes.juntadeandalucia.es\/ceipjuan23barbate\/wp-json\/wp\/v2\/pages"}],"about":[{"href":"https:\/\/blogsaverroes.juntadeandalucia.es\/ceipjuan23barbate\/wp-json\/wp\/v2\/types\/page"}],"author":[{"embeddable":true,"href":"https:\/\/blogsaverroes.juntadeandalucia.es\/ceipjuan23barbate\/wp-json\/wp\/v2\/users\/4600"}],"replies":[{"embeddable":true,"href":"https:\/\/blogsaverroes.juntadeandalucia.es\/ceipjuan23barbate\/wp-json\/wp\/v2\/comments?post=3055"}],"version-history":[{"count":4,"href":"https:\/\/blogsaverroes.juntadeandalucia.es\/ceipjuan23barbate\/wp-json\/wp\/v2\/pages\/3055\/revisions"}],"predecessor-version":[{"id":3501,"href":"https:\/\/blogsaverroes.juntadeandalucia.es\/ceipjuan23barbate\/wp-json\/wp\/v2\/pages\/3055\/revisions\/3501"}],"wp:attachment":[{"href":"https:\/\/blogsaverroes.juntadeandalucia.es\/ceipjuan23barbate\/wp-json\/wp\/v2\/media?parent=3055"}],"curies":[{"name":"wp","href":"https:\/\/api.w.org\/{rel}","templated":true}]}}