{"id":3724,"date":"2022-05-31T12:02:42","date_gmt":"2022-05-31T12:02:42","guid":{"rendered":"https:\/\/blogsaverroes.juntadeandalucia.es\/ceipjuan23barbate\/?page_id=3724"},"modified":"2024-03-04T15:42:56","modified_gmt":"2024-03-04T15:42:56","slug":"dt-classroom-designs-and-technology","status":"publish","type":"page","link":"https:\/\/blogsaverroes.juntadeandalucia.es\/ceipjuan23barbate\/dt-classroom-designs-and-technology\/","title":{"rendered":"D+T Classroom (Designs and Technology)"},"content":{"rendered":"<p><a href=\"https:\/\/blogsaverroes.juntadeandalucia.es\/ceipjuan23barbate\/files\/2022\/05\/Portada-DT-Classroom.png\"><img loading=\"lazy\" decoding=\"async\" class=\"alignnone wp-image-3759\" src=\"https:\/\/blogsaverroes.juntadeandalucia.es\/ceipjuan23barbate\/files\/2022\/05\/Portada-DT-Classroom-300x169.png\" alt=\"\" width=\"588\" height=\"331\" srcset=\"https:\/\/blogsaverroes.juntadeandalucia.es\/ceipjuan23barbate\/files\/2022\/05\/Portada-DT-Classroom-300x169.png 300w, https:\/\/blogsaverroes.juntadeandalucia.es\/ceipjuan23barbate\/files\/2022\/05\/Portada-DT-Classroom.png 474w\" sizes=\"(max-width: 588px) 100vw, 588px\" \/><\/a><\/p>\n<p style=\"text-align: justify\">Os presentamos la nueva aula de nuestro centro.<br \/>\nSe trata&nbsp; de una ubicaci\u00f3n multifuncional donde llevaremos a cabo los nuevos proyectos de innovaci\u00f3n que se han puesto en marcha. Hablamos de:<\/p>\n<ul>\n<li style=\"text-align: justify\"><strong>Taller de rob\u00f3tica<\/strong>, donde trabajaremos aspectos como la programaci\u00f3n de robots (adquiridos por el centro) y el dise\u00f1o 3D mediante la impresora con la que cuenta el centro desde este a\u00f1o.<br \/>\nEste taller se lleva a cabo mediante un ambiente l\u00fadico y pr\u00e1ctico donde el alumnado aprende aspectos esenciales como la organizaci\u00f3n espacio-temporal, planificaci\u00f3n de las acciones, anticipaci\u00f3n, razonamiento, lenguaje de programaci\u00f3n, las TICs y las TACs; adem\u00e1s de favorecer el trabajo en grupo, poniendo en pr\u00e1ctica valores como la cooperaci\u00f3n, el respeto a las opiniones contrarias y el bienestar dentro del grupo-clase.<\/li>\n<li style=\"text-align: justify\"><strong>Radio escolar.<\/strong> Proyecto ambicioso donde nuestros peque\u00f1os se convierten en locutores de radio y t\u00e9cnicos de sonido. Con este proyecto hacemos hincapi\u00e9 de una forma m\u00e1s contextualizada y pr\u00e1ctica a aspectos curriculares relacionados con la competencia ling\u00fc\u00edstica: comprensi\u00f3n y expresi\u00f3n oral y escrita, faltas de ortograf\u00eda, redacci\u00f3n de textos, an\u00e1lisis cr\u00edtico para la recogida de informaci\u00f3n de diferentes fuentes, organizaci\u00f3n del trabajo, creaci\u00f3n y redacci\u00f3n de entrevistas&#8230;, adem\u00e1s de favorecer la cooperaci\u00f3n, la empat\u00eda y el trabajo en grupo.&nbsp;<br \/>\nEste proyecto conllevar\u00e1 la publicaci\u00f3n en la plataforma \u00abivoox\u00bb, del podcast \u00abel aula en la onda\u00bb donde el alumnado de 4.\u00ba, 5.\u00ba y 6.\u00ba de EP ha entrevistado a diferentes personas importantes de nuestra localidad.&nbsp;<\/li>\n<li style=\"text-align: justify\"><strong>Peri\u00f3dico escolar.<\/strong> Relacionado con el proyecto anterior, se va a realizar el peri\u00f3dico escolar, digital y f\u00edsico, donde contar\u00e1n los alumnos las noticias m\u00e1s destacadas de nuestro centro y del municipio. Los aspectos curriculares trabajados van en consonancia con el anterior proyecto a\u00f1adiendo nociones para la maquetaci\u00f3n y presentaci\u00f3n de las noticias.&nbsp;<\/li>\n<\/ul>\n<p>Os mostramos algunas fotos de los diferentes talleres.&nbsp;<\/p>\n<div style=\"width: 640px;\" class=\"wp-video\"><!--[if lt IE 9]><script>document.createElement('video');<\/script><![endif]-->\n<video class=\"wp-video-shortcode\" id=\"video-3724-1\" width=\"640\" height=\"640\" preload=\"metadata\" controls=\"controls\"><source type=\"video\/mp4\" src=\"https:\/\/blogsaverroes.juntadeandalucia.es\/ceipjuan23barbate\/files\/2022\/05\/DT.mp4?_=1\" \/><a href=\"https:\/\/blogsaverroes.juntadeandalucia.es\/ceipjuan23barbate\/files\/2022\/05\/DT.mp4\">https:\/\/blogsaverroes.juntadeandalucia.es\/ceipjuan23barbate\/files\/2022\/05\/DT.mp4<\/a><\/video><\/div>\n<p>&nbsp;<\/p>\n<p>&nbsp;<\/p>\n","protected":false},"excerpt":{"rendered":"<p>Os presentamos la nueva aula de nuestro centro. Se trata&nbsp; de una ubicaci\u00f3n multifuncional donde llevaremos a cabo los nuevos proyectos de innovaci\u00f3n que se han puesto en marcha. Hablamos de: Taller de rob\u00f3tica,&#46;&#46;&#46;<\/p>\n","protected":false},"author":4600,"featured_media":0,"parent":0,"menu_order":0,"comment_status":"closed","ping_status":"closed","template":"","meta":{"ngg_post_thumbnail":0,"footnotes":"","_mc_calendar":[]},"aioseo_notices":[],"_links":{"self":[{"href":"https:\/\/blogsaverroes.juntadeandalucia.es\/ceipjuan23barbate\/wp-json\/wp\/v2\/pages\/3724"}],"collection":[{"href":"https:\/\/blogsaverroes.juntadeandalucia.es\/ceipjuan23barbate\/wp-json\/wp\/v2\/pages"}],"about":[{"href":"https:\/\/blogsaverroes.juntadeandalucia.es\/ceipjuan23barbate\/wp-json\/wp\/v2\/types\/page"}],"author":[{"embeddable":true,"href":"https:\/\/blogsaverroes.juntadeandalucia.es\/ceipjuan23barbate\/wp-json\/wp\/v2\/users\/4600"}],"replies":[{"embeddable":true,"href":"https:\/\/blogsaverroes.juntadeandalucia.es\/ceipjuan23barbate\/wp-json\/wp\/v2\/comments?post=3724"}],"version-history":[{"count":23,"href":"https:\/\/blogsaverroes.juntadeandalucia.es\/ceipjuan23barbate\/wp-json\/wp\/v2\/pages\/3724\/revisions"}],"predecessor-version":[{"id":3881,"href":"https:\/\/blogsaverroes.juntadeandalucia.es\/ceipjuan23barbate\/wp-json\/wp\/v2\/pages\/3724\/revisions\/3881"}],"wp:attachment":[{"href":"https:\/\/blogsaverroes.juntadeandalucia.es\/ceipjuan23barbate\/wp-json\/wp\/v2\/media?parent=3724"}],"curies":[{"name":"wp","href":"https:\/\/api.w.org\/{rel}","templated":true}]}}

<p><a href="https://blogsaverroes.juntadeandalucia.es/ceipjuan23barbate/files/2022/05/Portada-DT-Classroom.png"><img loading="lazy" decoding="async" class="alignnone wp-image-3759" src="https://blogsaverroes.juntadeandalucia.es/ceipjuan23barbate/files/2022/05/Portada-DT-Classroom-300x169.png" alt="" width="588" height="331" srcset="https://blogsaverroes.juntadeandalucia.es/ceipjuan23barbate/files/2022/05/Portada-DT-Classroom-300x169.png 300w, https://blogsaverroes.juntadeandalucia.es/ceipjuan23barbate/files/2022/05/Portada-DT-Classroom.png 474w" sizes="(max-width: 588px) 100vw, 588px" /></a></p>
<p style="text-align: justify">Os presentamos la nueva aula de nuestro centro.<br />
Se trata&nbsp; de una ubicación multifuncional donde llevaremos a cabo los nuevos proyectos de innovación que se han puesto en marcha. Hablamos de:</p>
<ul>
<li style="text-align: justify"><strong>Taller de robótica</strong>, donde trabajaremos aspectos como la programación de robots (adquiridos por el centro) y el diseño 3D mediante la impresora con la que cuenta el centro desde este año.<br />
Este taller se lleva a cabo mediante un ambiente lúdico y práctico donde el alumnado aprende aspectos esenciales como la organización espacio-temporal, planificación de las acciones, anticipación, razonamiento, lenguaje de programación, las TICs y las TACs; además de favorecer el trabajo en grupo, poniendo en práctica valores como la cooperación, el respeto a las opiniones contrarias y el bienestar dentro del grupo-clase.</li>
<li style="text-align: justify"><strong>Radio escolar.</strong> Proyecto ambicioso donde nuestros pequeños se convierten en locutores de radio y técnicos de sonido. Con este proyecto hacemos hincapié de una forma más contextualizada y práctica a aspectos curriculares relacionados con la competencia lingüística: comprensión y expresión oral y escrita, faltas de ortografía, redacción de textos, análisis crítico para la recogida de información de diferentes fuentes, organización del trabajo, creación y redacción de entrevistas&#8230;, además de favorecer la cooperación, la empatía y el trabajo en grupo.&nbsp;<br />
Este proyecto conllevará la publicación en la plataforma «ivoox», del podcast «el aula en la onda» donde el alumnado de 4.º, 5.º y 6.º de EP ha entrevistado a diferentes personas importantes de nuestra localidad.&nbsp;</li>
<li style="text-align: justify"><strong>Periódico escolar.</strong> Relacionado con el proyecto anterior, se va a realizar el periódico escolar, digital y físico, donde contarán los alumnos las noticias más destacadas de nuestro centro y del municipio. Los aspectos curriculares trabajados van en consonancia con el anterior proyecto añadiendo nociones para la maquetación y presentación de las noticias.&nbsp;</li>
</ul>
<p>Os mostramos algunas fotos de los diferentes talleres.&nbsp;</p>
<div style="width: 640px;" class="wp-video"><!--[if lt IE 9]><script>document.createElement('video');</script><![endif]-->
<video class="wp-video-shortcode" id="video-3724-1" width="640" height="640" preload="metadata" controls="controls"><source type="video/mp4" src="https://blogsaverroes.juntadeandalucia.es/ceipjuan23barbate/files/2022/05/DT.mp4?_=1" /><a href="https://blogsaverroes.juntadeandalucia.es/ceipjuan23barbate/files/2022/05/DT.mp4">https://blogsaverroes.juntadeandalucia.es/ceipjuan23barbate/files/2022/05/DT.mp4</a></video></div>
<p>&nbsp;</p>
<p>&nbsp;</p>

<p>Os presentamos la nueva aula de nuestro centro. Se trata&nbsp; de una ubicación multifuncional donde llevaremos a cabo los nuevos proyectos de innovación que se han puesto en marcha. Hablamos de: Taller de robótica,&#46;&#46;&#46;</p>
