{"id":2789,"date":"2016-05-10T09:10:22","date_gmt":"2016-05-10T09:10:22","guid":{"rendered":"http:\/\/blogsaverroes.juntadeandalucia.es\/ceipjuancarrillo\/?page_id=2789"},"modified":"2016-11-15T13:33:34","modified_gmt":"2016-11-15T13:33:34","slug":"9-delegados-y-delegadas-de-los-padres-y-madres","status":"publish","type":"page","link":"https:\/\/blogsaverroes.juntadeandalucia.es\/ceipjuancarrillo\/plan-de-convivencia\/9-delegados-y-delegadas-de-los-padres-y-madres\/","title":{"rendered":"9.- Delegados y delegadas de los padres y madres"},"content":{"rendered":"<p style=\"text-align: center\">PROCEDIMIENTO DE ELECCI\u00d3N Y FUNCIONES DE LOS DELEGADOS Y\u00a0 DELEGADAS DE PADRES Y MADRES DEL ALUMNADO<\/p>\n<p style=\"text-align: justify\">\u00a0\u00a0\u00a0\u00a0\u00a0\u00a0\u00a0\u00a0\u00a0\u00a0\u00a0 Se crear\u00e1 esta figura, por cada grupo de clase, de conformidad con lo dispuesto en el art\u00edculo 24.2 del Decreto 327\/2010 y en el art\u00edculo 22.2 del Decreto 328\/2010, ambos de 13 de julio.<\/p>\n<p style=\"text-align: justify\">Las personas delegadas de padres y madres del alumnado en cada uno de los grupos ser\u00e1n elegidas para cada curso escolar por los propios padres, madres, o quienes ejerzan la tutela del alumnado en la reuni\u00f3n que el profesorado que ejerza la tutor\u00eda debe realizar con las familias antes de finalizar el mes de noviembre. En la convocatoria de esta reuni\u00f3n deber\u00e1 hacerse constar, como puntos del orden del d\u00eda, la elecci\u00f3n de delegado o delegada de padres y madres del alumnado, as\u00ed como la informaci\u00f3n de las funciones que se les atribuye en el Plan de Convivencia.<\/p>\n<p style=\"text-align: justify\">Las personas delegadas de los padres y las madres del alumnado en cada grupo se elegir\u00e1n por mayor\u00eda simple mediante sufragio directo y secreto, de entre las madres y padres del alumnado de cada unidad escolar presentes en la reuni\u00f3n. Previamente a la elecci\u00f3n, las madres y los padres interesados podr\u00e1n dar a conocer y ofrecer su candidatura para esta elecci\u00f3n. En este proceso, la segunda y tercera personas con mayor n\u00famero de votos ser\u00e1n designadas como subdelegadas 1.\u00aa y 2.\u00aa, que sustituir\u00e1n a la persona delegada en caso de vacante, ausencia o enfermedad y podr\u00e1n colaborar con ella en el desarrollo de sus funciones. En los casos en que se produzca empate en las votaciones, la elecci\u00f3n se dirimir\u00e1 por sorteo. En este proceso de elecci\u00f3n se procurar\u00e1 contar con una representaci\u00f3n equilibrada de hombres y mujeres.<\/p>\n<p style=\"text-align: justify\">\u00a0\u00a0\u00a0\u00a0\u00a0\u00a0\u00a0\u00a0\u00a0\u00a0\u00a0 Funciones de los delegados y delegadas de padres y madres en cada grupo:<\/p>\n<ul>\n<li style=\"text-align: justify\">Representar a las madres y los padres del alumnado del grupo, recogiendo sus inquietudes, intereses y expectativas y dando traslado de los mismos al profesorado tutor.<\/li>\n<li style=\"text-align: justify\">Asesorar a las familias del alumnado del grupo en el ejercicio de sus derechos y obligaciones.<\/li>\n<li style=\"text-align: justify\">Implicar a las familias en la mejora de la convivencia y de la actividad docente en el grupo y en el centro e impulsar su participaci\u00f3n en las actividades que se organicen.<\/li>\n<li style=\"text-align: justify\">Fomentar y facilitar la comunicaci\u00f3n de las madres y los padres del alumnado con el tutor o tutora del grupo y con el resto del profesorado que imparte docencia al mismo.<\/li>\n<li style=\"text-align: justify\">Facilitar la relaci\u00f3n entre las familias del alumnado del grupo y el equipo directivo, la asociaci\u00f3n de padres y madres del alumnado y los representantes de este sector en el Consejo Escolar.<\/li>\n<li style=\"text-align: justify\">Colaborar en el desarrollo de las actividades programadas por el centro para informar a las familias del alumnado del grupo y para estimular su participaci\u00f3n en el proceso educativo de sus hijos e hijas.<\/li>\n<li style=\"text-align: justify\">Mediar en la resoluci\u00f3n pac\u00edfica de conflictos entre el propio alumnado del grupo o entre \u00e9ste y cualquier miembro de la comunidad educativa, de acuerdo con lo que, a tales efectos, disponga el plan de convivencia.<\/li>\n<li style=\"text-align: justify\">Colaborar en el establecimiento y seguimiento de los compromisos educativos y de convivencia que se suscriban con las familias del alumnado del grupo.<\/li>\n<\/ul>\n","protected":false},"excerpt":{"rendered":"<p>PROCEDIMIENTO DE ELECCI\u00d3N Y FUNCIONES DE LOS DELEGADOS Y\u00a0 DELEGADAS DE PADRES Y MADRES DEL ALUMNADO \u00a0\u00a0\u00a0\u00a0\u00a0\u00a0\u00a0\u00a0\u00a0\u00a0\u00a0 Se crear\u00e1 esta figura, por cada grupo de clase, de conformidad con lo dispuesto en el art\u00edculo&#46;&#46;&#46;<\/p>\n","protected":false},"author":2337,"featured_media":0,"parent":3265,"menu_order":9,"comment_status":"open","ping_status":"closed","template":"page-templates\/child-menu.php","meta":{"ngg_post_thumbnail":0,"footnotes":"","_mc_calendar":[]},"aioseo_notices":[],"_links":{"self":[{"href":"https:\/\/blogsaverroes.juntadeandalucia.es\/ceipjuancarrillo\/wp-json\/wp\/v2\/pages\/2789"}],"collection":[{"href":"https:\/\/blogsaverroes.juntadeandalucia.es\/ceipjuancarrillo\/wp-json\/wp\/v2\/pages"}],"about":[{"href":"https:\/\/blogsaverroes.juntadeandalucia.es\/ceipjuancarrillo\/wp-json\/wp\/v2\/types\/page"}],"author":[{"embeddable":true,"href":"https:\/\/blogsaverroes.juntadeandalucia.es\/ceipjuancarrillo\/wp-json\/wp\/v2\/users\/2337"}],"replies":[{"embeddable":true,"href":"https:\/\/blogsaverroes.juntadeandalucia.es\/ceipjuancarrillo\/wp-json\/wp\/v2\/comments?post=2789"}],"version-history":[{"count":1,"href":"https:\/\/blogsaverroes.juntadeandalucia.es\/ceipjuancarrillo\/wp-json\/wp\/v2\/pages\/2789\/revisions"}],"predecessor-version":[{"id":2790,"href":"https:\/\/blogsaverroes.juntadeandalucia.es\/ceipjuancarrillo\/wp-json\/wp\/v2\/pages\/2789\/revisions\/2790"}],"up":[{"embeddable":true,"href":"https:\/\/blogsaverroes.juntadeandalucia.es\/ceipjuancarrillo\/wp-json\/wp\/v2\/pages\/3265"}],"wp:attachment":[{"href":"https:\/\/blogsaverroes.juntadeandalucia.es\/ceipjuancarrillo\/wp-json\/wp\/v2\/media?parent=2789"}],"curies":[{"name":"wp","href":"https:\/\/api.w.org\/{rel}","templated":true}]}}